{"id":985,"date":"2018-10-08T16:13:26","date_gmt":"2018-10-08T14:13:26","guid":{"rendered":"http:\/\/websrv.saske.sk\/uef\/?page_id=985"},"modified":"2023-05-24T10:21:08","modified_gmt":"2023-05-24T08:21:08","slug":"popularizacia","status":"publish","type":"page","link":"https:\/\/websrv.saske.sk\/uef\/oddelenia-a-laboratoria\/oddelenie-fyziky-magnetickych-javov\/popularizacia\/","title":{"rendered":"Populariz\u00e1cia"},"content":{"rendered":"<div>\n<ul>\n<li><strong><a href=\"https:\/\/www.sdetmi.com\/podujatia\/detail\/6696\/kreativna-fabrika-steel-park\/\">Steel Park &#8211; Kreat\u00edvna fabrika\u00a0<\/a><\/strong><\/li>\n<li><strong><a href=\"http:\/\/vedeckybrloh.saske.sk\">Vedeck\u00fd brloh<\/a><\/strong><\/li>\n<li><a href=\"https:\/\/www.sav.sk\/index.php?lang=sk&amp;doc=services-news&amp;source_no=20&amp;news_no=6403\"><strong>Populariz\u00e1cia fyziky &#8211; \u0161peci\u00e1lne akcie<\/strong><\/a><\/li>\n<\/ul>\n<\/div>\n","protected":false},"excerpt":{"rendered":"<p>Steel Park &#8211; Kreat\u00edvna fabrika\u00a0 Vedeck\u00fd brloh Populariz\u00e1cia fyziky &#8211; \u0161peci\u00e1lne akcie<\/p>\n","protected":false},"author":4,"featured_media":0,"parent":562,"menu_order":70,"comment_status":"closed","ping_status":"closed","template":"","meta":{"footnotes":""},"_links":{"self":[{"href":"https:\/\/websrv.saske.sk\/uef\/wp-json\/wp\/v2\/pages\/985"}],"collection":[{"href":"https:\/\/websrv.saske.sk\/uef\/wp-json\/wp\/v2\/pages"}],"about":[{"href":"https:\/\/websrv.saske.sk\/uef\/wp-json\/wp\/v2\/types\/page"}],"author":[{"embeddable":true,"href":"https:\/\/websrv.saske.sk\/uef\/wp-json\/wp\/v2\/users\/4"}],"replies":[{"embeddable":true,"href":"https:\/\/websrv.saske.sk\/uef\/wp-json\/wp\/v2\/comments?post=985"}],"version-history":[{"count":10,"href":"https:\/\/websrv.saske.sk\/uef\/wp-json\/wp\/v2\/pages\/985\/revisions"}],"predecessor-version":[{"id":7440,"href":"https:\/\/websrv.saske.sk\/uef\/wp-json\/wp\/v2\/pages\/985\/revisions\/7440"}],"up":[{"embeddable":true,"href":"https:\/\/websrv.saske.sk\/uef\/wp-json\/wp\/v2\/pages\/562"}],"wp:attachment":[{"href":"https:\/\/websrv.saske.sk\/uef\/wp-json\/wp\/v2\/media?parent=985"}],"curies":[{"name":"wp","href":"https:\/\/api.w.org\/{rel}","templated":true}]}}