{"id":977,"date":"2018-10-08T16:12:07","date_gmt":"2018-10-08T14:12:07","guid":{"rendered":"http:\/\/websrv.saske.sk\/uef\/?page_id=977"},"modified":"2023-10-23T14:08:43","modified_gmt":"2023-10-23T12:08:43","slug":"projekty","status":"publish","type":"page","link":"https:\/\/websrv.saske.sk\/uef\/oddelenia-a-laboratoria\/oddelenie-fyziky-magnetickych-javov\/projekty\/","title":{"rendered":"Projekty"},"content":{"rendered":"<div class=\"post-content\">\n<hr \/>\n<\/div>\n<h4><span style=\"color: #3366ff\"><strong><em>Projekty Vedeckej grantovej agent\u00fary VEGA<\/em><\/strong><\/span><\/h4>\n<ul>\n<li>VEGA 2\/0011\/20\u00a0<em>\u0160trukt\u00fara a dynamika magnetick\u00fdch kvapal\u00edn v elektrickom poli<\/em><\/li>\n<\/ul>\n<p>Zodpovedn\u00fd rie\u0161ite\u013e: <strong>Michal Raj\u0148\u00e1k <\/strong>(2020-2023)<\/p>\n<ul>\n<li>VEGA 2\/0043\/21 <em>Procesy samousporiadania v m\u00e4kk\u00fdch hybridn\u00fdch zmesiach kvapaln\u00fdch kry\u0161t\u00e1lov a nano\u010dast\u00edc<\/em><\/li>\n<\/ul>\n<p>Zodpovedn\u00fd rie\u0161ite\u013e: <strong>N. Toma\u0161ovi\u010dov\u00e1 <\/strong>(2021-2024)<\/p>\n<ul>\n<li>VEGA &#8211; <em>Funk\u010dn\u00e9 magnetick\u00e9 materi\u00e1ly s perovskitovou \u0161trukt\u00farou na b\u00e1ze oxidov vz\u00e1cnych zem\u00edn a prechodn\u00fdch kovov<\/em><\/li>\n<\/ul>\n<p>Zodpovedn\u00fd rie\u0161ite\u013e: <strong>M. Mihalik <\/strong>(2022-2024)<\/p>\n<ul>\n<li>VEGA 2\/0049\/23 <em>Funkcionalizovan\u00e9 magnetick\u00e9 nano\u010dastice pre MRI zobrazovanie distrib\u00facie lie\u010diva v p\u013e\u00facach pri experiment\u00e1lnom syndr\u00f3me ak\u00fatnej respira\u010dnej tiesne (ARDS)<\/em><\/li>\n<\/ul>\n<p>Zodpovedn\u00fd rie\u0161ite\u013e: <strong>M. Konerack\u00e1 <\/strong>(2023-2026)<\/p>\n<hr \/>\n<h4><span style=\"color: #3366ff\"><strong><em>Projekty Agent\u00fary pre podporu v\u00fdskumu a v\u00fdvoja APVV<\/em><\/strong><\/span><\/h4>\n<ul>\n<li>APVV <strong>22-0115<\/strong> <em>Nano-funkcionaliz\u00e1cia kvapal\u00edn pre olejov\u00e9 transform\u00e1tory (NANOFLIT)<\/em><\/li>\n<\/ul>\n<p>Zodpovedn\u00fd rie\u0161ite\u013e:<strong>\u00a0M. Raj\u0148\u00e1k <\/strong>(2023 &#8211; 2027)<\/p>\n<ul>\n<li>APVV <strong>22-0060<\/strong> <em>Magneticky modifikovan\u00e9 text\u00edlie (MAMOTEX)<\/em><\/li>\n<\/ul>\n<p>Zodpovedn\u00fd rie\u0161ite\u013e:<strong> P. Kop\u010dansk\u00fd <\/strong>(2023 &#8211; 2027)<\/p>\n<ul>\n<li>APVV\u00a0 <strong>HERO<\/strong> &#8211; <em>Elektrokatalyz\u00e1tory<\/em> pre <em>efekt\u00edvnu produkciu vod\u00edka<\/em> pre <em>bud\u00face elektrolyz\u00e9ry<\/em> a <em>palivov\u00e9 \u010dl\u00e1nky<\/em><\/li>\n<\/ul>\n<p>Zodpovedn\u00fd rie\u0161ite\u013e: <strong>M. Ba\u0165kov\u00e1<\/strong> (2021 \u2013 2025)<\/p>\n<ul>\n<li>APVV DS-FR-22-0037 <em>Magnetick\u00e9 nano\u0161trukt\u00farne materi\u00e1ly schopn\u00e9 samozahrievania pre teranostick\u00e9 aplik\u00e1cie (SeNaTa)<\/em><\/li>\n<\/ul>\n<p>Zodpovedn\u00fd rie\u0161ite\u013e: <strong>M. Kubov\u010d\u00edkov\u00e1<\/strong> (2023-2025)<\/p>\n<hr \/>\n<p><span style=\"color: #3366ff\"><em><strong>In\u00e9<\/strong><\/em><\/span><\/p>\n<div>\n<ul>\n<li><span class=\"HwtZe\" lang=\"en\"><span class=\"jCAhz ChMk0b\"><span class=\"ryNqvb\">Mal\u00e1 projektov\u00e1 sch\u00e9ma SAV &#8211; <em><span class=\"HwtZe\" lang=\"sk\">V\u0161adepr\u00edtomn\u00fd magnetizmus<\/span><\/em><br \/>\n<\/span><\/span><\/span><\/li>\n<\/ul>\n<p>Zodpovedn\u00fd rie\u0161ite\u013e: Mat\u00fa\u0161 Mol\u010dan (2023)<\/p>\n<\/div>\n<p><!-- \/wp:separator --><\/p>\n","protected":false},"excerpt":{"rendered":"<p>Projekty Vedeckej grantovej agent\u00fary VEGA VEGA 2\/0011\/20\u00a0\u0160trukt\u00fara a dynamika magnetick\u00fdch kvapal\u00edn v elektrickom poli Zodpovedn\u00fd rie\u0161ite\u013e: Michal Raj\u0148\u00e1k (2020-2023) VEGA 2\/0043\/21 Procesy samousporiadania v m\u00e4kk\u00fdch&#8230;<\/p>\n","protected":false},"author":4,"featured_media":0,"parent":562,"menu_order":30,"comment_status":"closed","ping_status":"closed","template":"","meta":{"footnotes":""},"_links":{"self":[{"href":"https:\/\/websrv.saske.sk\/uef\/wp-json\/wp\/v2\/pages\/977"}],"collection":[{"href":"https:\/\/websrv.saske.sk\/uef\/wp-json\/wp\/v2\/pages"}],"about":[{"href":"https:\/\/websrv.saske.sk\/uef\/wp-json\/wp\/v2\/types\/page"}],"author":[{"embeddable":true,"href":"https:\/\/websrv.saske.sk\/uef\/wp-json\/wp\/v2\/users\/4"}],"replies":[{"embeddable":true,"href":"https:\/\/websrv.saske.sk\/uef\/wp-json\/wp\/v2\/comments?post=977"}],"version-history":[{"count":35,"href":"https:\/\/websrv.saske.sk\/uef\/wp-json\/wp\/v2\/pages\/977\/revisions"}],"predecessor-version":[{"id":7740,"href":"https:\/\/websrv.saske.sk\/uef\/wp-json\/wp\/v2\/pages\/977\/revisions\/7740"}],"up":[{"embeddable":true,"href":"https:\/\/websrv.saske.sk\/uef\/wp-json\/wp\/v2\/pages\/562"}],"wp:attachment":[{"href":"https:\/\/websrv.saske.sk\/uef\/wp-json\/wp\/v2\/media?parent=977"}],"curies":[{"name":"wp","href":"https:\/\/api.w.org\/{rel}","templated":true}]}}