{"id":85,"date":"2018-09-12T08:58:28","date_gmt":"2018-09-12T06:58:28","guid":{"rendered":"http:\/\/websrv.saske.sk\/uef\/?page_id=85"},"modified":"2025-02-12T11:41:36","modified_gmt":"2025-02-12T10:41:36","slug":"podujatia","status":"publish","type":"page","link":"https:\/\/websrv.saske.sk\/uef\/udalosti\/podujatia\/","title":{"rendered":"Konferencie"},"content":{"rendered":"<p style=\"text-align: center\">Konferencie organizovan\u00e9, resp. na organiz\u00e1cii ktor\u00fdch, sa podie\u013ea<\/p>\n<h4 style=\"text-align: center\"><u>\u00dastav experiment\u00e1lnej fyziky SAV, v. v. i., v Ko\u0161iciach<\/u><\/h4>\n<p>&nbsp;<\/p>\n<ul>\n<li><strong><a href=\"https:\/\/indico.science.upjs.sk\/event\/210\/\">18th Czech and Slovak Conference on Magnetism (CSMAG)<\/a>,<\/strong> July 7-11, 2025, High Tatras<\/li>\n<li><strong><a href=\"http:\/\/kf.elf.stuba.sk\/~28konferencia\/\">28. konferencia slovensk\u00fdch fyzikov<\/a>,<\/strong> September 1-4, 2025, Pre\u0161ov<\/li>\n<li><strong><a href=\"https:\/\/ssb2025.saske.sk\/\">13th International Conference Structure and Stability of Biomacromolecules<\/a>, <\/strong> September 9-12, 2025, Ko\u0161ice<\/li>\n<\/ul>\n<p>&nbsp;<\/p>\n<p>Star\u0161ie konferencie:<\/p>\n<ul>\n<li><a href=\"https:\/\/neon.dpp.fmph.uniba.sk\/kcsf21\/\"><strong>21. konferencia \u010desk\u00fdch a slovensk\u00fdch fyzikov,<\/strong><\/a> September 4-7, 2023, FMFI UK Bratislava<\/li>\n<li><a href=\"https:\/\/websrv.saske.sk\/EMP-UserMeeting2022\/\"><strong>EMP User Meeting<\/strong><\/a><strong>,<\/strong> September 18-22, 2022, High Tatras<\/li>\n<li><strong><a href=\"http:\/\/kf.elf.stuba.sk\/~26konferencia\/\">26. konferencia slovensk\u00fdch fyzikov<\/a>,<\/strong> September 5-8, 2022, Ko\u0161ice<\/li>\n<li><strong><a href=\"http:\/\/kf.elf.stuba.sk\/~25konferencia\/\">25. konferencia slovensk\u00fdch fyzikov<\/a>,<\/strong> September 6-9, 2021, F\u00da SAV Bratislava<\/li>\n<li><strong><a href=\"https:\/\/nanocohybri.inc.uam.es\/superconducting-hybrids-extreme-hybrid-online-in-person-meeting-slovakia-28th-june-to-02-july-2021-2\/\">Superconducting Hybrids @ Extreme<\/a>,<\/strong> June 27-July 2, 2021, High Tatras<\/li>\n<li><strong><a href=\"http:\/\/indico.cern.ch\/event\/20kcsf\">20th Conference of Czech and Slovak Physicists<\/a>,<\/strong> September 7-10, 2020, Prague<\/li>\n<li><strong><a href=\"http:\/\/cryocourse2019.saske.sk\/\"> Cryocourse of EMP<\/a>, <\/strong> September 8-19, 2019, Zempl\u00ednska \u0161\u00edrava and Ko\u0161ice<\/li>\n<li><strong><a href=\"https:\/\/www.ssb2019.saske.sk\/\"> 11th International Conference Structure and Stability of Biomacromolecules<\/a>, <\/strong> September 3-9, 2019, Ko\u0161ice<\/li>\n<li><strong><a href=\"http:\/\/kf.elf.stuba.sk\/~24konferencia\/\"> 24. konferencia slovensk\u00fdch fyzikov<\/a>,<\/strong> September 2-5, 2019, \u017dilina<\/li>\n<li><b><a href=\"http:\/\/www.pasreg2019.org\/\">11th International Workshop on Processing and Applications of Superconducting Bulk Materials<\/a>,<\/b> August 29-30, 2019, Prague<\/li>\n<li><strong><a href=\"https:\/\/csmag.saske.sk\/\"> 17th Czech and Slovak Conference on Magnetism (CSMAG)<\/a>,<\/strong> June 3-7, 2019, Ko\u0161ice<\/li>\n<li><strong><a href=\"http:\/\/konferencie.net\/metalo\/\"> 17th International Symposium on Metallography, Fractography and Materials Science<\/a>, <\/strong> April 24-26, 2019, Nov\u00fd Smokovec<\/li>\n<li><span style=\"color: #000000\"><span style=\"color: #0000ff\"><a style=\"color: #0000ff\" href=\"http:\/\/ssb17.saske.sk\/index.html\"><strong>Structure and Stability of Biomacromolecules, <\/strong><\/a><\/span>Ko\u0161ice, September 2017<\/span><\/li>\n<li><span style=\"color: #000000\"><span class=\"moz-txt-link-freetext\"><strong><span style=\"color: #0000ff\"><a style=\"color: #0000ff\" href=\"http:\/\/ngp-net17.saske.sk\/index.html\">3rd NGP-NET SYMPOSIUM ON NON-GLOBULAR PROTEINS &#8211; COST Action BM 1405<\/a>,<\/span>\u00a0<\/strong> Ko\u0161ice, August 2017\u00a0 <\/span><span class=\"moz-txt-link-freetext\">\u00a0 <\/span><\/span><\/li>\n<li><span style=\"color: #000000\"><span style=\"color: #0000ff\"><strong><a style=\"color: #0000ff\" href=\"http:\/\/csmag.saske.sk\/\">16th Czech and Slovak Conference on Magnetism<\/a>,<\/strong><\/span> June 13-17, 2016, Ko\u0161ice<\/span><\/li>\n<li><span style=\"color: #000000\"><span style=\"color: #0000ff\"><strong><a style=\"color: #0000ff\" href=\"http:\/\/csmag.saske.sk\">15th Czech and Slovak Conference on Magnetism<\/a>,<\/strong><\/span> 17. &#8211; 21. June 2013, Ko\u0161ice<\/span><\/li>\n<li><span style=\"color: #000000\"><span style=\"color: #0000ff\"><strong><a style=\"color: #0000ff\" href=\"http:\/\/uef.saske.sk\/public\/files\/Konferencie\/Konferencia_MTE_2013.pdf\">Materi\u00e1ly a Technol\u00f3gie pre Energetiku<\/a>,<\/strong><\/span> 25. marca 2013, Ko\u0161ice<\/span><\/li>\n<li><span style=\"color: #000000\"><span style=\"color: #0000ff\"><strong><a style=\"color: #0000ff\" href=\"http:\/\/people.tuke.sk\/jan.busa\/mmcp2011\/\">Mathematical Modeling and Computational Physics 2011<\/a>,<\/strong><\/span> Star\u00e1 Lesn\u00e1, 4. &#8211; 8. j\u00fala 2011<\/span><\/li>\n<li><span style=\"color: #000000\"><span style=\"color: #0000ff\"><strong><a style=\"color: #0000ff\" href=\"http:\/\/sfs.sav.sk\/17KSCF\/uvod\">17. konferencia slovensk\u00fdch a \u010desk\u00fdch fyzikov<\/a>,<\/strong> <\/span>\u017dilina, 5. &#8211; 8. septembra 2011<\/span><\/li>\n<li><span style=\"color: #000000\"><span style=\"color: #0000ff\"><strong><a style=\"color: #0000ff\" href=\"http:\/\/www.saske.sk\/UEF\/biophys\/conference\/\">\u0160trukt\u00fara a stabilita biomakromolek\u00fal SSB 2011<\/a>,<\/strong><\/span> Ko\u0161ice, 6. &#8211; 9. septembra 2011<\/span><\/li>\n<li><span style=\"color: #000000\"><span style=\"color: #0000ff\"><strong><a style=\"color: #0000ff\" href=\"http:\/\/fyzika.unipo.sk\/jda\/\">41\u00e8mes Journ\u00e9es des Actinides<\/a>,<\/strong><\/span> Star\u00e1 Lesn\u00e1, 9. &#8211; 12. apr\u00edla 2011<\/span><\/li>\n<li><span style=\"color: #000000\"><span style=\"color: #0000ff\"><strong><a style=\"color: #0000ff\" href=\"http:\/\/fyzika.unipo.sk\/jda\/\">8th School on the Physics and Chemistry of the Actinides<\/a>,<\/strong><\/span> Star\u00e1 Lesn\u00e1, 7. &#8211; 9. apr\u00edla 2011<\/span><\/li>\n<li><span style=\"color: #000000\"><span style=\"color: #0000ff\"><strong><a style=\"color: #0000ff\" href=\"http:\/\/www.saske.sk\/UEF\/OFNT\/Microkelvin2011\">Microkelvin 2011<\/a>,<\/strong> <\/span>Smolenice, 14. &#8211; 18. marca 2011<\/span><\/li>\n<li><span style=\"color: #000000\"><span style=\"color: #0000ff\"><strong><a style=\"color: #0000ff\" href=\"http:\/\/www.saske.sk\/Uef\/Conferences\/stm10\">12th SMALL TRIANGLE MEETING<\/a> on theoretical physics,<\/strong><\/span> Stak\u010d\u00edn, 19. &#8211; 22. septembra 2010<\/span><\/li>\n<li><span style=\"color: #000000\"><span style=\"color: #0000ff\"><strong><a style=\"color: #0000ff\" href=\"http:\/\/www.saske.sk\/CRYO2010\">KRYOKONFERENCIA 2010<\/a>,<\/strong> <\/span>M\u00fdto pod \u010eumbierom, 9. &#8211; 15. septembra 2010<\/span><\/li>\n<li><span style=\"color: #000000\"><span style=\"color: #0000ff\"><strong>14. \u010desk\u00e1 a slovensk\u00e1 konferencia o magnetizme <a style=\"color: #0000ff\" href=\"http:\/\/csmag.saske.sk\/\">CSMAG&#8217;10<\/a>,<\/strong><\/span> Ko\u0161ice, 6. &#8211; 9. j\u00fala 2010<\/span><\/li>\n<\/ul>\n","protected":false},"excerpt":{"rendered":"<p>Konferencie organizovan\u00e9, resp. na organiz\u00e1cii ktor\u00fdch, sa podie\u013ea \u00dastav experiment\u00e1lnej fyziky SAV, v. v. i., v Ko\u0161iciach &nbsp; 18th Czech and Slovak Conference on Magnetism&#8230;<\/p>\n","protected":false},"author":1,"featured_media":0,"parent":15,"menu_order":10,"comment_status":"closed","ping_status":"closed","template":"","meta":{"footnotes":""},"_links":{"self":[{"href":"https:\/\/websrv.saske.sk\/uef\/wp-json\/wp\/v2\/pages\/85"}],"collection":[{"href":"https:\/\/websrv.saske.sk\/uef\/wp-json\/wp\/v2\/pages"}],"about":[{"href":"https:\/\/websrv.saske.sk\/uef\/wp-json\/wp\/v2\/types\/page"}],"author":[{"embeddable":true,"href":"https:\/\/websrv.saske.sk\/uef\/wp-json\/wp\/v2\/users\/1"}],"replies":[{"embeddable":true,"href":"https:\/\/websrv.saske.sk\/uef\/wp-json\/wp\/v2\/comments?post=85"}],"version-history":[{"count":33,"href":"https:\/\/websrv.saske.sk\/uef\/wp-json\/wp\/v2\/pages\/85\/revisions"}],"predecessor-version":[{"id":8829,"href":"https:\/\/websrv.saske.sk\/uef\/wp-json\/wp\/v2\/pages\/85\/revisions\/8829"}],"up":[{"embeddable":true,"href":"https:\/\/websrv.saske.sk\/uef\/wp-json\/wp\/v2\/pages\/15"}],"wp:attachment":[{"href":"https:\/\/websrv.saske.sk\/uef\/wp-json\/wp\/v2\/media?parent=85"}],"curies":[{"name":"wp","href":"https:\/\/api.w.org\/{rel}","templated":true}]}}