{"id":8272,"date":"2024-04-30T10:54:32","date_gmt":"2024-04-30T08:54:32","guid":{"rendered":"https:\/\/websrv.saske.sk\/uef\/?page_id=8272"},"modified":"2026-02-02T13:18:35","modified_gmt":"2026-02-02T12:18:35","slug":"socialne-siete","status":"publish","type":"page","link":"https:\/\/websrv.saske.sk\/uef\/linky\/socialne-siete\/","title":{"rendered":"Soci\u00e1lne siete"},"content":{"rendered":"<h3 class=\"html-h1 xe8uvvx xdj266r x11i5rnm xat24cr x1mh8g0r xexx8yu x4uap5 x18d9i69 xkhd6sd x1vvkbs x1heor9g x1qlqyl8 x1pd3egz x1a2a7pz\">\u00dastav experiment\u00e1lnej fyziky SAV<\/h3>\n<h3 class=\"html-h1 xe8uvvx xdj266r x11i5rnm xat24cr x1mh8g0r xexx8yu x4uap5 x18d9i69 xkhd6sd x1vvkbs x1heor9g x1qlqyl8 x1pd3egz x1a2a7pz\"><a href=\"https:\/\/www.facebook.com\/profile.php?id=61587519532543\"><img loading=\"lazy\" decoding=\"async\" class=\"alignnone\" src=\"http:\/\/websrv.saske.sk\/uef\/wp-content\/uploads\/2024\/04\/facebook.png\" width=\"38\" height=\"38\" \/><\/a><\/h3>\n<h3>YouTube kan\u00e1l SAV<\/h3>\n<h3><a href=\"https:\/\/www.youtube.com\/@Slovenskaakademiavied\"><img loading=\"lazy\" decoding=\"async\" class=\"\" src=\"http:\/\/websrv.saske.sk\/uef\/wp-content\/uploads\/2024\/04\/youtube.png\" width=\"46\" height=\"27\" \/><\/a><\/h3>\n","protected":false},"excerpt":{"rendered":"<p>\u00dastav experiment\u00e1lnej fyziky SAV YouTube kan\u00e1l SAV<\/p>\n","protected":false},"author":1,"featured_media":0,"parent":17,"menu_order":0,"comment_status":"closed","ping_status":"closed","template":"","meta":{"footnotes":""},"_links":{"self":[{"href":"https:\/\/websrv.saske.sk\/uef\/wp-json\/wp\/v2\/pages\/8272"}],"collection":[{"href":"https:\/\/websrv.saske.sk\/uef\/wp-json\/wp\/v2\/pages"}],"about":[{"href":"https:\/\/websrv.saske.sk\/uef\/wp-json\/wp\/v2\/types\/page"}],"author":[{"embeddable":true,"href":"https:\/\/websrv.saske.sk\/uef\/wp-json\/wp\/v2\/users\/1"}],"replies":[{"embeddable":true,"href":"https:\/\/websrv.saske.sk\/uef\/wp-json\/wp\/v2\/comments?post=8272"}],"version-history":[{"count":11,"href":"https:\/\/websrv.saske.sk\/uef\/wp-json\/wp\/v2\/pages\/8272\/revisions"}],"predecessor-version":[{"id":9758,"href":"https:\/\/websrv.saske.sk\/uef\/wp-json\/wp\/v2\/pages\/8272\/revisions\/9758"}],"up":[{"embeddable":true,"href":"https:\/\/websrv.saske.sk\/uef\/wp-json\/wp\/v2\/pages\/17"}],"wp:attachment":[{"href":"https:\/\/websrv.saske.sk\/uef\/wp-json\/wp\/v2\/media?parent=8272"}],"curies":[{"name":"wp","href":"https:\/\/api.w.org\/{rel}","templated":true}]}}