{"id":81,"date":"2018-09-12T08:57:43","date_gmt":"2018-09-12T06:57:43","guid":{"rendered":"http:\/\/websrv.saske.sk\/uef\/?page_id=81"},"modified":"2018-09-26T16:29:14","modified_gmt":"2018-09-26T14:29:14","slug":"databazy","status":"publish","type":"page","link":"https:\/\/websrv.saske.sk\/uef\/linky\/databazy\/","title":{"rendered":"Datab\u00e1zy"},"content":{"rendered":"<ul>\n<li><a href=\"http:\/\/www.vedatechnika.sk\/\">Centr\u00e1lny informa\u010dn\u00fd port\u00e1l<\/a> pre v\u00fdskum, v\u00fdvoj a inov\u00e1cie Ministerstva \u0161kolstva SR<\/li>\n<li><a href=\"http:\/\/www.uk.sav.sk\/\" target=\"_blank\" rel=\"noopener\">\u00dastredn\u00e1 kni\u017enica SAV<\/a><\/li>\n<li><a href=\"https:\/\/apps.webofknowledge.com\/WOS_GeneralSearch_input.do?product=WOS&amp;search_mode=GeneralSearch&amp;SID=Q1IbJhqmMT3VATp3Ebk&amp;preferencesSaved=\" target=\"_blank\" rel=\"noopener\">Web of Knowledge<\/a><\/li>\n<li><a href=\"http:\/\/www.sciencedirect.com\/\">Science Direct<\/a><\/li>\n<li><a href=\"http:\/\/www.scopus.com\/\" target=\"_blank\" rel=\"noopener\">Scopus<\/a><\/li>\n<li><a href=\"http:\/\/www.springerlink.com\/\" target=\"_blank\" rel=\"noopener\">Springer link<\/a><\/li>\n<\/ul>\n<p>&nbsp;<\/p>\n","protected":false},"excerpt":{"rendered":"<p>Centr\u00e1lny informa\u010dn\u00fd port\u00e1l pre v\u00fdskum, v\u00fdvoj a inov\u00e1cie Ministerstva \u0161kolstva SR \u00dastredn\u00e1 kni\u017enica SAV Web of Knowledge Science Direct Scopus Springer link &nbsp;<\/p>\n","protected":false},"author":1,"featured_media":0,"parent":17,"menu_order":20,"comment_status":"closed","ping_status":"closed","template":"","meta":{"footnotes":""},"_links":{"self":[{"href":"https:\/\/websrv.saske.sk\/uef\/wp-json\/wp\/v2\/pages\/81"}],"collection":[{"href":"https:\/\/websrv.saske.sk\/uef\/wp-json\/wp\/v2\/pages"}],"about":[{"href":"https:\/\/websrv.saske.sk\/uef\/wp-json\/wp\/v2\/types\/page"}],"author":[{"embeddable":true,"href":"https:\/\/websrv.saske.sk\/uef\/wp-json\/wp\/v2\/users\/1"}],"replies":[{"embeddable":true,"href":"https:\/\/websrv.saske.sk\/uef\/wp-json\/wp\/v2\/comments?post=81"}],"version-history":[{"count":3,"href":"https:\/\/websrv.saske.sk\/uef\/wp-json\/wp\/v2\/pages\/81\/revisions"}],"predecessor-version":[{"id":452,"href":"https:\/\/websrv.saske.sk\/uef\/wp-json\/wp\/v2\/pages\/81\/revisions\/452"}],"up":[{"embeddable":true,"href":"https:\/\/websrv.saske.sk\/uef\/wp-json\/wp\/v2\/pages\/17"}],"wp:attachment":[{"href":"https:\/\/websrv.saske.sk\/uef\/wp-json\/wp\/v2\/media?parent=81"}],"curies":[{"name":"wp","href":"https:\/\/api.w.org\/{rel}","templated":true}]}}