{"id":785,"date":"2018-10-03T15:16:10","date_gmt":"2018-10-03T13:16:10","guid":{"rendered":"http:\/\/websrv.saske.sk\/uef\/?page_id=785"},"modified":"2024-01-05T12:31:47","modified_gmt":"2024-01-05T11:31:47","slug":"projekty","status":"publish","type":"page","link":"https:\/\/websrv.saske.sk\/uef\/oddelenia-a-laboratoria\/laboratorium-materialovej-fyziky\/projekty\/","title":{"rendered":"Projekty"},"content":{"rendered":"<div><span style=\"color: #000000\">PREBIEHAJ\u00daCE PROJEKTY<\/span><\/div>\n<ul>\n<li><span style=\"text-decoration: underline\"><strong>APVV-21-0387 &#8211; REBCO mas\u00edvne supravodi\u010de na b\u00e1ze Y, Gd, Sm a Eu pre praktick\u00e9 aplik\u00e1cie<\/strong><\/span><\/li>\n<\/ul>\n<p>Zodpovedn\u00fd rie\u0161ite\u013e: P. Diko<br \/>\n<span style=\"color: #000000\">Obdobie realiz\u00e1cie: 2022 &#8211; 2026<\/span><\/p>\n<div>\n<ul>\n<li><span style=\"color: #000000\"><span style=\"text-decoration: underline\"><strong>VEGA 2\/0094\/22 &#8211; \u0160trukt\u00fara, supravodiv\u00e9 a mechanick\u00e9 vlastnosti mas\u00edvnych REBCO supravodi\u010dov<\/strong><\/span><\/span><\/li>\n<\/ul>\n<div><span style=\"color: #000000\">Zodpovedn\u00fd rie\u0161ite\u013e: P. Diko<\/span><\/div>\n<div><span style=\"color: #000000\">Obdobie realiz\u00e1cie: 2022 &#8211; 2025<\/span><\/div>\n<\/div>\n<div>\n<ul>\n<li><span style=\"text-decoration: underline;color: #000000\"><strong>Dohoda o spolupr\u00e1ci pri v\u00fdskume REBCO mas\u00edvnych supravodi\u010dov medzi \u00daEF \u2013 CAN Superconductors<\/strong><\/span><\/li>\n<\/ul>\n<div><span style=\"color: #000000\">Zodpovedn\u00fd rie\u0161ite\u013e etapy v OMF: P. Diko\u00a0<\/span><\/div>\n<div>Zodpovedn\u00fd rie\u0161ite\u013e etapy v CAN: J. Plech\u00e1\u010dek<\/div>\n<div><span style=\"color: #000000\">Obdobie realiz\u00e1cie: 2018 &#8211;\u00a0<\/span><\/div>\n<ul>\n<li><span style=\"text-decoration: underline;color: #000000\"><strong>Memorandum o spolupr\u00e1ci medzi \u00daEF a Shibaura Institute of Technology, Tokyo<\/strong><\/span><\/li>\n<\/ul>\n<p><span style=\"color: #000000\">(podp\u00edsali v\u00a0roku 2014: riadite\u013e \u00daEF SAV \u2013 rektor SIT)<\/span><\/p>\n<div><span style=\"color: #000000\">Zodpovedn\u00fd rie\u0161ite\u013e: P. Diko\u00a0<\/span><\/div>\n<div><span style=\"color: #000000\">Obdobie realiz\u00e1cie: 2014 &#8211;\u00a0<\/span><\/div>\n<div><span style=\"color: #000000\">Ciele projektu: V\u00fdmenn\u00e9 pobyty \u0161tudentov a doktorandov a experiment\u00e1lny v\u00fdskum progres\u00edvnych supravodiv\u00fdch a magnetokalorick\u00fdch materi\u00e1lov.<\/span><\/div>\n<div><\/div>\n<\/div>\n<div><\/div>\n<div>\n<p><span style=\"color: #808080\">UKON\u010cEN\u00c9 PROJEKTY<\/span><\/p>\n<ul>\n<li><span style=\"color: #808080\"><span style=\"text-decoration: underline\"><strong>APVV-17-0625 &#8211; V\u00fdvoj REBCO supravodi\u010dov pre biomedic\u00ednske aplik\u00e1cie<\/strong><\/span><\/span><\/li>\n<\/ul>\n<div><span style=\"color: #808080\">Zodpovedn\u00fd rie\u0161ite\u013e: P. Diko<\/span><\/div>\n<div><span style=\"color: #808080\">Obdobie realiz\u00e1cie: 2018 &#8211; 2022<\/span><\/div>\n<\/div>\n<ul>\n<li><span style=\"text-decoration: underline;color: #808080\"><strong>VEGA 2\/0044\/<span style=\"color: #808080;text-decoration: underline\">19 &#8211;\u00a0Legovan\u00e9 REBCO mas\u00edvne supravodi\u010de<\/span><\/strong><\/span><\/li>\n<\/ul>\n<div><span style=\"color: #808080\">Zodpovedn\u00fd rie\u0161ite\u013e: P. Diko<\/span><\/div>\n<div><span style=\"color: #808080\">Obdobie realiz\u00e1cie: 2019 &#8211; 2021<br \/>\nOcenen\u00e9 ako V\u00fdznamn\u00fd v\u00fdsledok VEGA za rok 2021<\/span><\/div>\n<ul>\n<li><span style=\"color: #808080\"><span style=\"text-decoration: underline\"><strong>VEGA 1\/0053\/19 &#8211;\u00a0Vplyv chemick\u00e9ho zlo\u017eenia na v\u00fdzna\u010dn\u00e9 fyzik\u00e1lne vlastnosti modern\u00fdch funk\u010dn\u00fdch materi\u00e1lov<\/strong><\/span><\/span><\/li>\n<\/ul>\n<div><span style=\"color: #808080\">Zodpovedn\u00fd rie\u0161ite\u013e: R. Varga, PF UPJ\u0160, J. Kov\u00e1\u010d, \u00daEF<\/span><\/div>\n<div><span style=\"color: #808080\">Zodpovedn\u00fd rie\u0161ite\u013e etapy v OMF: P. Diko\u00a0<\/span><\/div>\n<div><span style=\"color: #808080\">Obdobie realiz\u00e1cie: 2019 &#8211; 2021<\/span><\/div>\n<div>\n<ul>\n<li><span style=\"color: #808080\"><span style=\"text-decoration: underline\"><strong>APVV, SK-CN-2017-0009 &#8211;\u00a0RE211 nanosize pining centers in REBCO bulks formed by modified precursor powder proces<\/strong><\/span><\/span><\/li>\n<\/ul>\n<div><span style=\"color: #808080\">Zodpovedn\u00fd rie\u0161ite\u013e: P. Diko\u00a0\u00daEF,\u00a0Prof. Yao, Shanghai Jiao Tong University<\/span><\/div>\n<div><span style=\"color: #808080\">Obdobie realiz\u00e1cie: 2018 &#8211; 2019<\/span><\/div>\n<\/div>\n<div>\n<ul>\n<li><span style=\"color: #808080\"><strong><u>APVV 0330-12 &#8211; Mas\u00edvne supravodi\u010de <\/u><\/strong><\/span><\/li>\n<\/ul>\n<div><span style=\"color: #808080\">Zodpovedn\u00fd rie\u0161ite\u013e: P. Diko<\/span><\/div>\n<div><span style=\"color: #808080\">Obdobie realiz\u00e1cie: 2013 &#8211; 2017<\/span><\/div>\n<div><span style=\"color: #808080\">Ciele projektu:\u00a0Poznatky o\u00a0raste mas\u00edvnych REBCO kry\u0161t\u00e1lov a\u00a0vplyve mikro\u0161trukt\u00fary na mikroskopick\u00e9 a\u00a0makroskopick\u00e9 supravodiv\u00e9 vlastnosti. <\/span><\/div>\n<ul>\n<li><span style=\"color: #808080\"><strong><u>VEGA 2\/0121\/16 &#8211; Supravodiv\u00e1 a magnetokalorick\u00e1 keramika <\/u><\/strong><\/span><\/li>\n<\/ul>\n<div><span style=\"color: #808080\">Zodpovedn\u00fd rie\u0161ite\u013e: P. Diko<\/span><\/div>\n<div><span style=\"color: #808080\">Obdobie realiz\u00e1cie: 2016 &#8211; 2018<\/span><\/div>\n<div><span style=\"color: #808080\">Ciele projektu:\u00a0Poznatky o\u00a0vplyve technologick\u00fdch parametrov na \u0161trukt\u00faru, supravodiv\u00e9 a\u00a0magnetokalorick\u00e9 vlastnosti syst\u00e9mov na b\u00e1ze kupr\u00e1tov, pniktidov resp. manganitov.<\/span><\/div>\n<ul>\n<li><span style=\"color: #808080\"><strong><u>VEGA 1\/0164\/16 &#8211; R\u00fdchlochladen\u00e9 amorfn\u00e9 a Heuslerove zilatiny s v\u00fdzna\u010dn\u00fdmi vlastnos\u0165ami. Pr\u00edprava a charakteriz\u00e1cia <\/u><\/strong><\/span><\/li>\n<\/ul>\n<div><span style=\"color: #808080\">Zodpovedn\u00fd rie\u0161ite\u013e: R. Varga, PF UPJ\u0160<\/span><\/div>\n<div><span style=\"color: #808080\">Zodpovedn\u00fd rie\u0161ite\u013e etapy v OMF: P. Diko<\/span><\/div>\n<div><span style=\"color: #808080\">Obdobie realiz\u00e1cie: 2016 &#8211; 2018<\/span><\/div>\n<div><span style=\"color: #808080\">Ciele etapy\u00a0projektu v OMF: Poznatky o\u00a0vplyve technologick\u00fdch parametrov na \u0161trukt\u00faru a\u00a0mikro\u0161trukt\u00faru r\u00fdchlochladen\u00fdch Heuslerov\u00fdch zliatin v\u00a0podobe p\u00e1sok resp. mikrodr\u00f4tov z\u00edskan\u00e9 met\u00f3dami RTG difrakcie, SEM a\u00a0EBSD anal\u00fdzy.<\/span><\/div>\n<div>\n<ul>\n<li><span style=\"color: #808080\"><strong><u>MS2G\u00a0 &#8211; V\u00fdskum a v\u00fdvoj mas\u00edvnych YBCO supravodi\u010dov druhej gener\u00e1cie, ITMS 26220220041 <\/u><\/strong><\/span><\/li>\n<\/ul>\n<div><span style=\"color: #808080\">N\u00e1zov projektu: V\u00fdskum a v\u00fdvoj mas\u00edvnych YBCO supravodi\u010dov druhej gener\u00e1cie,<\/span><\/div>\n<div><span style=\"color: #808080\">Koordin\u00e1tor projektu: P. Diko<\/span><\/div>\n<div><span style=\"color: #808080\">Projektov\u00fd mana\u017e\u00e9r<span lang=\"EN-US\">: <\/span>K. Zmorayov\u00e1<\/span><\/div>\n<div><span style=\"color: #808080\">Obdobie realiz\u00e1cie: 2009 &#8211; 2014\/2019<\/span><\/div>\n<div><span style=\"color: #808080\">Ciele projektu: V\u00fdskum a v\u00fdvoj technol\u00f3gie skupinovej v\u00fdroby mas\u00edvnych YBCO supravodi\u010dov druhej gener\u00e1cie\u00a0<\/span><\/div>\n<div><span style=\"color: #808080\">Projekt \u0161truktur\u00e1lnych fondov E\u00da<\/span><\/div>\n<ul>\n<li><span style=\"color: #808080\"><strong><u>NMTE\u00a0 &#8211; Nov\u00e9 materi\u00e1ly a technol\u00f3gie pre energetiku, ITMS 26220220061 <\/u><\/strong><\/span><\/li>\n<\/ul>\n<div><span style=\"color: #808080\">N\u00e1zov projektu: Nov\u00e9 materi\u00e1ly a technol\u00f3gie pre energetiku<\/span><\/div>\n<div><span style=\"color: #808080\">Koordin\u00e1tor projektu: P. Diko<\/span><\/div>\n<div><span style=\"color: #808080\">Koordin\u00e1tori et\u00e1p projektu:\u00a0M. Antal\u00edk OBF, I. \u0160korv\u00e1nk LNAM, F. Kov\u00e1\u010d \u00daMV, P. Kop\u010dansk\u00fd OTF a M. Timko OFMJ<\/span><\/div>\n<div><span style=\"color: #808080\">Projektov\u00fd mana\u017e\u00e9r<span lang=\"EN-US\">: <\/span>K. Zmorayov\u00e1<\/span><\/div>\n<div><span style=\"color: #808080\">Obdobie realiz\u00e1cie: 2010 &#8211; 2013\/2019<\/span><\/div>\n<div><span style=\"color: #808080\">Ciele projektu: V\u00fdskum a v\u00fdvoj vybran\u00fdch progres\u00edvnych materi\u00e1lov, technol\u00f3gi\u00ed a zariaden\u00ed pre z\u00edskavanie a vyu\u017e\u00edvanie energie z alternat\u00edvnych zdrojov<\/span><\/div>\n<div><span style=\"color: #808080\">Projekt \u0161truktur\u00e1lnych fondov E\u00da<\/span><\/div>\n<\/div>\n<\/div>\n<ul>\n<li><span style=\"color: #808080\"><strong><u>Pr. No. 035619-2. NESPA., 6-th Framework Program Marie Currie Training Network<\/u><\/strong><\/span><\/li>\n<\/ul>\n<div><span style=\"color: #808080\">N\u00e1zov projektu: NanoEngineered Superconductors for Power Aplications,<\/span><\/div>\n<div><span style=\"color: #808080\">Zodpovedn\u00fd rie\u0161ite\u013e: P. Diko<\/span><\/div>\n<div><span style=\"color: #808080\">Obdobie realiz\u00e1cie: 10\/2006 &#8211; 9\/2010<\/span><\/div>\n<div><span style=\"color: #808080\">Ciele projektu: V\u00fdchova a tr\u00e9ning mlad\u00fdch vedeck\u00fdch pracovn\u00edkov, v\u00fdmena poznatkov a metod\u00edk sk\u00fasen\u00fdch vedeck\u00fdch pracovn\u00edkov. Poznatky o dizajne nano\u0161trukt\u00farnych supravodi\u010dov pre praktick\u00e9 aplik\u00e1cie z h\u013eadiska optimaliz\u00e1cie technol\u00f3gie, supravodiv\u00fdch a mechanick\u00fdch vlastnost\u00ed, resp. ich konkr\u00e9tnych aplik\u00e1ci\u00ed.<\/span><\/div>\n<div><span style=\"color: #808080\">Etapa rie\u0161en\u00e1 na \u00daEF SAV zameran\u00e1 na tvorbu a vlastnosti nanorozmerov\u00fdch centier uchyt\u00e1vania magnetick\u00fdch toko\u010diar vybran\u00fdmi substit\u00faciami v kry\u0161t\u00e1lovej mrie\u017eke YBCO supravodi\u010da resp. na mechanick\u00e9 vlastnosti nano\u0161trukt\u00farovan\u00fdch mas\u00edvnych YBCO supravodi\u010dov. V r\u00e1mci projektu \u0161kolen\u00fd jeden doktorand financovan\u00fd z E\u00da (Mgr. Vitaliy Antal, t\u00e9ma: Nanorozmerov\u00e9 chemick\u00e9 piningov\u00e9 centr\u00e1 v YBCO mas\u00edvnych supravodi\u010doch).<\/span><\/div>\n<div><span style=\"color: #808080\">Rozpo\u010det projektu: 4 800 000 Sk.<\/span><\/div>\n<div><span style=\"color: #808080\">Partneri projektu: IFW Dresden, Cambridge University, ATI Vienna, ICMAB Barcelona, El\u00da, SAV Bratislava, NEXANS Superconductors Gmbh, Research Centre Carlsruhe, INTiS PAN Wroclaw, Siemens AG, Columbus Superconductors srl., Stirling Cryogenics &amp; Refrigeration BV.<\/span><\/div>\n<div>\n<ul>\n<li><span style=\"color: #808080\"><u><strong>Slovak and France Gov., Pr. No. Stefanik 23<\/strong><\/u><\/span><\/li>\n<\/ul>\n<div><span style=\"color: #808080\">N\u00e1zov projektu: Cracking during oxygenation of YBCO bulk<\/span><\/div>\n<div><span style=\"color: #808080\">Zodpovedn\u00fd rie\u0161ite\u013e: P. Diko, \u00daEF SAV, X. Chaud, Grenoble<\/span><\/div>\n<div><span style=\"color: #808080\">Obdobie realiz\u00e1cie: 1\/2006-12\/2007<\/span><\/div>\n<div><span style=\"color: #808080\">Ciele projektu: Z\u00edska\u0165 poznatky o mo\u017enosti elimin\u00e1cie oxida\u010dn\u00fdch trhl\u00edn v YBCO mas\u00edvnych supravodi\u010doch.<\/span><\/div>\n<div><span style=\"color: #808080\">Rozpo\u010det projektu: 160 000 Sk.<\/span><\/div>\n<div><span style=\"color: #808080\">Partneri projektu: CNRS CRETA Grenoble, Franc\u00fazko<\/span><\/div>\n<ul>\n<li><span style=\"color: #808080\"><u><strong>Slovak and Spanish Gov. Pr. No. 05\/2006 <\/strong><\/u><\/span><\/li>\n<\/ul>\n<div><span style=\"color: #808080\">N\u00e1zov projektu: Welding of YBCO bulk superconductors<\/span><\/div>\n<div><span style=\"color: #808080\">Zodpovedn\u00fd rie\u0161ite\u013e: P. Diko, \u00daEF SAV,\u00a0X. Granados, ICMAB Barcelona<\/span><\/div>\n<div><span style=\"color: #808080\">Obdobie realiz\u00e1cie: 1\/2006 &#8211; 12\/2007<\/span><\/div>\n<div><span style=\"color: #808080\">Ciele projektu: Z\u00edska\u0165 poznatky o vplyve kry\u0161t\u00e1lovej orient\u00e1cie zvaru na kvalitu zvaru YBCO mas\u00edvnych supravodi\u010dov.<\/span><\/div>\n<div><span style=\"color: #808080\">Rozpo\u010det projektu: 200 000 Sk.<\/span><\/div>\n<div><span style=\"color: #808080\">Partneri projektu: ICMAB Barcelona<\/span><\/div>\n<\/div>\n<ul>\n<li><span style=\"color: #808080\"><u><strong>SCENET-1 a SCENET -2, Funded by the European Commission within the framework of the GROWTH programme of the 5th framework programme.<\/strong><\/u><\/span><\/li>\n<\/ul>\n<div><span style=\"color: #808080\">N\u00e1zov projektu: The European Network for Superconductivity<\/span><\/div>\n<div><span style=\"color: #808080\">Zodpovedn\u00fd rie\u0161ite\u013e v r\u00e1mci pracovnej skupiny WG 1c: High Critical Current Superconductors for Applications na \u00daEF: P. Diko<\/span><\/div>\n<div><span style=\"color: #808080\">Obdobie realiz\u00e1cie:<\/span><\/div>\n<div><span style=\"color: #808080\">SCENET-1: 1\/2002 &#8211; 12\/2003,<\/span><\/div>\n<div><span style=\"color: #808080\">SCENET-2: 1\/2004 &#8211; 12\/2006.<\/span><\/div>\n<div><span style=\"color: #808080\">Ciele projektu: Poznatky o v\u00fdvoji supravodi\u010dov pre praktick\u00e9 aplik\u00e1cie, v\u00fdchova a tr\u00e9ning vedeck\u00fdch pracovn\u00edkov.<\/span><\/div>\n<div><span style=\"color: #808080\">V etape: \u201cPinning vysokoteplotn\u00fdch supravodi\u010dov pre praktick\u00e9 alpik\u00e1cie\u201d bolo cie\u013eom projektu z\u00edskanie poznatkov o mikro\u0161trukt\u00fare YBCO mas\u00edvnych supravodi\u010dov a jej vplyve na supravodiv\u00e9 vlastnosti. Projekt zdru\u017eoval viac ako 50 eur\u00f3pskych pracov\u00edsk. \u00daEF participoval na aktivit\u00e1ch pracovnej skupiny WG 1c: High Critical Current Superconductors for Applications a v spolupr\u00e1ci s Cambridge University sa zaoberal aj \u0161trukt\u00farou mas\u00edvnych supravodi\u010dov s nano\u010dasticami na b\u00e1ze ochudobnen\u00e9ho ur\u00e1nu.<\/span><\/div>\n<div><span style=\"color: #808080\">Rozpo\u010det projektu: Pr\u00ednosom pre \u00daEF bolo cca 500 000 Sk.<\/span><\/div>\n<div><span style=\"color: #808080\">Partneri projektu: ATI Vienna, IFW Dresden, CRETA CNRS Grenoble, IPHT Jena, IRC in Superconductivity Cambridge<\/span><\/div>\n<ul>\n<li><span style=\"color: #808080\"><u><strong>GR\/T17496\/01 Funded by the UK government and by European Commission, 5. RP.<\/strong><\/u><\/span><\/li>\n<\/ul>\n<div><span style=\"color: #808080\">N\u00e1zov projektu: The European Forum for Processors of Large Grain (RE)BCO (EFFORT)<\/span><\/div>\n<div><span style=\"color: #808080\">Zodpovedn\u00fd rie\u0161ite\u013e na \u00daEF: P. Diko<\/span><\/div>\n<div><span style=\"color: #808080\">Obdobie realiz\u00e1cie:<\/span><\/div>\n<div><span style=\"color: #808080\">EFFORT-1: 6\/2001 &#8211; 5\/2004,<\/span><\/div>\n<div><span style=\"color: #808080\">EFFORT-2: 6\/2004 &#8211; 5\/2007<\/span><\/div>\n<div><span style=\"color: #808080\">Ciele projektu: Projekt bol zameran\u00fd na parametre rasu YBCO kry\u0161t\u00e1lov, ich mikro\u0161trukt\u00faru a vlastnosti. V druhom obdob\u00ed sa \u0161tudovali syst\u00e9my nano\u010dasticami vytvoren\u00fdmi legovan\u00edm resp. \u010dasticami pripraven\u00fdmi exsitu. Projekt zdru\u017eoval eur\u00f3pske pracovisk\u00e1 z 8 eur\u00f3pskych kraj\u00edn.<\/span><\/div>\n<div><span style=\"color: #808080\">Rozpo\u010det projektu: Pr\u00ednosom pre \u00daEF bolo cca 500 000 Sk.<\/span><\/div>\n<div><span style=\"color: #808080\">Partneri projektu: ATI Vienna, IFW Dresden, CRETA CNRS Grenoble, IPHT Jena, IRC in Superconductivity Cambridge, ICMAB Barcelona<\/span><\/div>\n<ul>\n<li><span style=\"color: #808080\"><u><strong>Slovensko &#8211; USA projekt ID 004-95 Pr. No. 60439-4838 <\/strong><\/u><\/span><\/li>\n<\/ul>\n<div><span style=\"color: #808080\">N\u00e1zov projektu: Microstructure and characterization of YBa2Cu3O7-x \u2013 Y2BaCuO5 composite superconductors.<\/span><\/div>\n<div><span style=\"color: #808080\">Zodpovedn\u00fd rie\u0161ite\u013e: P. Diko,\u00a0\u00daEF SAV Ko\u0161ice, subkoordin\u00e1tor &#8211; K. Goretta, Argonne National Laboratory.<\/span><\/div>\n<div><span style=\"color: #808080\">Obdobie realiz\u00e1cie: 1\/1995-12\/1999<\/span><\/div>\n<div><span style=\"color: #808080\">Ciele projektu: Z\u00edska\u0165 poznatky o vplyve technologick\u00fdch parametrov na mikro\u0161trukt\u00faru a vlastnosti YBCO mas\u00edvnych supravodi\u010dov.<\/span><\/div>\n<div><span style=\"color: #808080\">Rozpo\u010det projektu: 2,5 mil. Sk.<\/span><\/div>\n<div><span style=\"color: #808080\">Partneri projektu: Argonne National Laboratory, Chicago University<\/span><\/div>\n<ul>\n<li><span style=\"color: #808080\"><u><strong>Pr. No. 436SLK 113\/3\/0, DFG, Slovensko \u2013 SRN\u00a0 <\/strong><\/u><\/span><\/li>\n<\/ul>\n<div><span style=\"color: #808080\">N\u00e1zov projektu: YBCO \u2013 HRPLM, Microstructure of melt textured YBCO studied by high resolution polarised light microscopy.<\/span><\/div>\n<div><span style=\"color: #808080\">Zodpovedn\u00fd rie\u0161ite\u013e: P. Diko<\/span><\/div>\n<div><span style=\"color: #808080\">Odobie realiz\u00e1cie: 1\/1995 &#8211; 12\/1999<\/span><\/div>\n<div><span style=\"color: #808080\">Ciele projektu: Vyvin\u00fa\u0165 metodiku \u0161t\u00fadia YBCO supravodi\u010dov met\u00f3dou vysokorozli\u0161ovacej polariza\u010dnej mikroskopie.<\/span><\/div>\n<div><span style=\"color: #808080\">Rozpo\u010det projektu: 500 000 Sk.<\/span><\/div>\n<div><span style=\"color: #808080\">Partneri projektu: IPHT Jena<\/span><\/div>\n","protected":false},"excerpt":{"rendered":"<p>PREBIEHAJ\u00daCE PROJEKTY APVV-21-0387 &#8211; REBCO mas\u00edvne supravodi\u010de na b\u00e1ze Y, Gd, Sm a Eu pre praktick\u00e9 aplik\u00e1cie Zodpovedn\u00fd rie\u0161ite\u013e: P. Diko Obdobie realiz\u00e1cie: 2022 &#8211;&#8230;<\/p>\n","protected":false},"author":4,"featured_media":0,"parent":571,"menu_order":40,"comment_status":"closed","ping_status":"closed","template":"","meta":{"footnotes":""},"_links":{"self":[{"href":"https:\/\/websrv.saske.sk\/uef\/wp-json\/wp\/v2\/pages\/785"}],"collection":[{"href":"https:\/\/websrv.saske.sk\/uef\/wp-json\/wp\/v2\/pages"}],"about":[{"href":"https:\/\/websrv.saske.sk\/uef\/wp-json\/wp\/v2\/types\/page"}],"author":[{"embeddable":true,"href":"https:\/\/websrv.saske.sk\/uef\/wp-json\/wp\/v2\/users\/4"}],"replies":[{"embeddable":true,"href":"https:\/\/websrv.saske.sk\/uef\/wp-json\/wp\/v2\/comments?post=785"}],"version-history":[{"count":11,"href":"https:\/\/websrv.saske.sk\/uef\/wp-json\/wp\/v2\/pages\/785\/revisions"}],"predecessor-version":[{"id":8032,"href":"https:\/\/websrv.saske.sk\/uef\/wp-json\/wp\/v2\/pages\/785\/revisions\/8032"}],"up":[{"embeddable":true,"href":"https:\/\/websrv.saske.sk\/uef\/wp-json\/wp\/v2\/pages\/571"}],"wp:attachment":[{"href":"https:\/\/websrv.saske.sk\/uef\/wp-json\/wp\/v2\/media?parent=785"}],"curies":[{"name":"wp","href":"https:\/\/api.w.org\/{rel}","templated":true}]}}