{"id":781,"date":"2018-10-03T15:15:39","date_gmt":"2018-10-03T13:15:39","guid":{"rendered":"http:\/\/websrv.saske.sk\/uef\/?page_id=781"},"modified":"2024-01-05T12:30:43","modified_gmt":"2024-01-05T11:30:43","slug":"ludia","status":"publish","type":"page","link":"https:\/\/websrv.saske.sk\/uef\/oddelenia-a-laboratoria\/laboratorium-materialovej-fyziky\/ludia\/","title":{"rendered":"\u013dudia"},"content":{"rendered":"<p><strong><span style=\"color: #000000\">Ved\u00faci Oddelenia materi\u00e1lovej fyziky<\/span><\/strong><\/p>\n<p><span style=\"color: #000000\"><a href=\"https:\/\/www.sav.sk\/index.php?lang=sk&amp;doc=user-org-user&amp;user_no=4039\" target=\"_blank\" rel=\"noopener\">Ing. Pavel Diko, DrSc.<\/a>,\u00a0<\/span>akademik US SAV<\/p>\n<p>&nbsp;<\/p>\n<p><strong><span style=\"color: #000000\">Vedeck\u00ed pracovn\u00edci<\/span><\/strong><\/p>\n<p><a href=\"https:\/\/www.sav.sk\/index.php?lang=sk&amp;doc=user-org-user&amp;user_no=11712\" target=\"_blank\" rel=\"noopener\">RNDr. Jozef Bednar\u010d\u00edk, PhD.<\/a><\/p>\n<p><a href=\"https:\/\/www.sav.sk\/index.php?lang=sk&amp;doc=user-org-user&amp;user_no=11710\" target=\"_blank\" rel=\"noopener\">Mgr. Veronika Kuch\u00e1rov\u00e1, PhD.<\/a><\/p>\n<p><a href=\"https:\/\/www.sav.sk\/index.php?lang=sk&amp;doc=user-org-user&amp;user_no=11711\" target=\"_blank\" rel=\"noopener\">Doc. Ing. Ondrej Milkovi\u010d, PhD.<\/a><\/p>\n<p><a href=\"https:\/\/www.sav.sk\/index.php?lang=sk&amp;doc=user-org-user&amp;user_no=8169\" target=\"_blank\" rel=\"noopener\">Ing. Monika Radu\u0161ovsk\u00e1, PhD.<\/a><\/p>\n<p><a href=\"https:\/\/www.sav.sk\/?lang=sk&amp;doc=user-org-user&amp;user_no=13123\" target=\"_blank\" rel=\"noopener\">RNDr. Richard Smolko<\/a><\/p>\n<p><a href=\"https:\/\/www.sav.sk\/index.php?lang=sk&amp;doc=user-org-user&amp;user_no=6958\" target=\"_blank\" rel=\"noopener\">Mgr. Daniela Volochov\u00e1, PhD.<\/a><\/p>\n<p><span style=\"color: #000000\"><a href=\"https:\/\/www.sav.sk\/index.php?lang=sk&amp;doc=user-org-user&amp;user_no=4046\" target=\"_blank\" rel=\"noopener\">Ing. Katar\u00edna Zmorayov\u00e1, PhD.<\/a>, z\u00e1stupky\u0148a ved\u00faceho OMF<\/span><\/p>\n<p>&nbsp;<\/p>\n<p><a href=\"https:\/\/www.sav.sk\/index.php?lang=sk&amp;doc=user-org-user&amp;user_no=9331\" target=\"_blank\" rel=\"noopener\">Ing. Liudmila Vojtkov\u00e1, PhD.<\/a>, (rodi\u010dovsk\u00e1 dovolenka)<\/p>\n<p>&nbsp;<\/p>\n<p><strong><span style=\"color: #000000\">Doktorandi<\/span><\/strong><\/p>\n<p><a href=\"https:\/\/www.sav.sk\/?lang=sk&amp;doc=user-org-user&amp;user_no=13211\" target=\"_blank\" rel=\"noopener\">MSc. Ravneet Kaur<\/a> (2. ro\u010dn\u00edk)<\/p>\n<p><span style=\"color: #000000\"><a href=\"https:\/\/www.sav.sk\/?lang=sk&amp;doc=user-org-user&amp;user_no=12228\" target=\"_blank\" rel=\"noopener\">MSc. Limpat Nulandaya<\/a> (4. ro\u010dn\u00edk)<\/span><\/p>\n<p>&nbsp;<\/p>\n<p><strong><span style=\"color: #0057b7\">Pom\u00e1hame vojnou ohrozen\u00fdm<\/span> <\/strong><span style=\"color: #ffd700\"><strong>Ukrajincom<\/strong>\u00a0<\/span><\/p>\n<p>V\u010faka projektu <em>\u0160tipendi\u00e1 pre excelentn\u00fdch v\u00fdskumn\u00edkov ohrozen\u00fdch vojnov\u00fdm konfliktom na Ukrajine<\/em> z mechanizmu na podporu obnovy a odolnosti sme do n\u00e1\u0161ho v\u00fdskumn\u00e9ho t\u00edmu prijali <a href=\"https:\/\/www.sav.sk\/?lang=sk&amp;doc=user-org-user&amp;user_no=13121\" target=\"_blank\" rel=\"noopener\">doc. Svitlanu Vitushkina, PhD.<\/a> z\u00a0 V.N. Karazin Kharkiv National University.<\/p>\n<p>&nbsp;<\/p>\n<p><strong><span style=\"color: #000000\">Hos\u0165uj\u00faci v\u00fdskumn\u00edci\u00a0 \u00a0<\/span><\/strong><\/p>\n<p>Prof. Xin Yao (2014, 2019) Shanghai Jiao Tong University, China<\/p>\n<p>Dr. Qian Jun (2018) Shanghai Jiao Tong University, China<\/p>\n<p>Mgr. Huang Simin, doktorandka (2018) Shanghai Jiao Tong University, China<\/p>\n<p>RNDr. Milo\u0161 Jirsa, DrSc. (2015, 2018) Fz\u00da AV\u010cR Praha, \u010cR<\/p>\n<p>Dr. Namburi Devendra Kumar (2017) University of Cambridge, UK<\/p>\n<p>Dr. Wen Zhao (2016) University of Cambridge, UK<\/p>\n<p>Takama Hiroki, \u0161tudent (2016) Superconducting Materials Laboratory, SIT Tokyo<\/p>\n<p>Prof. Jacques Noudem (2015) LUSAC\u00a0 Laboratory, University of Caen Normandy, France<\/p>\n<p>Dr. Xavier Chaud (2015) CRETA\/CRNS Grenoble, France<\/p>\n<p>Ide Naoki, \u0161tudent (2015) Superconducting Materials Laboratory, SIT \u00a0Tokyo<\/p>\n<p>Kasuga a\u00a0T. Hanai, \u0161tudenti (2014) Superconducting Materials Laboratory, SIT Tokyo<\/p>\n","protected":false},"excerpt":{"rendered":"<p>Ved\u00faci Oddelenia materi\u00e1lovej fyziky Ing. Pavel Diko, DrSc.,\u00a0akademik US SAV &nbsp; Vedeck\u00ed pracovn\u00edci RNDr. Jozef Bednar\u010d\u00edk, PhD. Mgr. Veronika Kuch\u00e1rov\u00e1, PhD. Doc. Ing. Ondrej Milkovi\u010d,&#8230;<\/p>\n","protected":false},"author":4,"featured_media":0,"parent":571,"menu_order":20,"comment_status":"closed","ping_status":"closed","template":"","meta":{"footnotes":""},"_links":{"self":[{"href":"https:\/\/websrv.saske.sk\/uef\/wp-json\/wp\/v2\/pages\/781"}],"collection":[{"href":"https:\/\/websrv.saske.sk\/uef\/wp-json\/wp\/v2\/pages"}],"about":[{"href":"https:\/\/websrv.saske.sk\/uef\/wp-json\/wp\/v2\/types\/page"}],"author":[{"embeddable":true,"href":"https:\/\/websrv.saske.sk\/uef\/wp-json\/wp\/v2\/users\/4"}],"replies":[{"embeddable":true,"href":"https:\/\/websrv.saske.sk\/uef\/wp-json\/wp\/v2\/comments?post=781"}],"version-history":[{"count":14,"href":"https:\/\/websrv.saske.sk\/uef\/wp-json\/wp\/v2\/pages\/781\/revisions"}],"predecessor-version":[{"id":8031,"href":"https:\/\/websrv.saske.sk\/uef\/wp-json\/wp\/v2\/pages\/781\/revisions\/8031"}],"up":[{"embeddable":true,"href":"https:\/\/websrv.saske.sk\/uef\/wp-json\/wp\/v2\/pages\/571"}],"wp:attachment":[{"href":"https:\/\/websrv.saske.sk\/uef\/wp-json\/wp\/v2\/media?parent=781"}],"curies":[{"name":"wp","href":"https:\/\/api.w.org\/{rel}","templated":true}]}}