{"id":777,"date":"2018-10-03T15:14:51","date_gmt":"2018-10-03T13:14:51","guid":{"rendered":"http:\/\/websrv.saske.sk\/uef\/?page_id=777"},"modified":"2022-01-03T09:43:33","modified_gmt":"2022-01-03T08:43:33","slug":"kontakt","status":"publish","type":"page","link":"https:\/\/websrv.saske.sk\/uef\/oddelenia-a-laboratoria\/laboratorium-experimentalnej-chemickej-fyziky\/kontakt\/","title":{"rendered":"Kontakt"},"content":{"rendered":"<p><strong>\u00dastav experiment\u00e1lnej fyziky SAV, v.v.i.<\/strong>, <strong>Watsonova 47, 040 01 Ko\u0161ice, Slovensk\u00e1 republika<\/strong><\/p>\n<p><img loading=\"lazy\" decoding=\"async\" class=\"size-medium wp-image-869\" src=\"http:\/\/websrv.saske.sk\/uef\/wp-content\/uploads\/2018\/10\/Botanika-225x300.jpg\" alt=\"\" width=\"225\" height=\"300\" srcset=\"https:\/\/websrv.saske.sk\/uef\/wp-content\/uploads\/2018\/10\/Botanika-225x300.jpg 225w, https:\/\/websrv.saske.sk\/uef\/wp-content\/uploads\/2018\/10\/Botanika-768x1024.jpg 768w, https:\/\/websrv.saske.sk\/uef\/wp-content\/uploads\/2018\/10\/Botanika.jpg 1488w\" sizes=\"(max-width: 225px) 100vw, 225px\" \/><\/p>\n<table border=\"0\" cellspacing=\"1\" cellpadding=\"2\">\n<tbody>\n<tr>\n<td><strong>Tel.:<\/strong><\/p>\n<p><strong>Fax:<\/strong><\/td>\n<td>+421 55 7922245<\/p>\n<p>+421 55 7922245<\/td>\n<\/tr>\n<tr>\n<td valign=\"top\">&nbsp;<\/p>\n<p><strong>e-mail:<\/strong><\/td>\n<td>&nbsp;<\/p>\n<p><a href=\"mailto:marsed@saske.sk\">marsed@saske.sk<\/a><\/td>\n<\/tr>\n<\/tbody>\n<\/table>\n","protected":false},"excerpt":{"rendered":"<p>\u00dastav experiment\u00e1lnej fyziky SAV, v.v.i., Watsonova 47, 040 01 Ko\u0161ice, Slovensk\u00e1 republika Tel.: Fax: +421 55 7922245 +421 55 7922245 &nbsp; e-mail: &nbsp; marsed@saske.sk<\/p>\n","protected":false},"author":4,"featured_media":0,"parent":569,"menu_order":70,"comment_status":"closed","ping_status":"closed","template":"","meta":{"footnotes":""},"_links":{"self":[{"href":"https:\/\/websrv.saske.sk\/uef\/wp-json\/wp\/v2\/pages\/777"}],"collection":[{"href":"https:\/\/websrv.saske.sk\/uef\/wp-json\/wp\/v2\/pages"}],"about":[{"href":"https:\/\/websrv.saske.sk\/uef\/wp-json\/wp\/v2\/types\/page"}],"author":[{"embeddable":true,"href":"https:\/\/websrv.saske.sk\/uef\/wp-json\/wp\/v2\/users\/4"}],"replies":[{"embeddable":true,"href":"https:\/\/websrv.saske.sk\/uef\/wp-json\/wp\/v2\/comments?post=777"}],"version-history":[{"count":4,"href":"https:\/\/websrv.saske.sk\/uef\/wp-json\/wp\/v2\/pages\/777\/revisions"}],"predecessor-version":[{"id":5985,"href":"https:\/\/websrv.saske.sk\/uef\/wp-json\/wp\/v2\/pages\/777\/revisions\/5985"}],"up":[{"embeddable":true,"href":"https:\/\/websrv.saske.sk\/uef\/wp-json\/wp\/v2\/pages\/569"}],"wp:attachment":[{"href":"https:\/\/websrv.saske.sk\/uef\/wp-json\/wp\/v2\/media?parent=777"}],"curies":[{"name":"wp","href":"https:\/\/api.w.org\/{rel}","templated":true}]}}