{"id":77,"date":"2018-09-12T08:56:45","date_gmt":"2018-09-12T06:56:45","guid":{"rendered":"http:\/\/websrv.saske.sk\/uef\/?page_id=77"},"modified":"2018-09-26T16:25:32","modified_gmt":"2018-09-26T14:25:32","slug":"grantove-agentury","status":"publish","type":"page","link":"https:\/\/websrv.saske.sk\/uef\/linky\/grantove-agentury\/","title":{"rendered":"Grantov\u00e9 agent\u00fary"},"content":{"rendered":"<div class=\"post-content\"><\/div>\n<div><\/div>\n<div><\/div>\n<ul>\n<li><a href=\"http:\/\/www.vega.sav.sk\/\" target=\"_blank\" rel=\"noopener\">Vedeck\u00e1 grantov\u00e1 agent\u00fara (VEGA)<\/a><\/li>\n<li><a href=\"http:\/\/www.apvv.sk\/\">APVV &#8211; Agent\u00fara na podporu v\u00fdskumu a v\u00fdvoja<\/a><\/li>\n<li><a href=\"http:\/\/www.asfeu.sk\/\">Agent\u00fara Ministerstva \u0161kolstva SR pre \u0161truktur\u00e1lne fondy EU<\/a><\/li>\n<li><a href=\"http:\/\/www.stipendia.sk\/\">N\u00e1rodn\u00fd \u0161tipendijn\u00fd program Slovenskej republiky<\/a><\/li>\n<li><a href=\"http:\/\/www.saia.sk\/\" target=\"_blank\" rel=\"noopener\">Slovensk\u00e1 akademick\u00e1 informa\u010dn\u00e1 agent\u00fara SAIA<\/a><\/li>\n<\/ul>\n","protected":false},"excerpt":{"rendered":"<p>Vedeck\u00e1 grantov\u00e1 agent\u00fara (VEGA) APVV &#8211; Agent\u00fara na podporu v\u00fdskumu a v\u00fdvoja Agent\u00fara Ministerstva \u0161kolstva SR pre \u0161truktur\u00e1lne fondy EU N\u00e1rodn\u00fd \u0161tipendijn\u00fd program Slovenskej republiky&#8230;<\/p>\n","protected":false},"author":1,"featured_media":0,"parent":17,"menu_order":0,"comment_status":"closed","ping_status":"closed","template":"","meta":{"footnotes":""},"_links":{"self":[{"href":"https:\/\/websrv.saske.sk\/uef\/wp-json\/wp\/v2\/pages\/77"}],"collection":[{"href":"https:\/\/websrv.saske.sk\/uef\/wp-json\/wp\/v2\/pages"}],"about":[{"href":"https:\/\/websrv.saske.sk\/uef\/wp-json\/wp\/v2\/types\/page"}],"author":[{"embeddable":true,"href":"https:\/\/websrv.saske.sk\/uef\/wp-json\/wp\/v2\/users\/1"}],"replies":[{"embeddable":true,"href":"https:\/\/websrv.saske.sk\/uef\/wp-json\/wp\/v2\/comments?post=77"}],"version-history":[{"count":13,"href":"https:\/\/websrv.saske.sk\/uef\/wp-json\/wp\/v2\/pages\/77\/revisions"}],"predecessor-version":[{"id":5816,"href":"https:\/\/websrv.saske.sk\/uef\/wp-json\/wp\/v2\/pages\/77\/revisions\/5816"}],"up":[{"embeddable":true,"href":"https:\/\/websrv.saske.sk\/uef\/wp-json\/wp\/v2\/pages\/17"}],"wp:attachment":[{"href":"https:\/\/websrv.saske.sk\/uef\/wp-json\/wp\/v2\/media?parent=77"}],"curies":[{"name":"wp","href":"https:\/\/api.w.org\/{rel}","templated":true}]}}