{"id":7469,"date":"2023-06-07T13:33:06","date_gmt":"2023-06-07T11:33:06","guid":{"rendered":"https:\/\/websrv.saske.sk\/uef\/?page_id=7469"},"modified":"2025-09-17T11:33:01","modified_gmt":"2025-09-17T09:33:01","slug":"oznamy","status":"publish","type":"page","link":"https:\/\/websrv.saske.sk\/uef\/o-nas\/oznamy\/","title":{"rendered":"Oznamy"},"content":{"rendered":"<p><strong>Oznam 17.9.2025:<\/strong><\/p>\n<p class=\"western\" lang=\"sk-SK\"><span style=\"font-family: Arial, sans-serif;\"><b>Inform\u00e1cia o v\u00fdsledku vyhodnotenia pon\u00fak:<\/b><\/span><\/p>\n<p lang=\"sk-SK\">Na z\u00e1klade v\u00fdsledkov vyhodnotenia pon\u00fak na predaj majetku vo vlastn\u00edctve verejnej v\u00fdskumnej in\u0161tit\u00facii\u00a0 \u00daEF SAV, v.v.i,<\/p>\n<p lang=\"sk-SK\">Majetok: No\u017enice na strihanie plechov<\/p>\n<p lang=\"sk-SK\">bola vyhodnoten\u00e1 pon\u00faka, ktor\u00fa predlo\u017eil :<br \/>\nLuk\u00e1\u0161 Lastoveck\u00fd<br \/>\nI\u010cO: 45924082<br \/>\nDI\u010c: 1073748940<br \/>\nI\u010c DPH: SK 1073748940<\/p>\n<p>&nbsp;<\/p>\n<hr \/>\n<p><strong>Oznam 7.6.2023:<\/strong><\/p>\n<p><strong>V\u00fdberov\u00e9 konanie na obsadenie funkcie riadite\u013ea \/ riadite\u013eky organiz\u00e1cie \u00dastav experiment\u00e1lnej fyziky SAV, v. v. i.<\/strong><\/p>\n<p><strong>Predseda Slovenskej akad\u00e9mie vied<\/strong><br \/>\nvyhlasuje v\u00fdberov\u00e9 konanie na obsadenie funkcie riadite\u013ea \/ riadite\u013eky organiz\u00e1cie:<\/p>\n<p><strong>\u00dastav experiment\u00e1lnej fyziky SAV, verejn\u00e1 v\u00fdskumn\u00e1 in\u0161tit\u00facia<\/strong>,<br \/>\ns\u00eddlo: Watsonova 47, 040 01 Ko\u0161ice<\/p>\n<p><strong>Po\u017eadovan\u00e9 kvalifika\u010dn\u00e9 predpoklady:<\/strong><br \/>\nMinim\u00e1lnym po\u017eadovan\u00fdm kvalifika\u010dn\u00fdm predpokladom je vedeck\u00fd kvalifika\u010dn\u00fd stupe\u0148 samostatn\u00fd vedeck\u00fd pracovn\u00edk alebo vedecko-pedagogick\u00fd titul docent; minim\u00e1lnym po\u017eadovan\u00fdm kvalifika\u010dn\u00fdm predpokladom v pr\u00edpade uch\u00e1dza\u010da, ktor\u00fd je cudz\u00edm \u0161t\u00e1tnym pr\u00edslu\u0161n\u00edkom, je akademick\u00fd titul PhD. alebo jeho ekvivalent.<\/p>\n<p><strong>Po\u017eadovan\u00e1 prax v riadiacej poz\u00edcii:<\/strong><br \/>\nMinim\u00e1lnou po\u017eadovanou praxou je p\u00e4\u0165ro\u010dn\u00e1 prax v riaden\u00ed (ako zamestnanec, ktor\u00fd priamo riadi pr\u00e1cu podriaden\u00fdch zamestnancov) v pr\u00e1vnickej osobe uskuto\u010d\u0148uj\u00facej niektor\u00fa z \u010dinnost\u00ed pod\u013ea \u00a7 1 ods. 4 z\u00e1kona \u010d. 243\/2017 Z. z. o verejnej v\u00fdskumnej in\u0161tit\u00facii a o zmene a doplnen\u00ed niektor\u00fdch z\u00e1konov.<\/p>\n<p><strong>Pravidl\u00e1 v\u00fdberov\u00e9ho konania<\/strong> s\u00fa dostupn\u00e9 na webovom s\u00eddle SAV v sekcii Dokumenty \u2013 V\u00fdberov\u00e9 konania SAV ( https:\/\/www.sav.sk\/?lang=sk&amp;doc=docs-competitions), ako aj na webovom s\u00eddle organiz\u00e1cie SAV https:\/\/websrv.saske.sk\/uef\/<\/p>\n<p><strong>Mzdov\u00e9 podmienky<\/strong> sa riadia pod\u013ea z\u00e1kona \u010d. 553\/2003 Z. z. o odme\u0148ovan\u00ed niektor\u00fdch zamestnancov pri v\u00fdkone pr\u00e1ce vo verejnom z\u00e1ujme a o zmene a doplnen\u00ed niektor\u00fdch z\u00e1konov;<\/p>\n<p><strong>\u017diadosti o \u00fa\u010das\u0165 na v\u00fdberovom konan\u00ed spolu s po\u017eadovan\u00fdmi dokladmi zasielajte najnesk\u00f4r do 7.7.2023 na adresu:<\/strong><br \/>\nSlovensk\u00e1 akad\u00e9mia vied<br \/>\nperson\u00e1lny refer\u00e1t \u00da SAV<br \/>\n\u0160tef\u00e1nikova 49<br \/>\n814 38 Bratislava<\/p>\n<p>Na ob\u00e1lku pros\u00edm uvies\u0165 <strong>,,Neotv\u00e1ra\u0165 \u2013 V\u00fdberov\u00e9 konanie\u201c<\/strong> a uve\u010fte aj n\u00e1zov organiz\u00e1cie a pracovn\u00fa poz\u00edciu, o ktor\u00fa sa uch\u00e1dzate.<\/p>\n<p>Cel\u00e9 znenie inzer\u00e1tu <a href=\"http:\/\/websrv.saske.sk\/uef\/wp-content\/uploads\/2023\/06\/Inzercia2023.doc\">(.doc)<\/a><\/p>\n","protected":false},"excerpt":{"rendered":"<p>Oznam 17.9.2025: Inform\u00e1cia o v\u00fdsledku vyhodnotenia pon\u00fak: Na z\u00e1klade v\u00fdsledkov vyhodnotenia pon\u00fak na predaj majetku vo vlastn\u00edctve verejnej v\u00fdskumnej in\u0161tit\u00facii\u00a0 \u00daEF SAV, v.v.i, Majetok: No\u017enice&#8230;<\/p>\n","protected":false},"author":1,"featured_media":0,"parent":7,"menu_order":51,"comment_status":"closed","ping_status":"closed","template":"","meta":{"footnotes":""},"_links":{"self":[{"href":"https:\/\/websrv.saske.sk\/uef\/wp-json\/wp\/v2\/pages\/7469"}],"collection":[{"href":"https:\/\/websrv.saske.sk\/uef\/wp-json\/wp\/v2\/pages"}],"about":[{"href":"https:\/\/websrv.saske.sk\/uef\/wp-json\/wp\/v2\/types\/page"}],"author":[{"embeddable":true,"href":"https:\/\/websrv.saske.sk\/uef\/wp-json\/wp\/v2\/users\/1"}],"replies":[{"embeddable":true,"href":"https:\/\/websrv.saske.sk\/uef\/wp-json\/wp\/v2\/comments?post=7469"}],"version-history":[{"count":7,"href":"https:\/\/websrv.saske.sk\/uef\/wp-json\/wp\/v2\/pages\/7469\/revisions"}],"predecessor-version":[{"id":9408,"href":"https:\/\/websrv.saske.sk\/uef\/wp-json\/wp\/v2\/pages\/7469\/revisions\/9408"}],"up":[{"embeddable":true,"href":"https:\/\/websrv.saske.sk\/uef\/wp-json\/wp\/v2\/pages\/7"}],"wp:attachment":[{"href":"https:\/\/websrv.saske.sk\/uef\/wp-json\/wp\/v2\/media?parent=7469"}],"curies":[{"name":"wp","href":"https:\/\/api.w.org\/{rel}","templated":true}]}}