{"id":7298,"date":"2023-04-18T12:48:14","date_gmt":"2023-04-18T10:48:14","guid":{"rendered":"https:\/\/websrv.saske.sk\/uef\/?page_id=7298"},"modified":"2025-11-18T10:57:55","modified_gmt":"2025-11-18T09:57:55","slug":"2023-2","status":"publish","type":"page","link":"https:\/\/websrv.saske.sk\/uef\/oddelenia-a-laboratoria\/oddelenie-teoretickej-fyziky\/publikacie-2\/2023-2\/","title":{"rendered":"2023"},"content":{"rendered":"<ol>\n<li><strong>P. FARKA\u0160OVSK\u00dd<\/strong>, Hartree-Fock exploration of electronic ferroelectricity, valence transitions, and metal-insulator transitions in the extended Falicov-Kimball model, <a href=\"https:\/\/doi.org\/10.1103\/PhysRevB.108.075161\"><strong>Physical Review B 108 (2023) 075161<\/strong><\/a> <strong>[<\/strong><span style=\"color: #ff0000\"><strong>IF<\/strong><\/span><strong>\/MedIF(2022)=<\/strong><span style=\"color: #ff0000\"><strong>3.7<\/strong><\/span><strong>\/2.8=1.321] <\/strong>(10 pages).<\/li>\n<li><strong>P. FARKA\u0160OVSK\u00dd<\/strong>, On the stability of charge and spin order in the spin-one-half Falicov\u2013Kimball model with the Ising-type Hund coupling, <a href=\"https:\/\/www.sciencedirect.com\/science\/article\/abs\/pii\/S0304885323003086\"><strong>Journal of Magnetism and Magnetic Materials 573 (2023) 170659<\/strong><\/a> <strong>[<\/strong><span style=\"color: #ff0000\"><strong>IF<\/strong><\/span><strong>\/MedIF(2022)=<\/strong><span style=\"color: #ff0000\"><strong>2.7<\/strong><\/span><strong>\/2.8=0.964] <\/strong>(6 pages).<\/li>\n<li><strong>L. REGECIOV\u00c1<\/strong> and <strong>P. FARKA\u0160OVSK\u00dd<\/strong>, Magnetization processes and magnetocaloric effect of the Ising model on the octahedral lattice, <a href=\"https:\/\/www.sciencedirect.com\/science\/article\/abs\/pii\/S030488532300803X\"><strong>Journal of Magnetism and Magnetic Materials 586 (2023) 171153<\/strong><\/a> <strong>[<\/strong><span style=\"color: #ff0000\"><strong>IF<\/strong><\/span><strong>\/MedIF(2022)=<\/strong><span style=\"color: #ff0000\"><strong>2.7<\/strong><\/span><strong>\/2.8=0.964] <\/strong>(5 pages).<\/li>\n<li><strong>L. REGECIOV\u00c1<\/strong> and <strong>P. FARKA\u0160OVSK\u00dd<\/strong>, Magnetocaloric effect in the Ising model with RKKY interaction on the Shastry\u2013Sutherland lattice, <a href=\"https:\/\/www.sciencedirect.com\/science\/article\/abs\/pii\/S0038109823001886\"><strong>Solid State Communications 37 (2023) 115251<\/strong><\/a> <strong>[<\/strong><span style=\"color: #ff0000\"><strong>IF<\/strong><\/span><strong>\/MedIF(2022)=<\/strong><span style=\"color: #ff0000\"><strong>2.1<\/strong><\/span><strong>\/2.8=0.750] <\/strong>(5 pages).<\/li>\n<li><strong>L. REGECIOV\u00c1<\/strong> and <strong>P. FARKA\u0160OVSK\u00dd<\/strong>, Magnetization processes and magnetocaloric effect in the two-dimensional coupled double-Ising model, <a href=\"https:\/\/www.sciencedirect.com\/science\/article\/abs\/pii\/S0921452622007992\"><strong>Physica B: Condensed Matter 65 (2023) 414514<\/strong><\/a> <strong>[<\/strong><span style=\"color: #ff0000\"><strong>IF<\/strong><\/span><strong>\/MedIF(2022)=<\/strong><span style=\"color: #ff0000\"><strong>2.8<\/strong><\/span><strong>\/2.8=1]<\/strong>\u00a0(7 pages).<\/li>\n<li>L. Ts. ADZHEMYAN, <strong>M. HNATI\u010c<\/strong>, E. V. IVANOVA , M. V. KOMPANIETS, T. LUCIVJANSKY, and L. MIZISIN, Field-theoretic analysis of directed percolation: Three-loop approximation, <a href=\"https:\/\/journals.aps.org\/pre\/abstract\/10.1103\/PhysRevE.107.064138\"><strong>Physical Review E 107, 064138 (2023) <\/strong><\/a><strong>[<span style=\"color: #ff0000\">IF<\/span>\/MedIF(2022)=<span style=\"color: #ff0000\">2.4<\/span>\/1.5=1.600] <\/strong>\u00a0(16 pages).<\/li>\n<li><strong>M. HNATI\u010c<\/strong> and G. KALAGOV, Superfluidity in multicomponent fermions via the functional renormalization group, <a href=\"https:\/\/www.sciencedirect.com\/science\/article\/pii\/S0550321323001219\"><strong>Nuclear Physics B 991 (2023) 116192\u00a0<\/strong><\/a><strong>[<\/strong><span style=\"color: #ff0000\"><strong>IF<\/strong><\/span><strong>\/MedIF(2022)=<span style=\"color: #ff0000\">2.8<\/span><\/strong><strong>\/2.8=1] <\/strong>(18 pages).<\/li>\n<li>M. ALTAISKY and <strong>M. HNATI\u010c<\/strong>, Are there any Landau poles in wavelet- based quantum field theory?, <a href=\"https:\/\/journals.aps.org\/prd\/abstract\/10.1103\/PhysRevD.108.085023\"><strong>Physical Review D 108 (2023) 085023\u00a0<\/strong><\/a> <strong>[<\/strong><span style=\"color: #ff0000\"><strong>IF<\/strong><\/span><strong>\/MedIF(2022)=<\/strong><span style=\"color: #ff0000\"><strong>5<\/strong><\/span><strong>\/2.8=1.786]\u00a0<\/strong>(13 pages).<\/li>\n<li>K. B. OGANESYAN, K. DZIERZEGA, A. H. GEVORGYAN, <strong>M. HNATI\u010c<\/strong>, and P. KOPCANSKY, Plasma local diagnostics by polarimetric method, <a href=\"https:\/\/doi.org\/10.1088\/1612-202X\/accdd4\"><strong>Laser Physics Letters 20 (2023) 056002<\/strong> \u00a0<\/a><strong>[<\/strong><span style=\"color: #ff0000\"><strong>IF<\/strong><\/span><strong>\/MedIF(2022)=<\/strong><span style=\"color: #ff0000\"><strong>1.7<\/strong><\/span><strong>\/2.7=0.629] <\/strong>(5 pages).<\/li>\n<li>K. B. OGANESYAN, K. DZIERZEGA, A. H. GEVORGYAN, <strong>M. HNATI\u010c<\/strong>, and P. KOPCANSKY, Suddenly switching-on interaction in the relativistic strophotron, <a href=\"https:\/\/doi.org\/10.1088\/1612-202X\/acb43e\"><strong>Laser Physics Letters 20 (2023) 036001<\/strong><\/a> <strong>[<\/strong><span style=\"color: #ff0000\"><strong>IF<\/strong><\/span><strong>\/MedIF(2022)=<\/strong><span style=\"color: #ff0000\"><strong>1.7<\/strong><\/span><strong>\/2.7=0.629] <\/strong>(4 pages).<\/li>\n<li><strong>M. HNATI\u010c<\/strong>, J. HONKONEN, T. LUCIVJANSKY, and L. MIZISIN, Universality Classes of Percolation Processes: Renormalization Group Approach (Review article), <a href=\"https:\/\/doi.org\/10.3390\/sym15091696\"><strong>Symmetry 15 (2023) 1696<\/strong> \u00a0\u00a0<\/a><strong>[<\/strong><span style=\"color: #ff0000\"><strong>IF<\/strong><\/span><strong>\/MedIF(2022)=<\/strong><span style=\"color: #ff0000\"><strong>2.7<\/strong><\/span><strong>\/2.7=1]\u00a0<\/strong>(40 pages).<\/li>\n<li>E. AYRYAN, <strong>M. HNATI\u010c<\/strong>, J. HONKONEN, and V. MALYUTIN, Approximate Calculation of Functional Integrals Generated by<br \/>\nNonrelativistic and Relativistic Hamiltonians (Review article), <a href=\"https:\/\/doi.org\/10.3390\/sym15091785\"><strong>Symmetry 15 (2023) 1785\u00a0<\/strong><\/a><strong>[<\/strong><span style=\"color: #ff0000\"><strong>IF<\/strong><\/span><strong>\/MedIF(2022)=<\/strong><span style=\"color: #ff0000\"><strong>2.7<\/strong><\/span><strong>\/2.7=1]\u00a0<\/strong>(39 pages).<\/li>\n<li>A D. DAVLETBAEVA, <strong>M. HNATI\u010c,<\/strong> M.V. KOMAROVA, T. LUCIVJANSKY, L. MIZISIN, and M. Yu. NALIMOV,<br \/>\nComposite operators of stochastic model A, <a href=\"https:\/\/link.springer.com\/article\/10.1134\/S004057792309009X\"><strong>Theoretical and Mathematical Physics 216(3) (2023) 1349<\/strong><\/a> <strong>[<\/strong><span style=\"color: #ff0000\"><strong>IF<\/strong><\/span><strong>\/MedIF(2022)=<\/strong><span style=\"color: #ff0000\"><strong>1<\/strong><\/span><strong>\/1.5=0.667] <\/strong>(11 pages).<\/li>\n<li><strong> M. HNATI\u010c<\/strong>, M. KECER, and T. LUCIVJANSKY, Two-species reaction-diffusion system in the presence of random velocity Fluctuations, <a href=\"https:\/\/link.springer.com\/article\/10.1134\/S0040577923100021\"><strong>Theoretical and Mathematical Physics, 217(1) (2023) 1437<\/strong> \u00a0<\/a> <strong>[<\/strong><span style=\"color: #ff0000\"><strong>IF<\/strong><\/span><strong>\/MedIF(2022)=<\/strong><span style=\"color: #ff0000\"><strong>1<\/strong><\/span><strong>\/1.5=0.667] <\/strong>(9 pages).<\/li>\n<li><strong>M. HNATI\u010c<\/strong>, M. KECER, and T. LUCIVJANSKY, Anomalous Kinetics of a Multi- Species Reaction-Diffusion System: Effect of Random Velocity Fluctuations, <a href=\"https:\/\/link.springer.com\/article\/10.1134\/S1547477123050370\"><strong>Physics of Particles and Nuclei Letters 20(5) (2023) 1081\u00a0<\/strong><\/a> <strong>[<\/strong><span style=\"color: #ff0000\"><strong>IF<\/strong><\/span><strong>\/MedIF(2022)=<\/strong><span style=\"color: #ff0000\"><strong>0.5<\/strong><\/span><strong>\/2.8=0.179] <\/strong>(3 pages).<\/li>\n<li>\n<div><strong>E. JUR\u010cI\u0160INOV\u00c1<\/strong>, <strong>M. JUR\u010cI\u0160IN<\/strong>, and <strong>R. REMECK\u00dd<\/strong>, Anomalous scaling in kinematic magnetohydrodynamic turbulence: Two-loop anomalous dimensions of leading composite operators, <a href=\"https:\/\/journals.aps.org\/pre\/abstract\/10.1103\/PhysRevE.107.025106\"><strong>Physical Review E 107 (2023) 025106 <\/strong><\/a><strong>[<\/strong><strong><span style=\"color: #ff0000\">IF<\/span>\/MedIF(2022)=<span style=\"color: #ff0000\">2.4<\/span><\/strong><strong>\/1.5=1.600] <\/strong>(16 pages).<\/div>\n<\/li>\n<li><strong>E. JUR\u010cI\u0160INOV\u00c1 <\/strong>and\u00a0<strong>M. JUR\u010cI\u0160IN<\/strong>, Effective parameter for estimation of efficiency of adiabatic (de)magnetization cooling processes in frustrated magnetic systems, <a href=\"https:\/\/www.sciencedirect.com\/science\/article\/abs\/pii\/S0304885323003074\"><strong>Journal of Magnetism and Magnetic Materials 572 (2023) 170658<\/strong><\/a> <strong>[<\/strong><span style=\"color: #ff0000\"><strong>IF<\/strong><\/span><strong>\/MedIF(2022)=<\/strong><span style=\"color: #ff0000\"><strong>2.7<\/strong><\/span><strong>\/2.8=0.964]\u00a0<\/strong>(8 pages).<\/li>\n<li>U. SHEIKH, S. RASHID, C. \u00d6ZEL, and <strong>R. PIN\u010c\u00c1K<\/strong>, On Hosova polynomial and subsequent indices of pent-heptagonal carbon nanosheets, <a href=\"https:\/\/dergipark.org.tr\/en\/pub\/iejg\/issue\/76040\/1131334\"><strong>International Journal of Geometric Methods in Modern Physics 20 (2023) 2350035<\/strong><\/a> <strong>[<\/strong><span style=\"color: #ff0000\"><strong>IF<\/strong><\/span><strong>\/MedIF(2022)=<\/strong><span style=\"color: #ff0000\"><strong>1.8<\/strong><\/span><strong>\/1.5=1.200] <\/strong>(22 pages).<\/li>\n<li>U. SHEIKH, Q.U.A. TAHIR, Y.N. ANJAM, and <strong>R. PIN\u010c\u00c1K<\/strong>, Analysis of a Productive Topological Index Correlated to Fullerenes Physical Proprties, <a href=\"https:\/\/www.mdpi.com\/2073-8994\/15\/1\/58\"><strong>Symmetry 15 (2023) 58<\/strong><\/a> <strong>[<\/strong><span style=\"color: #ff0000\"><strong>IF<\/strong><\/span><strong>\/MedIF(2022)=<\/strong><span style=\"color: #ff0000\"><strong>2.7<\/strong><\/span><strong>\/2.7=1] <\/strong>(11 pages).<\/li>\n<li><strong>R. PIN\u010c\u00c1K<\/strong>, A. PIGAZZINI, S. JAFARI, and C. \u00d6ZEL, Discrete Gravity in Emergent Space Theory: Hidden Conical Defects and Teleparallel Gravity,<strong> <a href=\"https:\/\/www.mdpi.com\/2218-1997\/9\/1\/31\">Universe 9 (2023) 31<\/a> <\/strong><strong>[<\/strong><span style=\"color: #ff0000\"><strong>IF<\/strong><\/span><strong>\/MedIF(2022)=<\/strong><span style=\"color: #ff0000\"><strong>2.9<\/strong><\/span><strong>\/2.5=1.160] <\/strong>(10 pages).<\/li>\n<li>U. SHEIKH, Y. AZIZ, M. Z. BHATTI, and <strong>R. PIN\u010c\u00c1K<\/strong>, On evolution of compact stars from string fluid in Rastall gravity, <a href=\"https:\/\/www.worldscientific.com\/doi\/10.1142\/S0219887823500585\"><strong>International<\/strong> <strong>Journal of Geometric Methods in Modern Physics 20 (2023) 2350058<\/strong><\/a> <strong>[<\/strong><span style=\"color: #ff0000\"><strong>IF<\/strong><\/span><strong>\/MedIF(2022)=<\/strong><span style=\"color: #ff0000\"><strong>1.8<\/strong><\/span><strong>\/1.5=1.200] <\/strong>(28 pages).<\/li>\n<li>A. MUSTAFA, C. \u00d6ZEL, A. PIGAZZINI, and <strong>R. PIN\u010c\u00c1K<\/strong>, Existence and Nonexistence of Warped Product Submanifolds of Almost Contact Manifolds, <a href=\"https:\/\/dergipark.org.tr\/en\/pub\/iejg\/issue\/76040\/1131334\"><strong>International Electronic Journal of Geometry 16 (2023) 367<\/strong>\u00a0<\/a><strong>[<\/strong><span style=\"color: #ff0000\"><strong>IF<\/strong><\/span><strong>\/MedIF(2022)=<\/strong><span style=\"color: #ff0000\"><strong>0.7<\/strong><\/span><strong>\/0.9=0.778] <\/strong>(12 pages).<\/li>\n<li>A. PIGAZZINI, C. \u00d6ZEL, S. JAFARI, and <strong>R. PIN\u010c\u00c1K<\/strong>, and A. DeBENEDICTIS, A family of special case sequential warped-product manifolds, <a href=\"http:\/\/www.aimspress.com\/article\/doi\/10.3934\/jgm.2023006\"><strong>Journal of Geometric Mechanics 15 (2023) 116<\/strong><\/a> <strong>[<\/strong><span style=\"color: #ff0000\"><strong>IF<\/strong><\/span><strong>\/MedIF(2022)=<\/strong><span style=\"color: #ff0000\"><strong>0.8<\/strong><\/span><strong>\/1.5=0.533] <\/strong>(12 pages).<\/li>\n<li>M. PUDLAK and <strong>R. PIN\u010c\u00c1K<\/strong>, Photosynthetic Complex: Exciton Transfer and Electron-Hole Separation Quantum Yields, <a href=\"https:\/\/pubs.acs.org\/doi\/10.1021\/acs.jpca.3c01884?ref=PDF\"><strong>J. Phys. Chem. A 127 (2023) 5795<\/strong><\/a> <strong>[<\/strong><span style=\"color: #ff0000\"><strong>IF<\/strong><\/span><strong>\/MedIF(2022)=<\/strong><span style=\"color: #ff0000\"><strong>2.9<\/strong><\/span><strong>\/2.3=1.261] <\/strong>(10 pages).<\/li>\n<li>S. RASHID, U. SEIKH, A. SATTAR, and <strong>R. PIN\u010c\u00c1K<\/strong>, Hosoya polynomials and corresponding indices of aramids, <a href=\"https:\/\/www.worldscientific.com\/doi\/10.1142\/S0219887823501669\"><strong>International Journal of Geometric Methods in Modern Physics 20 (2023) 2350166 <\/strong><\/a>\u00a0<strong>[<\/strong><span style=\"color: #ff0000\"><strong>IF<\/strong><\/span><strong>\/MedIF(2022)=<\/strong><span style=\"color: #ff0000\"><strong>1.8<\/strong><\/span><strong>\/1.5=1.200] <\/strong>(23 pages).<\/li>\n<li>U. SHEIKH, S. ARSHAD, and <strong>R. PIN\u010c\u00c1K<\/strong>, Traversable Wormhole Models Supported by a String Cloud in Rainbow Gravity, <a href=\"https:\/\/cdnsciencepub.com\/doi\/10.1139\/cjp-2023-0054\"><strong>Canadian Journal of Physics 101 (2023) 525<\/strong><\/a> <strong>[<\/strong><span style=\"color: #ff0000\"><strong>IF<\/strong><\/span><strong>\/MedIF(2022)=<\/strong><span style=\"color: #ff0000\"><strong>1.2<\/strong><\/span><strong>\/2.6=0.462] <\/strong>(7 pages).<\/li>\n<li>B. Z. KOPELIOVICH, M. KRELINA, <strong>J. NEMCHIK<\/strong>, and I. POTASHNIKOVA, Ultraperipheral nuclear collisions as a source of heavy quarkonia, <a href=\"https:\/\/journals.aps.org\/prd\/pdf\/10.1103\/PhysRevD.107.054005\"><strong>Physical Review D 107 (2023) 054005<\/strong><\/a>\u00a0<strong>[<\/strong><span style=\"color: #ff0000\"><strong>IF<\/strong><\/span><strong>\/MedIF(2022)=<\/strong><span style=\"color: #ff0000\"><strong>5<\/strong><\/span><strong>\/2.8=1.786] <\/strong>(13 pages).<\/li>\n<li>B. KOPELIOVICH, <strong>J. NEMCHIK<\/strong>, I. POTASHNIKOVA, and I. SCHMIDT, Unconventional Mechanisms of Heavy Quark Fragmentation, <a href=\"https:\/\/www.mdpi.com\/2218-1997\/9\/9\/418\"><strong>Universe 9 (2023) 418<\/strong><\/a> <strong>[<\/strong><span style=\"color: #ff0000\"><strong>IF<\/strong><\/span><strong>\/MedIF(2022)=<\/strong><span style=\"color: #ff0000\"><strong>2.9<\/strong><\/span><strong>\/2.5=1.160] <\/strong>(10 pages).<\/li>\n<li><strong>H. VARGOV\u00c1<\/strong> (70%) and J. STRE\u010cKA (30%),\u00a0 Distribution of a bipartite entanglement in a mixed spin-(1\/2,1) Heisenberg tetramer, <a href=\"https:\/\/www.sciencedirect.com\/science\/article\/pii\/S0378437123006015\"><strong>Physica A: Statistical Mechanics and its Applications 625 (2023) 129046<\/strong><\/a> <strong>[<\/strong><span style=\"color: #ff0000\"><strong>IF<\/strong><\/span><strong>\/MedIF(2022)=<\/strong><span style=\"color: #ff0000\"><strong>3.3<\/strong><\/span><strong>\/2.6=1.269] <\/strong>(21 pages).<\/li>\n<\/ol>\n<p>&nbsp;<\/p>\n<h4><strong>Publik\u00e1cie v registrovan\u00fdch dom\u00e1cich a zahrani\u010dn\u00fdch neimpaktovan\u00fdch \u010dasopisoch a zborn\u00edkoch:<\/strong><\/h4>\n<ol>\n<li><strong>R. PIN\u010c\u00c1K<\/strong>, A. PIGAZZINI, S. JAFARI, \u00d6. KORKMAZ, C. \u00d6ZEL, and E. BARTOS, A possible interpretation of financial markets affected by dark volatility, <a href=\"http:\/\/www.aimspress.com\/article\/doi\/10.3934\/cam.2023006\"><strong>Communications in Analysis and Mechanics 15 (2023) 91<\/strong><\/a> (20 pages).<\/li>\n<li><strong>J. NEMCHIK<\/strong> and B. Z. KOPELIOVICH, Nuclear Effects in Coherent Photoproduction of Heavy Quarkonia, <a href=\"https:\/\/www.actaphys.uj.edu.pl\/fulltext?series=Sup&amp;vol=16&amp;aid=5-A5\"><strong>Acta Physica Polonica Proceedings Supplement 16 no. 5 (2023) 7<\/strong><\/a> (9 pages).<\/li>\n<li><strong>\u00a0M. HNATI\u010c<\/strong>, M. KECER, T. LU\u010cIVJANSKY, L. MI\u017dI\u0160IN, and Yu. G. MOLOTKOV, Dynamic Isotropic Percolation Process: Renormalization Group Analysis, <strong>15th Chaotic Modeling and Simulation International Conference<\/strong>, Publisher : Springer Cham, Editors Christos H. Skiadas, Yiannis Dimotikalis, ebook ISBN: 978-3-031-27082-6, hardcover ISBN: 978-3-031-27081-9, 111-123, (2023).<\/li>\n<li><strong>\u00a0M. HNATI\u010c,<\/strong> M. KECER, T. LU\u010cIVJANSKY, Smoluchowski Approximation: Analysis of Reaction-Diffusion Systems with Long-Range Spreading. <strong>15th Chaotic Modeling and Simulation International Conference<\/strong>, Publisher : Springer Cham, Editors Christos H. Skiadas, Yiannis Dimotikalis, ebook ISBN: 978-3-031-27082-6, hardcover<br \/>\nISBN: 978-3-031-27081-9, 99-110 (2023).<\/li>\n<li><strong>\u00a0M. HNATI\u010c<\/strong>, T. LU\u010cIVJANSKY, L. MI\u017dI\u0160IN, and Yu. G. MOLOTKOV, Magnetohydrodynamic turbulence: renormalization analysis in the second order. <strong>Proceedings 22nd Small Triangle Meeting<\/strong>, Publisher: Equilibria s.r.o. Kosice, Editors J. Bu\u0161a, M. Hnati\u010d, P. Kop\u010dansk\u00fd, ISBN 978-80-8143-337-5, 22-29 (2023).<\/li>\n<li><strong>\u00a0M. HNATI\u010c<\/strong>, M. KECER, and T. LU\u010cIVJANSKY, Influence of thermal fluctuations on anomalous kinetics of multi-species<br \/>\nreaction-diffusion system, <strong>Proceedings 22nd Small Triangle Meeting<\/strong>, Publisher: Equilibria s.r.o. Kosice, Editors J. Bu\u0161a, M. Hnati\u010d, P. Kop\u010dansk\u00fd, ISBN 978-80-8143-337-5, 12-21 (2023).<\/li>\n<\/ol>\n<p>&nbsp;<\/p>\n<p>&nbsp;<\/p>\n<p><img loading=\"lazy\" decoding=\"async\" class=\"aligncenter wp-image-8047\" src=\"http:\/\/websrv.saske.sk\/uef\/wp-content\/uploads\/2024\/01\/graf2023-1-300x191.jpg\" alt=\"\" width=\"663\" height=\"423\" srcset=\"https:\/\/websrv.saske.sk\/uef\/wp-content\/uploads\/2024\/01\/graf2023-1-300x191.jpg 300w, https:\/\/websrv.saske.sk\/uef\/wp-content\/uploads\/2024\/01\/graf2023-1.jpg 579w\" sizes=\"(max-width: 663px) 100vw, 663px\" \/><\/p>\n","protected":false},"excerpt":{"rendered":"<p>P. FARKA\u0160OVSK\u00dd, Hartree-Fock exploration of electronic ferroelectricity, valence transitions, and metal-insulator transitions in the extended Falicov-Kimball model, Physical Review B 108 (2023) 075161 [IF\/MedIF(2022)=3.7\/2.8=1.321] (10&#8230;<\/p>\n","protected":false},"author":1,"featured_media":0,"parent":883,"menu_order":0,"comment_status":"closed","ping_status":"closed","template":"","meta":{"footnotes":""},"_links":{"self":[{"href":"https:\/\/websrv.saske.sk\/uef\/wp-json\/wp\/v2\/pages\/7298"}],"collection":[{"href":"https:\/\/websrv.saske.sk\/uef\/wp-json\/wp\/v2\/pages"}],"about":[{"href":"https:\/\/websrv.saske.sk\/uef\/wp-json\/wp\/v2\/types\/page"}],"author":[{"embeddable":true,"href":"https:\/\/websrv.saske.sk\/uef\/wp-json\/wp\/v2\/users\/1"}],"replies":[{"embeddable":true,"href":"https:\/\/websrv.saske.sk\/uef\/wp-json\/wp\/v2\/comments?post=7298"}],"version-history":[{"count":48,"href":"https:\/\/websrv.saske.sk\/uef\/wp-json\/wp\/v2\/pages\/7298\/revisions"}],"predecessor-version":[{"id":9618,"href":"https:\/\/websrv.saske.sk\/uef\/wp-json\/wp\/v2\/pages\/7298\/revisions\/9618"}],"up":[{"embeddable":true,"href":"https:\/\/websrv.saske.sk\/uef\/wp-json\/wp\/v2\/pages\/883"}],"wp:attachment":[{"href":"https:\/\/websrv.saske.sk\/uef\/wp-json\/wp\/v2\/media?parent=7298"}],"curies":[{"name":"wp","href":"https:\/\/api.w.org\/{rel}","templated":true}]}}