{"id":698,"date":"2018-10-03T13:28:07","date_gmt":"2018-10-03T11:28:07","guid":{"rendered":"http:\/\/websrv.saske.sk\/uef\/?page_id=698"},"modified":"2019-02-19T11:49:08","modified_gmt":"2019-02-19T10:49:08","slug":"kontakt","status":"publish","type":"page","link":"https:\/\/websrv.saske.sk\/uef\/oddelenia-a-laboratoria\/oddelenie-kozmickej-fyziky-a-detasovane-pracovisko-na-lomnickom-stite\/kontakt\/","title":{"rendered":"Kontakt"},"content":{"rendered":"<p style=\"text-align: center;\">\u00dastav experiment\u00e1lnej fyziky SAV<\/p>\n<p style=\"text-align: center;\">Oddelenie kozmickej fyziky,<\/p>\n<p style=\"text-align: center;\">pracovisko Bulharsk\u00e1 2,<\/p>\n<p style=\"text-align: center;\">040 01 Ko\u0161ice<\/p>\n<p style=\"text-align: center;\">tel: 055 \/ 7204-122<\/p>\n<p style=\"text-align: center;\">e-mail: bobik@saske.sk<\/p>\n<p style=\"text-align: center;\">web: <a href=\"http:\/\/space.saske.sk\">http:\/\/space.saske.sk<\/a><\/p>\n","protected":false},"excerpt":{"rendered":"<p>\u00dastav experiment\u00e1lnej fyziky SAV Oddelenie kozmickej fyziky, pracovisko Bulharsk\u00e1 2, 040 01 Ko\u0161ice tel: 055 \/ 7204-122 e-mail: bobik@saske.sk web: http:\/\/space.saske.sk<\/p>\n","protected":false},"author":4,"featured_media":0,"parent":560,"menu_order":40,"comment_status":"closed","ping_status":"closed","template":"","meta":{"footnotes":""},"_links":{"self":[{"href":"https:\/\/websrv.saske.sk\/uef\/wp-json\/wp\/v2\/pages\/698"}],"collection":[{"href":"https:\/\/websrv.saske.sk\/uef\/wp-json\/wp\/v2\/pages"}],"about":[{"href":"https:\/\/websrv.saske.sk\/uef\/wp-json\/wp\/v2\/types\/page"}],"author":[{"embeddable":true,"href":"https:\/\/websrv.saske.sk\/uef\/wp-json\/wp\/v2\/users\/4"}],"replies":[{"embeddable":true,"href":"https:\/\/websrv.saske.sk\/uef\/wp-json\/wp\/v2\/comments?post=698"}],"version-history":[{"count":4,"href":"https:\/\/websrv.saske.sk\/uef\/wp-json\/wp\/v2\/pages\/698\/revisions"}],"predecessor-version":[{"id":1929,"href":"https:\/\/websrv.saske.sk\/uef\/wp-json\/wp\/v2\/pages\/698\/revisions\/1929"}],"up":[{"embeddable":true,"href":"https:\/\/websrv.saske.sk\/uef\/wp-json\/wp\/v2\/pages\/560"}],"wp:attachment":[{"href":"https:\/\/websrv.saske.sk\/uef\/wp-json\/wp\/v2\/media?parent=698"}],"curies":[{"name":"wp","href":"https:\/\/api.w.org\/{rel}","templated":true}]}}