{"id":694,"date":"2018-10-03T13:22:29","date_gmt":"2018-10-03T11:22:29","guid":{"rendered":"http:\/\/websrv.saske.sk\/uef\/?page_id=694"},"modified":"2025-05-05T21:46:28","modified_gmt":"2025-05-05T19:46:28","slug":"ludia","status":"publish","type":"page","link":"https:\/\/websrv.saske.sk\/uef\/oddelenia-a-laboratoria\/oddelenie-kozmickej-fyziky-a-detasovane-pracovisko-na-lomnickom-stite\/ludia\/","title":{"rendered":"\u013dudia"},"content":{"rendered":"<table style=\"height: 450px\" width=\"474\">\n<tbody>\n<tr align=\"left\">\n<td><strong>Ved\u00faci oddelenia:<\/strong><\/td>\n<td><strong><a href=\"http:\/\/www.sav.sk\/?lang=sk&amp;charset=&amp;doc=org-user&amp;user_no=4225\">RNDr. \u0160imon Mackovjak, PhD.<\/a><\/strong><\/td>\n<\/tr>\n<tr align=\"left\">\n<td><\/td>\n<td><\/td>\n<\/tr>\n<tr align=\"left\">\n<td><strong>Pracovn\u00edci oddelenia:\u00a0<\/strong><\/td>\n<td><strong><a href=\"http:\/\/www.sav.sk\/?lang=sk&amp;charset=&amp;doc=org-user&amp;user_no=4024\">Ing. J\u00e1n Bal\u00e1\u017e, PhD.<\/a><\/strong><\/td>\n<\/tr>\n<tr align=\"left\">\n<td><\/td>\n<td><strong><a href=\"http:\/\/www.sav.sk\/?lang=sk&amp;charset=&amp;doc=org-user&amp;user_no=8909\">RNDr. Pavol Bob\u00edk, PhD.<\/a><\/strong><\/td>\n<\/tr>\n<tr align=\"left\">\n<td><\/td>\n<td><strong><a href=\"http:\/\/www.sav.sk\/?lang=sk&amp;charset=&amp;doc=org-user&amp;user_no=8909\">Ing. Michaela Dolini\u010dov\u00e1<\/a><\/strong><\/td>\n<\/tr>\n<tr align=\"left\">\n<td><\/td>\n<td><strong><a href=\"http:\/\/www.sav.sk\/index.php?lang=sk&amp;charset=&amp;doc=org-user&amp;user_no=6256\">Ing. J\u00e1n Kuban\u010d\u00e1k, PhD.<\/a><\/strong><\/td>\n<\/tr>\n<tr align=\"left\">\n<td><\/td>\n<td><strong><a href=\"http:\/\/www.sav.sk\">Mgr. Ronald Langer<\/a><\/strong><\/td>\n<\/tr>\n<tr align=\"left\">\n<td><\/td>\n<td><strong><a href=\"http:\/\/www.sav.sk\/?lang=sk&amp;charset=&amp;doc=org-user&amp;user_no=4017\">RNDr. Blahoslav Pastir\u010d\u00e1k, CSc.<\/a><\/strong><\/td>\n<\/tr>\n<tr align=\"left\">\n<td><\/td>\n<td><strong><a href=\"http:\/\/www.sav.sk\/?lang=sk&amp;charset=&amp;doc=org-user&amp;user_no=4072\">Ing. Igor Strh\u00e1rsk\u00fd<\/a><\/strong><\/td>\n<\/tr>\n<tr align=\"left\">\n<td><\/td>\n<td><strong><a href=\"http:\/\/www.sav.sk\/index.php?lang=sk&amp;charset=&amp;doc=org-user&amp;user_no=6280\">Samuel \u0160tef\u00e1nik<\/a><\/strong><\/td>\n<\/tr>\n<tr align=\"left\">\n<td><\/td>\n<td><strong><a href=\"http:\/\/www.sav.sk\/?lang=sk&amp;charset=&amp;doc=org-user&amp;user_no=5430\">Mgr. Jana \u0160tetiarov\u00e1<\/a><\/strong><\/td>\n<\/tr>\n<tr align=\"left\">\n<td><\/td>\n<td><a href=\"truska@saske.sk\"><strong>Ing. Du\u0161an Truska<\/strong><\/a><\/td>\n<\/tr>\n<tr align=\"left\">\n<td><\/td>\n<td><\/td>\n<\/tr>\n<tr align=\"left\">\n<td><strong>Doktorand:<\/strong><\/td>\n<td><a href=\"kostarova@saske.sk\"><strong>Ing. Silvia Kost\u00e1rov\u00e1<\/strong><\/a><\/td>\n<\/tr>\n<tr align=\"left\">\n<td><\/td>\n<\/tr>\n<\/tbody>\n<\/table>\n","protected":false},"excerpt":{"rendered":"<p>Ved\u00faci oddelenia: RNDr. \u0160imon Mackovjak, PhD. Pracovn\u00edci oddelenia:\u00a0 Ing. J\u00e1n Bal\u00e1\u017e, PhD. RNDr. Pavol Bob\u00edk, PhD. Ing. Michaela Dolini\u010dov\u00e1 Ing. J\u00e1n Kuban\u010d\u00e1k, PhD. Mgr. Ronald&#8230;<\/p>\n","protected":false},"author":4,"featured_media":0,"parent":560,"menu_order":20,"comment_status":"closed","ping_status":"closed","template":"","meta":{"footnotes":""},"_links":{"self":[{"href":"https:\/\/websrv.saske.sk\/uef\/wp-json\/wp\/v2\/pages\/694"}],"collection":[{"href":"https:\/\/websrv.saske.sk\/uef\/wp-json\/wp\/v2\/pages"}],"about":[{"href":"https:\/\/websrv.saske.sk\/uef\/wp-json\/wp\/v2\/types\/page"}],"author":[{"embeddable":true,"href":"https:\/\/websrv.saske.sk\/uef\/wp-json\/wp\/v2\/users\/4"}],"replies":[{"embeddable":true,"href":"https:\/\/websrv.saske.sk\/uef\/wp-json\/wp\/v2\/comments?post=694"}],"version-history":[{"count":11,"href":"https:\/\/websrv.saske.sk\/uef\/wp-json\/wp\/v2\/pages\/694\/revisions"}],"predecessor-version":[{"id":9054,"href":"https:\/\/websrv.saske.sk\/uef\/wp-json\/wp\/v2\/pages\/694\/revisions\/9054"}],"up":[{"embeddable":true,"href":"https:\/\/websrv.saske.sk\/uef\/wp-json\/wp\/v2\/pages\/560"}],"wp:attachment":[{"href":"https:\/\/websrv.saske.sk\/uef\/wp-json\/wp\/v2\/media?parent=694"}],"curies":[{"name":"wp","href":"https:\/\/api.w.org\/{rel}","templated":true}]}}