{"id":692,"date":"2018-10-03T13:22:05","date_gmt":"2018-10-03T11:22:05","guid":{"rendered":"http:\/\/websrv.saske.sk\/uef\/?page_id=692"},"modified":"2019-02-18T14:24:41","modified_gmt":"2019-02-18T13:24:41","slug":"zameranie","status":"publish","type":"page","link":"https:\/\/websrv.saske.sk\/uef\/oddelenia-a-laboratoria\/oddelenie-kozmickej-fyziky-a-detasovane-pracovisko-na-lomnickom-stite\/zameranie\/","title":{"rendered":"Zameranie"},"content":{"rendered":"<p>V\u00fdskum je zameran\u00fd na \u0161t\u00fadium fyzik\u00e1lnych procesov v kozme, ktor\u00e9 sa odohr\u00e1vaj\u00fa v extr\u00e9mnych podmienkach a nemo\u017eno ich sledova\u0165 v laborat\u00f3rnych podmienkach, a o ktor\u00fdch\u00a0 energetick\u00e9 kozmick\u00e9 \u010dastice vr\u00e1tane galaktick\u00e9ho kozmick\u00e9ho \u017eiarenia\u00a0 pod\u00e1vaj\u00fa inform\u00e1cie. V\u00fdskum zah\u0155\u0148a <strong>anal\u00fdzu pozemn\u00fdch aj dru\u017eicov\u00fdch meran\u00ed<\/strong>, <strong>simul\u00e1ciu kozmofyzik\u00e1lnych procesov v heliosf\u00e9re a magnetosf\u00e9re Zeme<\/strong> a <strong>pr\u00edpravu nov\u00fdch kozmick\u00fdch experimentov<\/strong>.<\/p>\n<p>Doteraz sa Oddelenie z\u00fa\u010dastnilo na v\u00fdvoji experiment\u00e1lnych vedeck\u00fdch aparat\u00far, ktor\u00e9 boli umiestnen\u00e9 na <u>14 dru\u017eiciach<\/u>, <u>dvoch kozmick\u00fdch sond\u00e1ch<\/u> a <u>dvoch suborbit\u00e1lnych raket\u00e1ch<\/u>. Pozemn\u00e9 merania neutr\u00f3nov\u00fdm monitorom prebiehaj\u00fa spojite na Lomnickom \u0161t\u00edte, \u00fadaje v re\u00e1lnom \u010dase s\u00fa dostupn\u00e9 na\u00a0<a href=\"http:\/\/neutronmonitor.ta3.sk\"> http:\/\/neutronmonitor.ta3.sk<\/a>. Podrobnej\u0161ie inform\u00e1cie o Oddelen\u00ed kozmickej fyziky s\u00fa na: <a href=\"http:\/\/space.saske.sk\">http:\/\/space.saske.sk<\/a> .<\/p>\n<h3>Hlavn\u00e9 oblasti v\u00fdskumu:<\/h3>\n<ul>\n<li>vari\u00e1cie n\u00edzkoenergetickej zlo\u017eky kozmick\u00e9ho \u017eiarenia a vplyvy procesov v heliosf\u00e9re a zemskej magnetosf\u00e9re<\/li>\n<li>ur\u00fdch\u013eovanie, transport a straty \u010dast\u00edc stredn\u00fdch energi\u00ed (medzi slne\u010dn\u00fdm vetrom a kozmick\u00fdm \u017eiaren\u00edm) v zemskej magnetosf\u00e9re a v bl\u00edzkosti jej hrani\u010dn\u00fdch oblast\u00ed<\/li>\n<li>procesy ur\u00fdch\u013eovania na slne\u010dnom povrchu a ich odozvy v medziplanet\u00e1rnom prostred\u00ed a v bl\u00edzkosti Zeme s osobitn\u00fdm zrete\u013eom na neutr\u00e1lne emisie (neutr\u00f3ny, gama \u017eiarenie) vysok\u00fdch energi\u00ed<\/li>\n<li>s\u00favislosti medzi energetick\u00fdmi kozmick\u00fdmi \u010dasticami a kozmick\u00fdm po\u010das\u00edm<\/li>\n<li>procesy v plazmov\u00fdch \u00fatvaroch v bl\u00edzkosti in\u00fdch plan\u00e9t<\/li>\n<\/ul>\n<p><img loading=\"lazy\" decoding=\"async\" class=\"aligncenter\" src=\"\/uef-intranet-old\/files\/okf\/dok2a.jpg\" alt=\"dok2a.jpg\" width=\"535\" height=\"401\" \/><\/p>\n<p><strong>Spektrometer kozmick\u00fdch energetick\u00fdch \u010dast\u00edc DOK-2, vyvinut\u00fd na Oddelen\u00ed kozmickej fyziky \u00daEF SAV v Ko\u0161iciach, poskytol mno\u017estvo cenn\u00fdch vedeck\u00fdch \u00fadajov o magnetosf\u00e9re Zeme.<\/strong><\/p>\n<p>&nbsp;<\/p>\n<p><strong><img loading=\"lazy\" decoding=\"async\" class=\"aligncenter\" src=\"\/uef-intranet-old\/files\/okf\/spacevac.jpg\" alt=\"spacevac.jpg\" width=\"535\" height=\"357\" \/><\/strong><\/p>\n<p><strong>Laborat\u00f3rne testovanie kozmickej techniky v simul\u00e1tore kozmick\u00e9ho prostredia SPACEVAC<\/strong><\/p>\n","protected":false},"excerpt":{"rendered":"<p>V\u00fdskum je zameran\u00fd na \u0161t\u00fadium fyzik\u00e1lnych procesov v kozme, ktor\u00e9 sa odohr\u00e1vaj\u00fa v extr\u00e9mnych podmienkach a nemo\u017eno ich sledova\u0165 v laborat\u00f3rnych podmienkach, a o ktor\u00fdch\u00a0&#8230;<\/p>\n","protected":false},"author":4,"featured_media":0,"parent":560,"menu_order":10,"comment_status":"closed","ping_status":"closed","template":"","meta":{"footnotes":""},"_links":{"self":[{"href":"https:\/\/websrv.saske.sk\/uef\/wp-json\/wp\/v2\/pages\/692"}],"collection":[{"href":"https:\/\/websrv.saske.sk\/uef\/wp-json\/wp\/v2\/pages"}],"about":[{"href":"https:\/\/websrv.saske.sk\/uef\/wp-json\/wp\/v2\/types\/page"}],"author":[{"embeddable":true,"href":"https:\/\/websrv.saske.sk\/uef\/wp-json\/wp\/v2\/users\/4"}],"replies":[{"embeddable":true,"href":"https:\/\/websrv.saske.sk\/uef\/wp-json\/wp\/v2\/comments?post=692"}],"version-history":[{"count":4,"href":"https:\/\/websrv.saske.sk\/uef\/wp-json\/wp\/v2\/pages\/692\/revisions"}],"predecessor-version":[{"id":1923,"href":"https:\/\/websrv.saske.sk\/uef\/wp-json\/wp\/v2\/pages\/692\/revisions\/1923"}],"up":[{"embeddable":true,"href":"https:\/\/websrv.saske.sk\/uef\/wp-json\/wp\/v2\/pages\/560"}],"wp:attachment":[{"href":"https:\/\/websrv.saske.sk\/uef\/wp-json\/wp\/v2\/media?parent=692"}],"curies":[{"name":"wp","href":"https:\/\/api.w.org\/{rel}","templated":true}]}}