{"id":6601,"date":"2022-07-15T09:02:04","date_gmt":"2022-07-15T07:02:04","guid":{"rendered":"https:\/\/websrv.saske.sk\/uef\/?page_id=6601"},"modified":"2023-01-31T10:20:33","modified_gmt":"2023-01-31T09:20:33","slug":"2022-2","status":"publish","type":"page","link":"https:\/\/websrv.saske.sk\/uef\/oddelenia-a-laboratoria\/oddelenie-teoretickej-fyziky\/publikacie-2\/2022-2\/","title":{"rendered":"2022"},"content":{"rendered":"<ol>\n<li><strong>P. FARKA\u0160OVSK\u00dd<\/strong>, Superconducting correlations in the two-dimensional Hubbard model with long-range electron hopping, <a href=\"https:\/\/www.sciencedirect.com\/science\/article\/abs\/pii\/S0921453422001265\"><strong>Physica C: Superconductivity and its Applications 602 (2022) 1354141\u00a0<\/strong><\/a> <strong>[<\/strong><span style=\"color: #ff0000\"><strong>IF<\/strong><\/span><strong>\/MedIF(2021)=<\/strong><span style=\"color: #ff0000\"><strong>1.534<\/strong><\/span><strong>\/3.097=0.495] <\/strong>(4 pages).<\/li>\n<li><strong>P. FARKA\u0160OVSK\u00dd<\/strong>, Ferromagnetism in the Three-dimensional Hubbard Model with Generalized Type of Electron Hopping, <a href=\"https:\/\/link.springer.com\/article\/10.1007\/s10948-022-06221-9\"><strong>Journal of Superconductivity and Novel Magnetism 35 (2022) 2391-2395<\/strong><\/a> <strong>[<\/strong><span style=\"color: #ff0000\"><strong>IF<\/strong><\/span><strong>\/MedIF(2021)=<\/strong><span style=\"color: #ff0000\"><strong>1.675<\/strong><\/span><strong>\/3.097=0.541] <\/strong>(5 pages).<\/li>\n<li><strong>P. FARKA\u0160OVK\u00dd<\/strong> and <strong>L. REGECIOV\u00c1<\/strong>, Ground state and thermodynamic properties of the coupled double-Ising model: application to rare-earth tetraborides, <a href=\"https:\/\/iopscience.iop.org\/article\/10.1088\/1361-648X\/ac8bbf\/meta\"><strong>Journal of Physics \u2013 Condensed Matter 34 (2022) 435802<\/strong><\/a>\u00a0<strong>[<\/strong><span style=\"color: #ff0000\"><strong>IF<\/strong><\/span><strong>\/MedIF(2021)=<\/strong><span style=\"color: #ff0000\"><strong>2.745<\/strong><\/span><strong>\/3.097=0.886] <\/strong>(11 pages).<\/li>\n<li><strong>L. REGECIOV\u00c1<\/strong> and <strong>P. FARKA\u0160OVSK\u00dd<\/strong>, Ground states and thermodynamics of the spin-electron model with mixed spins: Application to rare-earth tetraborides, <a href=\"https:\/\/www.sciencedirect.com\/science\/article\/abs\/pii\/S1386947722002302\"><strong>Physica E \u2013 Low-Dimensional systems and nanostructures 143 (2022) 115396 <\/strong><\/a><strong>[<\/strong><span style=\"color: #ff0000\"><strong>IF<\/strong><\/span><strong>\/MedIF(2021)=<\/strong><span style=\"color: #ff0000\"><strong>3.369<\/strong><\/span><strong>\/3.097=1.088] <\/strong>(6 pages).<\/li>\n<li><strong>L. REGECIOV\u00c1<\/strong> and <strong>P. FARKA\u0160OVSK\u00dd<\/strong>, The influence of double-exchange and Heisenberg interaction on magnetization processes in rare-earth tetraborides, <a href=\"https:\/\/www.sciencedirect.com\/science\/article\/abs\/pii\/S0304885321010064\"><strong>Journal of Magnetism and Magnetic Materials 546 (2022) 168780<\/strong><\/a> <strong>[<\/strong><span style=\"color: #ff0000\"><strong>IF<\/strong><\/span><strong>\/MedIF(2021)=<\/strong><span style=\"color: #ff0000\"><strong>3.097<\/strong><\/span><strong>\/3.097=1] <\/strong>(4 pages).<\/li>\n<li>L.Ts. ADZHEMYAN, D.A. EVDOKIMOV, <strong>M. HNATI\u010c<\/strong>, E.V. IVANOVA, M.V. KOMPANIETS, A. KUDLIS, and D.V. ZAKHAROV, The dynamic critical exponent z for 2d and 3d Ising models from five-loop \u03b5 expansion, <a href=\"https:\/\/www.sciencedirect.com\/science\/article\/pii\/S0375960121007349\"><strong>Physics Letters A 425 (2022) 127870<\/strong><\/a> <strong>[<\/strong><span style=\"color: #ff0000\"><strong>IF<\/strong><\/span><strong>\/MedIF(2021)=<\/strong><span style=\"color: #ff0000\"><strong>2.707<\/strong><\/span><strong>\/2.688=1.007] <\/strong>(6 pages).<\/li>\n<li>L.Ts. ADZHEMYAN, D.A. EVDOKIMOV, <strong>M. HNATI\u010c<\/strong>, E.V. IVANOVA, M.V. KOMPANIETS, A. KUDLIS, and D.V. ZAKHAROV, Model A of critical dynamics: 5-loop \u03b5 expansion study, <a href=\"https:\/\/www.sciencedirect.com\/science\/article\/pii\/S0378437122003739\"><strong>Physica A 600 (2022) 127530<\/strong><\/a> <strong>[<\/strong><span style=\"color: #ff0000\"><strong>IF<\/strong><\/span><strong>\/MedIF(2021)=<\/strong><span style=\"color: #ff0000\"><strong>3.778<\/strong><\/span><strong>\/2.688=1.406] <\/strong>(17 pages).<\/li>\n<li>K.B. OGANESYAN, <strong>M. HNATI\u010c<\/strong>, and P. KOP\u010cANSKY, An electron wave packet in the relativistic strophotron FEL, <a href=\"https:\/\/iopscience.iop.org\/article\/10.1088\/1612-202X\/ac3eeb\"><strong>Laser Physics Letters 19 (2022) 016001<\/strong><\/a> <strong>[<\/strong><span style=\"color: #ff0000\"><strong>IF<\/strong><\/span><strong>\/MedIF(2021)=<\/strong><span style=\"color: #ff0000\"><strong>1.704<\/strong><\/span><strong>\/2.748<\/strong><strong>=0.620] <\/strong>(4 pages).<\/li>\n<li>The MPD Collaboration (<strong>*M. HNATI\u010c, <\/strong>cca 500 Authors), Status and initial physics performance studies of the MPD experiment at NICA, <a href=\"https:\/\/link.springer.com\/article\/10.1140\/epja\/s10050-022-00750-6\"><strong>European Physical Journal A 58 (2022) 140<\/strong><\/a> <strong>[<\/strong><span style=\"color: #ff0000\"><strong>IF<\/strong><\/span><strong>\/MedIF(2021)=<\/strong><span style=\"color: #ff0000\"><strong>3.131<\/strong><\/span><strong>\/2.840<\/strong><strong>=1.102]<\/strong> (50 pages).<\/li>\n<li><strong>E. JUR\u010cI\u0160INOV\u00c1<\/strong> and <strong>M. JUR\u010cI\u0160IN<\/strong>, Phase diagram and thermodynamic properties of the frustrated ferro-antiferromagnetic spin system on the octahedral lattice, <a href=\"https:\/\/www.sciencedirect.com\/science\/article\/pii\/S0378437122004848\"><strong>Physica A 603 (2022) 127731<\/strong><\/a> <strong>[<\/strong><span style=\"color: #ff0000\"><strong>IF<\/strong><\/span><strong>\/MedIF(2021)=<\/strong><span style=\"color: #ff0000\"><strong>3.778<\/strong><\/span><strong>\/2.688=1.406] <\/strong>(14 pages).<\/li>\n<li><strong>E. JUR\u010cI\u0160INOV\u00c1<\/strong> and <strong>M. JUR\u010cI\u0160IN<\/strong>, Wasp-waisted hysteresis in magnetic materials with octahedral structure: A theoretical explanation based on exactly solvable model, <a href=\"https:\/\/www.sciencedirect.com\/science\/article\/pii\/S0375960122003073\"><strong>Physics Letters A 443 (2022) 128225<\/strong><\/a> <strong>[<\/strong><span style=\"color: #ff0000\"><strong>IF<\/strong><\/span><strong>\/MedIF(2021)=<\/strong><span style=\"color: #ff0000\"><strong>2.707<\/strong><\/span><strong>\/2.688=1.007] <\/strong>(6 pages).<\/li>\n<li><strong>E. JUR\u010cI\u0160INOV\u00c1<\/strong> and <strong>M. JUR\u010cI\u0160IN<\/strong>, Prediction of the existence of an intermediate phase in the antiferromagnetic J1-J2system on the face-centered cubic lattice,<a href=\"https:\/\/iopscience.iop.org\/article\/10.1209\/0295-5075\/ac36ef\"> <strong>Europhysics Letters 139 (2022) 26001\u00a0<\/strong><\/a><strong>[<\/strong><span style=\"color: #ff0000\"><strong>IF<\/strong><\/span><strong>\/MedIF(2021)=<\/strong><span style=\"color: #ff0000\"><strong>1.958<\/strong><\/span><strong>\/2.688=0.728] <\/strong>(7 pages).<\/li>\n<li><strong>E. JUR\u010cI\u0160INOV\u00c1<\/strong> and<strong> M. JUR\u010cI\u0160IN<\/strong>, General solution of spin-1 Ising model in the effective field theory approximation: critical temperatures and spontaneous magnetization, <a href=\"https:\/\/www.tandfonline.com\/doi\/full\/10.1080\/01411594.2021.1998495\"><strong>Phase Transitions 95 (2022) 1<\/strong><\/a> <strong>[<\/strong><span style=\"color: #ff0000\"><strong>IF<\/strong><\/span><strong>\/MedIF(2021)=<\/strong><span style=\"color: #ff0000\"><strong>1.529<\/strong><\/span><strong>\/3.097=0.494] <\/strong>(9 pages).<\/li>\n<li><strong>E. JUR\u010cI\u0160INOV\u00c1<\/strong> and <strong>M. JUR\u010cI\u0160IN<\/strong>, Influence of interaction-generated anisotropy on the antiferromagnetic spin system on the octahedral lattice, <a href=\"https:\/\/iopscience.iop.org\/article\/10.1209\/0295-5075\/aca1d9\"><strong>Europhysics Letters 140 (2022) 46002<\/strong><\/a> <strong>[<\/strong><span style=\"color: #ff0000\"><strong>IF<\/strong><\/span><strong>\/MedIF(2021)=<\/strong><span style=\"color: #ff0000\"><strong>1.958<\/strong><\/span><strong>\/2.688=0.728] <\/strong>(7 pages).<\/li>\n<li><strong>E. JUR\u010cI\u0160INOV\u00c1<\/strong> and<strong> M. JUR\u010cI\u0160IN<\/strong>, Single-ion anisotropy as the source of anomalies in thermodynamic properties of magnetic spin-1\/2 \u2212 1 mixed systems on square and simple cubic lattices, <a href=\"https:\/\/iopscience.iop.org\/article\/10.1088\/1742-5468\/ac9bf5\"><strong>Journal of Statistical Mechanics: Theory and Experiment 11 (2022) 113204<\/strong><\/a> <strong>[<\/strong><span style=\"color: #ff0000\"><strong>IF<\/strong><\/span><strong>\/MedIF(2021)=<\/strong><span style=\"color: #ff0000\"><strong>2.234<\/strong><\/span><strong>\/1.520=1.470] <\/strong>(25 pages).<\/li>\n<li>M. KUPKOV\u00c1, <strong>M. KUPKA<\/strong>, A. MOROVSK\u00c1 TURO\u0147OV\u00c1, R. ORI\u0147\u00c1KOV\u00c1, Microstructural, Mechanical and Corrosion Characteristics of Degradable PM Biomaterials Made from Copper-Coated Iron Powders, <a href=\"https:\/\/www.mdpi.com\/1996-1944\/15\/5\/1913\"><strong>Materials 15(5) (2022) 1913<\/strong><\/a> <strong>[<\/strong><span style=\"color: #ff0000\"><strong>IF<\/strong><\/span><strong>\/MedIF(2021)=<span style=\"color: #ff0000\">3.748<\/span><\/strong><strong>\/1.864=2.011] <\/strong>(13 pages).<\/li>\n<li>B.Z. KOPELIOVICH, M. KRELINA, <strong>J. NEMCHIK<\/strong>, and I.K. POTASHNIKOVA, Coherent photoproduction of heavy quarkonia on nuclei, <a href=\"https:\/\/journals.aps.org\/prd\/abstract\/10.1103\/PhysRevD.105.054023\"><strong>Physical Review D 105 (2022) 054023<\/strong><\/a> <strong>[<\/strong><span style=\"color: #ff0000\"><strong>IF<\/strong><\/span><strong>\/MedIF(2021)=<\/strong><span style=\"color: #ff0000\"><strong>5.407<\/strong><\/span><strong>\/2.840<\/strong><strong>=1.904] <\/strong>(10 pages).<\/li>\n<li>A. PIGAZZINI, <strong>R. PIN\u010c\u00c1K<\/strong>, S. JAFARI, and C. OZEL, Emerging hyperbolic spaces and some considerations in AdS cosmology, <a href=\"https:\/\/www.worldscientific.com\/doi\/10.1142\/S0219887822500621\"><strong>International Journal of Geometric Methods in Modern Physics 19 (2022) 2250062<\/strong><\/a> <strong>[<\/strong><span style=\"color: #ff0000\"><strong>IF<\/strong><\/span><strong>\/MedIF(2021)=<\/strong><span style=\"color: #ff0000\"><strong>1.873<\/strong><\/span><strong>\/1.520=1.232] <\/strong>(12 pages).<\/li>\n<li>M. PUDL\u00c1K, <strong>R. PIN\u010c\u00c1K<\/strong>, and E. BARTO\u0160, Effect of vibrational modes on electron transfer directionality: Photosynthetic reaction centers, <a href=\"https:\/\/journals.aps.org\/pre\/abstract\/10.1103\/PhysRevE.105.064408\"><strong>PHYSICAL REVIEW E 105 (2022) 064408<\/strong><\/a> <strong>[<\/strong><span style=\"color: #ff0000\"><strong>IF<\/strong><\/span><strong>\/MedIF(2021)=<\/strong><span style=\"color: #ff0000\"><strong>2.707<\/strong><\/span><strong>\/1.520=1.781] <\/strong>(7 pages).<\/li>\n<li>U. SHEIKH, S. RASHID, C. OZEL, and<strong> R. PIN\u010c\u00c1K<\/strong>, On Hosoya Polynomial and Subsequent Indices of C4C8(R) and C4C8(S) Nanosheets, <a href=\"https:\/\/doi.org\/10.3390\/sym14071349\"><strong>Symmetry 14 (2022) 1349<\/strong><\/a> <strong>[<\/strong><span style=\"color: #ff0000\"><strong>IF<\/strong><\/span><strong>\/MedIF(2021)=<\/strong><span style=\"color: #ff0000\"><strong>2.940<\/strong><\/span><strong>\/2.604=1.129] <\/strong>(15 pages).<\/li>\n<li>V. V. SHUNAEV, <strong>R. PIN\u010c\u00c1K<\/strong>, and O. E. GLUKHOVA, The energetical, electronic and optical properties of the intermetallic fullerene Fe@C60, <a href=\"https:\/\/www.sciencedirect.com\/science\/article\/abs\/pii\/S2210271X22001979?via%3Dihub\"><strong>Computational and Theoretical Chemistry 1214 (2022) 113784<\/strong><\/a> <strong>[<\/strong><span style=\"color: #ff0000\"><strong>IF<\/strong><\/span><strong>\/MedIF(2021)=<\/strong><span style=\"color: #ff0000\"><strong>2.292<\/strong><\/span><strong>\/3.841=0.597] <\/strong>(5 pages).<\/li>\n<li><strong>H. VARGOV\u00c1<\/strong> and J. STRE\u010cKA, Conventional and inverse magnetocaloric and electrocaloric effects of a mixed spin-(1\/2, 1) Heisenberg dimer, <a href=\"https:\/\/link.springer.com\/article\/10.1140\/epjp\/s13360-022-02694-8\"><strong>European Physical Journal Plus 137 (2022) 490<\/strong><\/a> <strong>[<\/strong><span style=\"color: #ff0000\"><strong>IF<\/strong><\/span><strong>\/MedIF(2021)=<\/strong><span style=\"color: #ff0000\"><strong>3.758<\/strong><\/span><strong>\/2.688=1.398] <\/strong>(12 pages).<\/li>\n<li><strong>H. VARGOV\u00c1<\/strong>, J. STRE\u010cKA, and N. TOMA\u0160OVI\u010cOV\u00c1, Effect of an uniaxial single-ion anisotropy on the quantum and thermal entanglement of a mixed spin-(1\/2, S) Heisenberg dimer, <a href=\"https:\/\/www.sciencedirect.com\/science\/article\/abs\/pii\/S0304885321010180\"><strong>Journal of Magnetism and Magnetic Materials 546 (2022) 168799<\/strong><\/a> <strong>[<\/strong><span style=\"color: #ff0000\"><strong>IF<\/strong><\/span><strong>\/MedIF(2021)=<\/strong><span style=\"color: #ff0000\"><strong>3.097<\/strong><\/span><strong>\/3.097=1] <\/strong>(4 pages).<\/li>\n<li><strong>H. VARGOV\u00c1<\/strong> and J. STRE\u010cKA, Influence of a further-neighbour interaction on a rotating magnetoelectric effect in a coupled spin\u2013electron model on a doubly decorated square lattice, <a href=\"https:\/\/www.sciencedirect.com\/science\/article\/abs\/pii\/S0304885321009252\"><strong>Journal of Magnetism and Magnetic Materials 544 (2022) 168691<\/strong><\/a> <strong>[<\/strong><span style=\"color: #ff0000\"><strong>IF<\/strong><\/span><strong>\/MedIF(2021)=<\/strong><span style=\"color: #ff0000\"><strong>3.097<\/strong><\/span><strong>\/3.097=1] <\/strong>(4 pages).<\/li>\n<\/ol>\n<p>&nbsp;<\/p>\n<p><img loading=\"lazy\" decoding=\"async\" class=\"aligncenter wp-image-7061\" src=\"http:\/\/websrv.saske.sk\/uef\/wp-content\/uploads\/2023\/01\/graf2022-300x225.jpg\" alt=\"\" width=\"663\" height=\"497\" srcset=\"https:\/\/websrv.saske.sk\/uef\/wp-content\/uploads\/2023\/01\/graf2022-300x225.jpg 300w, https:\/\/websrv.saske.sk\/uef\/wp-content\/uploads\/2023\/01\/graf2022.jpg 560w\" sizes=\"(max-width: 663px) 100vw, 663px\" \/><\/p>\n<h4><strong>Publik\u00e1cie v\u00a0registrovan\u00fdch\u00a0zahrani\u010dn\u00fdch neimpaktovan\u00fdch \u010dasopisoch a zborn\u00edkoch:<\/strong><\/h4>\n<ol>\n<li>E. A. AYRYAN, <strong>M. HNATI\u010c<\/strong>, and V. B. MALYUTIN, On the equivalence of the operator and combinatorial approaches for one-step random Markov processes, Proceedings of the National Academy of Sciences of Belarus, <a href=\"https:\/\/vestifm.belnauka.by\/jour\/article\/view\/626\"><strong>\u0420hysics and Mathematics series 58 (2022) 21<\/strong><\/a> (13 pages).<\/li>\n<li>M. KRELINA and <strong>J. NEMCHIK<\/strong>, Momentum transfer dependence of heavy quarkonium electroproduction, <a href=\"https:\/\/scipost.org\/SciPostPhysProc.8.114\"><strong>SciPost Phys. Proc. 8 (2022) 114<\/strong><\/a> (6 pages).<\/li>\n<\/ol>\n<p>&nbsp;<\/p>\n<h4><strong>Pr\u00edspevky v dom\u00e1cich zborn\u00edkoch a konferenci\u00e1ch:<\/strong><\/h4>\n<ol>\n<li><strong>R. PIN\u010c\u00c1K<\/strong>, Time travelling and parallel universes, \u00a026th CONFERENCE OF SLOVAK PHYSICISTS: PROCEEDINGS p. 13-18, Slovak Physical Society, 2022,\u00a0 ISBN 978-80-89855-19-3 (6 pages). (26. konferencia slovensk\u00fdch fyzikov 05.-08.09. 2022, Ko\u0161ice: <strong>Pozvan\u00e1 predn\u00e1\u0161ka<\/strong>)<\/li>\n<\/ol>\n<p>&nbsp;<\/p>\n","protected":false},"excerpt":{"rendered":"<p>P. FARKA\u0160OVSK\u00dd, Superconducting correlations in the two-dimensional Hubbard model with long-range electron hopping, Physica C: Superconductivity and its Applications 602 (2022) 1354141\u00a0 [IF\/MedIF(2021)=1.534\/3.097=0.495] (4 pages)&#8230;.<\/p>\n","protected":false},"author":1,"featured_media":0,"parent":883,"menu_order":0,"comment_status":"closed","ping_status":"closed","template":"","meta":{"footnotes":""},"_links":{"self":[{"href":"https:\/\/websrv.saske.sk\/uef\/wp-json\/wp\/v2\/pages\/6601"}],"collection":[{"href":"https:\/\/websrv.saske.sk\/uef\/wp-json\/wp\/v2\/pages"}],"about":[{"href":"https:\/\/websrv.saske.sk\/uef\/wp-json\/wp\/v2\/types\/page"}],"author":[{"embeddable":true,"href":"https:\/\/websrv.saske.sk\/uef\/wp-json\/wp\/v2\/users\/1"}],"replies":[{"embeddable":true,"href":"https:\/\/websrv.saske.sk\/uef\/wp-json\/wp\/v2\/comments?post=6601"}],"version-history":[{"count":25,"href":"https:\/\/websrv.saske.sk\/uef\/wp-json\/wp\/v2\/pages\/6601\/revisions"}],"predecessor-version":[{"id":7062,"href":"https:\/\/websrv.saske.sk\/uef\/wp-json\/wp\/v2\/pages\/6601\/revisions\/7062"}],"up":[{"embeddable":true,"href":"https:\/\/websrv.saske.sk\/uef\/wp-json\/wp\/v2\/pages\/883"}],"wp:attachment":[{"href":"https:\/\/websrv.saske.sk\/uef\/wp-json\/wp\/v2\/media?parent=6601"}],"curies":[{"name":"wp","href":"https:\/\/api.w.org\/{rel}","templated":true}]}}