{"id":6048,"date":"2022-01-14T12:18:48","date_gmt":"2022-01-14T11:18:48","guid":{"rendered":"https:\/\/websrv.saske.sk\/uef\/?page_id=6048"},"modified":"2025-04-08T13:19:56","modified_gmt":"2025-04-08T11:19:56","slug":"vedecka-rada","status":"publish","type":"page","link":"https:\/\/websrv.saske.sk\/uef\/o-nas\/organy-uef-sav-v-v-i\/vedecka-rada\/","title":{"rendered":"Vedeck\u00e1 rada"},"content":{"rendered":"<h3>Vedeck\u00e1 rada \u00dastavu experiment\u00e1lnej fyziky SAV, v. v. i.<\/h3>\n<p>&nbsp;<\/p>\n<p><em><strong>Predseda: <\/strong><\/em>RNDr. Ivan \u0160korv\u00e1nek, CSc.<\/p>\n<p><strong><em>Podpredseda<\/em><\/strong>: RNDr. Diana Fedunov\u00e1, PhD.<\/p>\n<p><strong><em>\u010clenovia:<\/em><\/strong><\/p>\n<p>Ing. Martina Konerack\u00e1, CSc.<\/p>\n<p>RNDr. Ivan Kr\u00e1lik, CSc.<\/p>\n<p>RNDr. Mari\u00e1n Sedl\u00e1k, DrSc.<\/p>\n<p>prof. RNDr. Peter Samualy, DrSc.<\/p>\n<p>RNDr. Nat\u00e1lia Toma\u0161ovi\u010dov\u00e1, CSc.<\/p>\n<p><strong><em>Extern\u00ed \u010dlenovia:<\/em><\/strong><\/p>\n<p>doc. RNDr. Erik \u010ci\u017em\u00e1r, PhD. \u2013 \u00dastav fyzik\u00e1lnych vied PF UPJ\u0160 Ko\u0161ice<\/p>\n<p>prof. Mgr. Daniel Jancura, PhD. &#8211; \u00dastav fyzik\u00e1lnych vied PF UPJ\u0160 Ko\u0161ice<\/p>\n<p>doc. RNDr. Jozef Krav\u010d\u00e1k, PhD. &#8211; Fakulta elektrotechniky a informatiky TU Ko\u0161ice<\/p>\n<p>Ing. Zdenko Krasnay\u00a0 \u2013 Siemens Healthcare, s.r.o.<\/p>\n<p>&nbsp;<\/p>\n<p>&nbsp;<\/p>\n","protected":false},"excerpt":{"rendered":"<p>Vedeck\u00e1 rada \u00dastavu experiment\u00e1lnej fyziky SAV, v. v. i. &nbsp; Predseda: RNDr. Ivan \u0160korv\u00e1nek, CSc. Podpredseda: RNDr. Diana Fedunov\u00e1, PhD. \u010clenovia: Ing. Martina Konerack\u00e1, CSc&#8230;.<\/p>\n","protected":false},"author":1,"featured_media":0,"parent":6019,"menu_order":0,"comment_status":"closed","ping_status":"closed","template":"","meta":{"footnotes":""},"_links":{"self":[{"href":"https:\/\/websrv.saske.sk\/uef\/wp-json\/wp\/v2\/pages\/6048"}],"collection":[{"href":"https:\/\/websrv.saske.sk\/uef\/wp-json\/wp\/v2\/pages"}],"about":[{"href":"https:\/\/websrv.saske.sk\/uef\/wp-json\/wp\/v2\/types\/page"}],"author":[{"embeddable":true,"href":"https:\/\/websrv.saske.sk\/uef\/wp-json\/wp\/v2\/users\/1"}],"replies":[{"embeddable":true,"href":"https:\/\/websrv.saske.sk\/uef\/wp-json\/wp\/v2\/comments?post=6048"}],"version-history":[{"count":23,"href":"https:\/\/websrv.saske.sk\/uef\/wp-json\/wp\/v2\/pages\/6048\/revisions"}],"predecessor-version":[{"id":8985,"href":"https:\/\/websrv.saske.sk\/uef\/wp-json\/wp\/v2\/pages\/6048\/revisions\/8985"}],"up":[{"embeddable":true,"href":"https:\/\/websrv.saske.sk\/uef\/wp-json\/wp\/v2\/pages\/6019"}],"wp:attachment":[{"href":"https:\/\/websrv.saske.sk\/uef\/wp-json\/wp\/v2\/media?parent=6048"}],"curies":[{"name":"wp","href":"https:\/\/api.w.org\/{rel}","templated":true}]}}