{"id":6040,"date":"2022-01-14T11:53:56","date_gmt":"2022-01-14T10:53:56","guid":{"rendered":"https:\/\/websrv.saske.sk\/uef\/?page_id=6040"},"modified":"2025-10-15T11:56:01","modified_gmt":"2025-10-15T09:56:01","slug":"dozorna-rada","status":"publish","type":"page","link":"https:\/\/websrv.saske.sk\/uef\/o-nas\/organy-uef-sav-v-v-i\/dozorna-rada\/","title":{"rendered":"Dozorn\u00e1 rada"},"content":{"rendered":"<h3>Dozorn\u00e1 rada \u00dastavu experiment\u00e1lnej fyziky SAV, v. v. i.<\/h3>\n<p>Zlo\u017eenie:<\/p>\n<ul class=\"ullivvi\">\n<li><b>doc. RNDr. Pavol Hvizdo\u0161, DrSc.<\/b> (predseda rady) &#8211; Slovensk\u00e1 akad\u00e9mia vied<\/li>\n<li><b>doc. Ing. Iveta Vaskov\u00e1, PhD., FMMR TUKE<\/b><\/li>\n<li><b>Ing. Romana Jurkiewiczov\u00e1<\/b> &#8211; Slovensk\u00e1 akad\u00e9mia vied<\/li>\n<\/ul>\n","protected":false},"excerpt":{"rendered":"<p>Dozorn\u00e1 rada \u00dastavu experiment\u00e1lnej fyziky SAV, v. v. i. Zlo\u017eenie: doc. RNDr. Pavol Hvizdo\u0161, DrSc. (predseda rady) &#8211; Slovensk\u00e1 akad\u00e9mia vied doc. Ing. Iveta Vaskov\u00e1,&#8230;<\/p>\n","protected":false},"author":1,"featured_media":0,"parent":6019,"menu_order":3,"comment_status":"closed","ping_status":"closed","template":"","meta":{"footnotes":""},"_links":{"self":[{"href":"https:\/\/websrv.saske.sk\/uef\/wp-json\/wp\/v2\/pages\/6040"}],"collection":[{"href":"https:\/\/websrv.saske.sk\/uef\/wp-json\/wp\/v2\/pages"}],"about":[{"href":"https:\/\/websrv.saske.sk\/uef\/wp-json\/wp\/v2\/types\/page"}],"author":[{"embeddable":true,"href":"https:\/\/websrv.saske.sk\/uef\/wp-json\/wp\/v2\/users\/1"}],"replies":[{"embeddable":true,"href":"https:\/\/websrv.saske.sk\/uef\/wp-json\/wp\/v2\/comments?post=6040"}],"version-history":[{"count":7,"href":"https:\/\/websrv.saske.sk\/uef\/wp-json\/wp\/v2\/pages\/6040\/revisions"}],"predecessor-version":[{"id":9529,"href":"https:\/\/websrv.saske.sk\/uef\/wp-json\/wp\/v2\/pages\/6040\/revisions\/9529"}],"up":[{"embeddable":true,"href":"https:\/\/websrv.saske.sk\/uef\/wp-json\/wp\/v2\/pages\/6019"}],"wp:attachment":[{"href":"https:\/\/websrv.saske.sk\/uef\/wp-json\/wp\/v2\/media?parent=6040"}],"curies":[{"name":"wp","href":"https:\/\/api.w.org\/{rel}","templated":true}]}}