{"id":6034,"date":"2022-01-14T11:47:36","date_gmt":"2022-01-14T10:47:36","guid":{"rendered":"https:\/\/websrv.saske.sk\/uef\/?page_id=6034"},"modified":"2022-04-28T09:12:47","modified_gmt":"2022-04-28T07:12:47","slug":"spravna-rada","status":"publish","type":"page","link":"https:\/\/websrv.saske.sk\/uef\/o-nas\/organy-uef-sav-v-v-i\/spravna-rada\/","title":{"rendered":"Spr\u00e1vna rada"},"content":{"rendered":"<h3>Spr\u00e1vna rada \u00dastavu experiment\u00e1lnej fyziky SAV, v. v. i.<\/h3>\n<h4><strong>Zlo\u017eenie:<\/strong><\/h4>\n<p>doc. RNDr. Zuzana Ga\u017eov\u00e1, DrSc. &#8211; predseda<br \/>\nRNDr. Pavol Bob\u00edk, PhD.<br \/>\ndoc. RNDr. Slavom\u00edr Gab\u00e1ni, PhD.<br \/>\nRNDr. Alena Jur\u00edkov\u00e1, CSc.<br \/>\nRNDr. Pavol Str\u00ed\u017eenec, CSc.<\/p>\n<p>&nbsp;<\/p>\n<h4><\/h4>\n","protected":false},"excerpt":{"rendered":"<p>Spr\u00e1vna rada \u00dastavu experiment\u00e1lnej fyziky SAV, v. v. i. Zlo\u017eenie: doc. RNDr. Zuzana Ga\u017eov\u00e1, DrSc. &#8211; predseda RNDr. Pavol Bob\u00edk, PhD. doc. RNDr. Slavom\u00edr Gab\u00e1ni,&#8230;<\/p>\n","protected":false},"author":1,"featured_media":0,"parent":6019,"menu_order":2,"comment_status":"closed","ping_status":"closed","template":"","meta":{"footnotes":""},"_links":{"self":[{"href":"https:\/\/websrv.saske.sk\/uef\/wp-json\/wp\/v2\/pages\/6034"}],"collection":[{"href":"https:\/\/websrv.saske.sk\/uef\/wp-json\/wp\/v2\/pages"}],"about":[{"href":"https:\/\/websrv.saske.sk\/uef\/wp-json\/wp\/v2\/types\/page"}],"author":[{"embeddable":true,"href":"https:\/\/websrv.saske.sk\/uef\/wp-json\/wp\/v2\/users\/1"}],"replies":[{"embeddable":true,"href":"https:\/\/websrv.saske.sk\/uef\/wp-json\/wp\/v2\/comments?post=6034"}],"version-history":[{"count":16,"href":"https:\/\/websrv.saske.sk\/uef\/wp-json\/wp\/v2\/pages\/6034\/revisions"}],"predecessor-version":[{"id":6385,"href":"https:\/\/websrv.saske.sk\/uef\/wp-json\/wp\/v2\/pages\/6034\/revisions\/6385"}],"up":[{"embeddable":true,"href":"https:\/\/websrv.saske.sk\/uef\/wp-json\/wp\/v2\/pages\/6019"}],"wp:attachment":[{"href":"https:\/\/websrv.saske.sk\/uef\/wp-json\/wp\/v2\/media?parent=6034"}],"curies":[{"name":"wp","href":"https:\/\/api.w.org\/{rel}","templated":true}]}}