{"id":554,"date":"2018-10-02T11:41:02","date_gmt":"2018-10-02T09:41:02","guid":{"rendered":"http:\/\/websrv.saske.sk\/uef\/?page_id=554"},"modified":"2018-10-08T16:53:59","modified_gmt":"2018-10-08T14:53:59","slug":"oddelenie-biofyziky","status":"publish","type":"page","link":"https:\/\/websrv.saske.sk\/uef\/oddelenia-a-laboratoria\/oddelenie-biofyziky\/","title":{"rendered":"Oddelenie biofyziky"},"content":{"rendered":"<p>Vitajte na str\u00e1nkach Oddelenia biofyziky, ktor\u00e9\u00a0 je jedn\u00fdm z desiatich oddelen\u00ed \u00dastavu experiment\u00e1lnej fyziky SAV. Medzi k\u013e\u00fa\u010dov\u00e9 aktivity oddelenia patr\u00ed z\u00e1kladn\u00fd v\u00fdskum v\u00a0oblasti biofyziky, bioch\u00e9mie a\u00a0biomedic\u00edny. Zameranie oddelenia pokr\u00fdva \u0161irok\u00fa oblas\u0165 biologick\u00fdch t\u00e9m a\u00a0biofyzik\u00e1lnych techn\u00edk.<\/p>\n<p>&nbsp;<\/p>\n<p style=\"text-align: center\"><em>\u010eakujeme za Va\u0161u n\u00e1v\u0161tevu, prezrite si na\u0161u str\u00e1nku a\u00a0spoznajte kto sme a\u00a0\u010d\u00edm sa zaober\u00e1me.<\/em><\/p>\n","protected":false},"excerpt":{"rendered":"<p>Vitajte na str\u00e1nkach Oddelenia biofyziky, ktor\u00e9\u00a0 je jedn\u00fdm z desiatich oddelen\u00ed \u00dastavu experiment\u00e1lnej fyziky SAV. Medzi k\u013e\u00fa\u010dov\u00e9 aktivity oddelenia patr\u00ed z\u00e1kladn\u00fd v\u00fdskum v\u00a0oblasti biofyziky, bioch\u00e9mie&#8230;<\/p>\n","protected":false},"author":1,"featured_media":0,"parent":9,"menu_order":0,"comment_status":"closed","ping_status":"closed","template":"","meta":{"footnotes":""},"_links":{"self":[{"href":"https:\/\/websrv.saske.sk\/uef\/wp-json\/wp\/v2\/pages\/554"}],"collection":[{"href":"https:\/\/websrv.saske.sk\/uef\/wp-json\/wp\/v2\/pages"}],"about":[{"href":"https:\/\/websrv.saske.sk\/uef\/wp-json\/wp\/v2\/types\/page"}],"author":[{"embeddable":true,"href":"https:\/\/websrv.saske.sk\/uef\/wp-json\/wp\/v2\/users\/1"}],"replies":[{"embeddable":true,"href":"https:\/\/websrv.saske.sk\/uef\/wp-json\/wp\/v2\/comments?post=554"}],"version-history":[{"count":3,"href":"https:\/\/websrv.saske.sk\/uef\/wp-json\/wp\/v2\/pages\/554\/revisions"}],"predecessor-version":[{"id":1036,"href":"https:\/\/websrv.saske.sk\/uef\/wp-json\/wp\/v2\/pages\/554\/revisions\/1036"}],"up":[{"embeddable":true,"href":"https:\/\/websrv.saske.sk\/uef\/wp-json\/wp\/v2\/pages\/9"}],"wp:attachment":[{"href":"https:\/\/websrv.saske.sk\/uef\/wp-json\/wp\/v2\/media?parent=554"}],"curies":[{"name":"wp","href":"https:\/\/api.w.org\/{rel}","templated":true}]}}