{"id":3960,"date":"2020-02-17T09:45:54","date_gmt":"2020-02-17T08:45:54","guid":{"rendered":"http:\/\/websrv.saske.sk\/uef\/?page_id=3960"},"modified":"2025-04-08T08:53:28","modified_gmt":"2025-04-08T06:53:28","slug":"diagnad","status":"publish","type":"page","link":"https:\/\/websrv.saske.sk\/uef\/veda-a-vyskum\/projekty-v-ramci-opvai\/diagnad\/","title":{"rendered":"DIAGNAD"},"content":{"rendered":"<p><img decoding=\"async\" src=\"http:\/\/websrv.saske.sk\/uef\/wp-content\/uploads\/2020\/02\/logo-OPII_EFRR-e1582099961752.jpg\" \/>\u00a0\u00a0\u00a0\u00a0\u00a0 <img loading=\"lazy\" decoding=\"async\" class=\"\" src=\"http:\/\/websrv.saske.sk\/uef\/wp-content\/uploads\/2020\/02\/logo-MDV-SR_SK-e1582099808436.jpg\" width=\"255\" height=\"62\" \/><\/p>\n<p>Inform\u00e1cie o Opera\u010dnom programe Integrovan\u00e1 infra\u0161trukt\u00fara 2014 \u2013 2020 n\u00e1jdete na\u00a0 <a href=\"http:\/\/www.opii.gov.sk\">www.opii.gov.sk<\/a><\/p>\n<h2><strong>V\u00fdskum a v\u00fdvoj l\u00e1tok pre diagnostiku Alzheimerovej choroby \u2013 DIAGNAD<\/strong><\/h2>\n<table width=\"0\">\n<tbody>\n<tr>\n<td width=\"284\"><strong>E\u00da fond<\/strong><\/td>\n<td colspan=\"2\" width=\"359\">Eur\u00f3psky fond region\u00e1lneho rozvoja<\/td>\n<\/tr>\n<tr>\n<td width=\"284\"><strong>V\u00fdzva <\/strong><\/td>\n<td colspan=\"2\" width=\"359\">Podpora v\u00fdskumno-v\u00fdvojov\u00fdch kapac\u00edt v oblasti Zdravie obyvate\u013estva a zdravotn\u00edcke technol\u00f3gie<\/td>\n<\/tr>\n<tr>\n<td width=\"284\"><strong>K\u00f3d v\u00fdzvy<\/strong><\/td>\n<td colspan=\"2\" width=\"359\">OPVaI-VA\/DP\/2018\/1.1.3-10<\/td>\n<\/tr>\n<tr>\n<td width=\"284\"><strong>K\u00f3d projektu v ITMS2014+<\/strong><\/td>\n<td colspan=\"2\" width=\"359\">313011T553<\/td>\n<\/tr>\n<tr>\n<td width=\"284\"><strong>N\u00e1zov projektu<\/strong><\/td>\n<td colspan=\"2\" width=\"359\">V\u00fdskum a v\u00fdvoj l\u00e1tok pre diagnostiku Alzheimerovej choroby (DIAGNAD)<a href=\"http:\/\/websrv.saske.sk\/uef\/wp-content\/uploads\/2020\/02\/PlagatA3-553.pdf\"><em>(pdf.plag\u00e1t projektu)<\/em><\/a><\/td>\n<\/tr>\n<tr>\n<td width=\"284\"><strong>Subjekt\/prij\u00edmate\u013e pomoci<\/strong><\/td>\n<td colspan=\"2\" width=\"359\">\u00dastav experiment\u00e1lnej fyziky Slovenskej akad\u00e9mie vied<\/td>\n<\/tr>\n<tr>\n<td width=\"284\"><strong>Partner 1<\/strong><\/td>\n<td colspan=\"2\" width=\"359\"><\/td>\n<\/tr>\n<tr>\n<td rowspan=\"3\" width=\"284\"><strong>Financovanie projektu<\/strong><\/td>\n<td width=\"76\">COV<\/td>\n<td width=\"284\">\u00a0130\u00a0900,00 EUR<\/td>\n<\/tr>\n<tr>\n<td width=\"76\">NFP<\/td>\n<td width=\"284\">\u00a0130\u00a0900,00 EUR<\/td>\n<\/tr>\n<tr>\n<td width=\"76\">VZ<\/td>\n<td width=\"284\">\u00a00,00 EUR<\/td>\n<\/tr>\n<tr>\n<td width=\"284\"><strong>Obdobie realiz\u00e1cie projektu<\/strong><\/td>\n<td colspan=\"2\" width=\"359\">01\/2017 \u2013 12\/2019<\/td>\n<\/tr>\n<tr>\n<td width=\"284\"><strong>Miesto realiz\u00e1cie projektu<\/strong><\/td>\n<td colspan=\"2\" width=\"359\">SR\/ Ko\u0161ick\u00fd kraj\/ Ko\u0161ice<\/p>\n<p>Watsonova 47, Watsonova 47\/A, Bulharsk\u00e1 6<\/td>\n<\/tr>\n<tr>\n<td width=\"284\"><strong>Dom\u00e9na inteligentnej \u0161pecializ\u00e1cie<\/strong><\/td>\n<td colspan=\"2\" width=\"359\">Zdravie obyvate\u013estva a zdravotn\u00edcke technol\u00f3gie<\/td>\n<\/tr>\n<tr>\n<td width=\"284\"><strong>Hlavn\u00e9 relevantn\u00e9 SK NACE odvetvie<\/strong><\/td>\n<td colspan=\"2\" width=\"359\">Q86 \u2013 Zdravotn\u00edctvo<\/td>\n<\/tr>\n<tr>\n<td colspan=\"3\" width=\"643\"><strong>Predmet v\u00fdskumu<\/strong><\/p>\n<ul>\n<li>Identifik\u00e1cia mal\u00fdch molek\u00fal a ich komplexov na b\u00e1ze pr\u00edrodn\u00fdch l\u00e1tok s vysokou afinitou ku amyloidn\u00fdm agreg\u00e1tom A\u03b2 peptidu spojen\u00e9ho s\u00a0Alzheimerovou chorobou<\/li>\n<li>Definovanie \u0161trukt\u00farnych vlastnost\u00ed l\u00e1tok s cie\u013eom navrhn\u00fa\u0165 nov\u00e9 l\u00e1tky s lep\u0161\u00edm diagnostick\u00fdm a terapeutick\u00fdm potenci\u00e1lom<\/li>\n<\/ul>\n<\/td>\n<\/tr>\n<tr>\n<td colspan=\"3\" width=\"643\"><strong>V\u00fdstupy do praxe<\/strong><\/p>\n<ul>\n<li>L\u00e1tky schopn\u00e9 interagova\u0165 s\u00a0amyloidnou agreg\u00e1ciou poly\/peptidov<\/li>\n<li>L\u00e1tky vykazuj\u00face potenci\u00e1l by\u0165 pou\u017eit\u00e9 na diagnostiku a\u00a0terapiu Alzheimerovej choroby<\/li>\n<\/ul>\n<\/td>\n<\/tr>\n<\/tbody>\n<\/table>\n<h3 style=\"text-align: center;\"><\/h3>\n<p><strong>V\u010faka podpore<\/strong> <strong>v r\u00e1mci opera\u010dn\u00e9ho programu V\u00fdskum a inov\u00e1cie<\/strong> pre projekt \u201eV\u00fdskum a v\u00fdvoj l\u00e1tok pre diagnostiku Alzheimerovej choroby (DIAGNAD)\u201c, k\u00f3d ITMS2014+: 313011T553, spolufinancovan\u00fd zo zdrojov <strong>Eur\u00f3pskeho fondu region\u00e1lneho rozvoja<\/strong> vznikli nasledovn\u00e9 publik\u00e1cie:<\/p>\n<ul>\n<li>po\u010das rie\u0161enia projektu (2017-2019)\u00a0 <a href=\"http:\/\/websrv.saske.sk\/uef\/wp-content\/uploads\/2023\/04\/Publikacie-Diagnad-obdobie-riesenia.pdf\">(.pdf)<\/a><\/li>\n<li>v 1. obdob\u00ed\u00a0 (2020 &#8211; 2022) <a href=\"http:\/\/websrv.saske.sk\/uef\/wp-content\/uploads\/2023\/04\/Publikacie-Diagnad-nasledne-obdobie.pdf\">(.pdf)<\/a><\/li>\n<li>v 2. obdob\u00ed (2023 &#8211; 2024)\u00a0 <a href=\"http:\/\/websrv.saske.sk\/uef\/wp-content\/uploads\/2024\/04\/N2-Priloha1-Publikacie-zoznam.pdf\">(.pdf)<\/a><\/li>\n<li>v 3. obdob\u00ed (2024 &#8211; 2025) <a href=\"http:\/\/websrv.saske.sk\/uef\/wp-content\/uploads\/2025\/04\/N3-Priloha1-Publikacie-zoznam.doc\">(.pdf)<\/a><\/li>\n<\/ul>\n<p>&nbsp;<\/p>\n","protected":false},"excerpt":{"rendered":"<p>\u00a0\u00a0\u00a0\u00a0\u00a0 Inform\u00e1cie o Opera\u010dnom programe Integrovan\u00e1 infra\u0161trukt\u00fara 2014 \u2013 2020 n\u00e1jdete na\u00a0 www.opii.gov.sk V\u00fdskum a v\u00fdvoj l\u00e1tok pre diagnostiku Alzheimerovej choroby \u2013 DIAGNAD E\u00da fond&#8230;<\/p>\n","protected":false},"author":1,"featured_media":0,"parent":3957,"menu_order":0,"comment_status":"closed","ping_status":"closed","template":"","meta":{"footnotes":""},"_links":{"self":[{"href":"https:\/\/websrv.saske.sk\/uef\/wp-json\/wp\/v2\/pages\/3960"}],"collection":[{"href":"https:\/\/websrv.saske.sk\/uef\/wp-json\/wp\/v2\/pages"}],"about":[{"href":"https:\/\/websrv.saske.sk\/uef\/wp-json\/wp\/v2\/types\/page"}],"author":[{"embeddable":true,"href":"https:\/\/websrv.saske.sk\/uef\/wp-json\/wp\/v2\/users\/1"}],"replies":[{"embeddable":true,"href":"https:\/\/websrv.saske.sk\/uef\/wp-json\/wp\/v2\/comments?post=3960"}],"version-history":[{"count":37,"href":"https:\/\/websrv.saske.sk\/uef\/wp-json\/wp\/v2\/pages\/3960\/revisions"}],"predecessor-version":[{"id":8982,"href":"https:\/\/websrv.saske.sk\/uef\/wp-json\/wp\/v2\/pages\/3960\/revisions\/8982"}],"up":[{"embeddable":true,"href":"https:\/\/websrv.saske.sk\/uef\/wp-json\/wp\/v2\/pages\/3957"}],"wp:attachment":[{"href":"https:\/\/websrv.saske.sk\/uef\/wp-json\/wp\/v2\/media?parent=3960"}],"curies":[{"name":"wp","href":"https:\/\/api.w.org\/{rel}","templated":true}]}}