{"id":3224,"date":"2019-11-25T16:39:12","date_gmt":"2019-11-25T15:39:12","guid":{"rendered":"http:\/\/websrv.saske.sk\/uef\/?page_id=3224"},"modified":"2023-03-05T18:15:31","modified_gmt":"2023-03-05T17:15:31","slug":"sutaz-mladych-vedcov-uef-sav","status":"publish","type":"page","link":"https:\/\/websrv.saske.sk\/uef\/vzdelavanie\/sutaz-mladych-vedcov-uef-sav\/","title":{"rendered":"S\u00fa\u0165a\u017e mlad\u00fdch vedcov \u00daEF SAV"},"content":{"rendered":"<ul>\n<li>S\u00fa\u0165a\u017e mlad\u00fdch vedeck\u00fdch pracovn\u00edkov \u00daEF SAV, v. v. i., 14.12.2022, Aula \u00fastavov SAV, Watsonova 47, Ko\u0161ice <a href=\"http:\/\/websrv.saske.sk\/uef\/wp-content\/uploads\/2022\/12\/Program_Sutaze_mladych_vedeckych_pracovnikov_UEF_14-12-2022.pdf\">.pdf<\/a><\/li>\n<li>S\u00fa\u0165a\u017e mlad\u00fdch vedeck\u00fdch pracovn\u00edkov \u00daEF SAV do 35 rokov, 6.12.2021, on-line <a href=\"http:\/\/websrv.saske.sk\/uef\/wp-content\/uploads\/2021\/12\/Program_Sutaze_mladych_vedeckych_pracovnikov_UEF_6-12-2021.pdf\">.pdf<\/a><\/li>\n<li>S\u00fa\u0165a\u017e mlad\u00fdch vedeck\u00fdch pracovn\u00edkov \u00daEF SAV do 35 rokov, 9.12.2020, on-line <a href=\"http:\/\/websrv.saske.sk\/uef\/wp-content\/uploads\/2020\/12\/Program_S\u00fa\u0165a\u017e_mlad\u00fdch_vedeck\u00fdch_pracovn\u00edkov_\u00daEF_9-12-2020.pdf\">.pdf<\/a><\/li>\n<li>S\u00fa\u0165a\u017e mlad\u00fdch vedeck\u00fdch pracovn\u00edkov \u00daEF SAV do 35 rokov, 11.12.2019, Aula \u00fastavov Watsonova 47, Ko\u0161ice (<a href=\"http:\/\/websrv.saske.sk\/uef\/wp-content\/uploads\/2019\/12\/Pozv\u00e1nka_S\u00fa\u0165a\u017e_mlad\u00fdch_vedeck\u00fdch_pracovn\u00edkov_\u00daEF_11-12-2019.pdf\">.pdf<\/a>)<\/li>\n<\/ul>\n<p>&nbsp;<\/p>\n<p>\u0160tat\u00fat s\u00fa\u0165a\u017ee mlad\u00fdch vedeck\u00fdch pracovn\u00edkov \u00daEF SAV, v. v. i. do 35 rokov schv\u00e1len\u00fd 20.10.2009 (<a href=\"http:\/\/websrv.saske.sk\/uef\/wp-content\/uploads\/2019\/11\/UEF_SAV-Statut_sutaze_mladych_pracovnikov_do_35_rokov.pdf\">.pdf<\/a>)<\/p>\n","protected":false},"excerpt":{"rendered":"<p>S\u00fa\u0165a\u017e mlad\u00fdch vedeck\u00fdch pracovn\u00edkov \u00daEF SAV, v. v. i., 14.12.2022, Aula \u00fastavov SAV, Watsonova 47, Ko\u0161ice .pdf S\u00fa\u0165a\u017e mlad\u00fdch vedeck\u00fdch pracovn\u00edkov \u00daEF SAV do 35&#8230;<\/p>\n","protected":false},"author":11,"featured_media":0,"parent":13,"menu_order":15,"comment_status":"closed","ping_status":"closed","template":"","meta":{"footnotes":""},"_links":{"self":[{"href":"https:\/\/websrv.saske.sk\/uef\/wp-json\/wp\/v2\/pages\/3224"}],"collection":[{"href":"https:\/\/websrv.saske.sk\/uef\/wp-json\/wp\/v2\/pages"}],"about":[{"href":"https:\/\/websrv.saske.sk\/uef\/wp-json\/wp\/v2\/types\/page"}],"author":[{"embeddable":true,"href":"https:\/\/websrv.saske.sk\/uef\/wp-json\/wp\/v2\/users\/11"}],"replies":[{"embeddable":true,"href":"https:\/\/websrv.saske.sk\/uef\/wp-json\/wp\/v2\/comments?post=3224"}],"version-history":[{"count":5,"href":"https:\/\/websrv.saske.sk\/uef\/wp-json\/wp\/v2\/pages\/3224\/revisions"}],"predecessor-version":[{"id":7175,"href":"https:\/\/websrv.saske.sk\/uef\/wp-json\/wp\/v2\/pages\/3224\/revisions\/7175"}],"up":[{"embeddable":true,"href":"https:\/\/websrv.saske.sk\/uef\/wp-json\/wp\/v2\/pages\/13"}],"wp:attachment":[{"href":"https:\/\/websrv.saske.sk\/uef\/wp-json\/wp\/v2\/media?parent=3224"}],"curies":[{"name":"wp","href":"https:\/\/api.w.org\/{rel}","templated":true}]}}