{"id":2821,"date":"2019-09-17T14:56:03","date_gmt":"2019-09-17T12:56:03","guid":{"rendered":"http:\/\/websrv.saske.sk\/uef\/?page_id=2821"},"modified":"2026-03-30T15:17:52","modified_gmt":"2026-03-30T13:17:52","slug":"seminare-2","status":"publish","type":"page","link":"https:\/\/websrv.saske.sk\/uef\/udalosti\/seminare-2\/","title":{"rendered":"Semin\u00e1re"},"content":{"rendered":"<ul>\n<li>Jana Kubackov\u00e1: &#8222;Mikromanipul\u00e1cia pru\u017en\u00fdch mikro\u0161trukt\u00far pomocou optickej pinzety&#8220;, 9.4.2026, budova PROMATECH m. \u010d. 108, Watsonova 47A, Ko\u0161ice <a href=\"http:\/\/websrv.saske.sk\/uef\/wp-content\/uploads\/2026\/03\/Kubackova-Jana-pozvanka-na-seminar-UEF-SAV_09-04-2026.pdf\">.pdf<\/a><\/li>\n<li>Mari\u00e1n Sedl\u00e1k:\u00a0&#8222;Vyrie\u0161enie z\u00e1hady extraordin\u00e1rneho chovania polyelektrolytov po polstoro\u010d\u00ed v\u00fdskumu&#8220;, 23.3.2026, on-line <a href=\"http:\/\/websrv.saske.sk\/uef\/wp-content\/uploads\/2026\/03\/Sedlak-Marian-pozvanka-na-seminar-UEF-SAV_23-03-2026.pdf\">.pdf<\/a><\/li>\n<li>Senentxu Lanceros-Mendez: &#8222;Nexte generation materials for advanced applications: performance vs. sustainability&#8220;, 9.3.2026, budova PROMATECH m. \u010d. 108, Watsonova 47A, Ko\u0161ice <a href=\"http:\/\/websrv.saske.sk\/uef\/wp-content\/uploads\/2026\/02\/Lanceros-Mendez-pozvanka-na-seminar-UEF-SAV_09-03-2026.pdf\">.pdf<\/a><\/li>\n<li>Viera Sk\u00e1kalov\u00e1: &#8222;Graf\u00e9n ako \u0161abl\u00f3na pre synt\u00e9zu 2D materi\u00e1lov&#8220;, 24.2.2026, budova PROMATECH m. \u010d. 108, Watsonova 47A, Ko\u0161ice <a href=\"http:\/\/websrv.saske.sk\/uef\/wp-content\/uploads\/2026\/02\/Skakalova-Viera-pozvanka-na-seminar-UEF-SAV_24-02-2026.pdf\">.pdf<\/a><\/li>\n<li>Vladimir Mikhailenko: &#8222;Kinetic micro-turbulence and anomalous ion heating in magnetized plasmas with sheared flows&#8220;, 7.1.2026, budova PROMATECH m. \u010d. 108, Watsonova 47A, Ko\u0161ice <a href=\"http:\/\/websrv.saske.sk\/uef\/wp-content\/uploads\/2025\/12\/Mykhaylenko-Volodymyr-pozvanka-na-seminar-UEF-SAV_07-01-2026.pdf\">.pdf<\/a><\/li>\n<\/ul>\n<p>&nbsp;<\/p>\n<ul>\n<li>V\u00fdro\u010dn\u00fd semin\u00e1r \u00daEF SAV, v. v. i., 11.12.2025, budova PROMATECH m. \u010d. 108, Watsonova 47A, Ko\u0161ice <a href=\"http:\/\/websrv.saske.sk\/uef\/wp-content\/uploads\/2025\/12\/Program_na_Vyrocny_seminar_UEF_11-12-2025-1.pdf\">.pdf<\/a><\/li>\n<li>S\u00fa\u0165a\u017e mlad\u00fdch vedeck\u00fdch pracovn\u00edkov \u00daEF SAV, v. v. i., 10.12.2025, budova PROMATECH m. \u010d. 108, Watsonova 47A, Ko\u0161ice <a href=\"http:\/\/websrv.saske.sk\/uef\/wp-content\/uploads\/2025\/12\/Program_Sutaze_mladych_vedeckych_pracovnikov_UEF-SAV_10-12-2025-1.pdf\">.pdf<\/a><\/li>\n<li>Pavol Sov\u00e1k: &#8222;\u00daloha SK ESFRI komisie a N\u00e1rodn\u00e9ho kontaktn\u00e9ho bodu XFEL and ERI pre vyu\u017e\u00edvanie a rozvoj Large Scale Facilities&#8220;, 9.12.2025, budova PROMATECH m. \u010d. 108, Watsonova 47A, Ko\u0161ice <a href=\"http:\/\/websrv.saske.sk\/uef\/wp-content\/uploads\/2025\/12\/Sovak-Pavol-pozvanka-na-seminar-UEF-SAV_09-12-2025_final.pdf\">.pdf<\/a><\/li>\n<li>Ivan \u0160korv\u00e1nek: &#8222;\u0160trukt\u00fara a magnetick\u00e9 vlastnosti \u201ecore\/shell\u201c nano\u010dast\u00edc na b\u00e1ze magnetitu a kobaltov\u00e9ho feritu&#8220;, 5.12.2025, budova PROMATECH m. \u010d. 108, Watsonova 47A, Ko\u0161ice <a href=\"http:\/\/websrv.saske.sk\/uef\/wp-content\/uploads\/2025\/12\/Skorvanek-Ivan-pozvanka-na-seminar-UEF-SAV_05-12-2025.pdf\">.pdf<\/a><\/li>\n<li>Christophe Marcenat: &#8222;Thermodynamics of quantum materials&#8220;, 9.10.2025, Aula \u00fastavov SAV, Watsonova 47, Ko\u0161ice <a href=\"http:\/\/websrv.saske.sk\/uef\/wp-content\/uploads\/2025\/10\/Marcenat-Christophe-pozvanka-na-seminar-UEF-SAV_09-10-2025.pdf\">.pdf<\/a><\/li>\n<li>Michal Raj\u0148\u00e1k: &#8222;Dielektrick\u00e9 nanokvapaliny \u2013 cesta z laborat\u00f3ria do priemyslu&#8220;, 8.4.2025, budova PROMATECH m. \u010d. 108, Watsonova 47A, Ko\u0161ice <a href=\"http:\/\/websrv.saske.sk\/uef\/wp-content\/uploads\/2025\/04\/Rajnak-Michal-pozvanka-na-seminar-UEF-SAV_08-04-2025.pdf\">.pdf<\/a><\/li>\n<li>Jozef Urb\u00e1n: &#8222;Pozorovanie kvantov\u00e9ho previazania v detektore ATLAS na LHC v CERN-e&#8220;, 13.2.2025, budova PROMATECH m. \u010d. 108, Watsonova 47A, Ko\u0161ice <a href=\"http:\/\/websrv.saske.sk\/uef\/wp-content\/uploads\/2025\/02\/Urban-Jozef-pozvanka-na-seminar-UEF-SAV_13-02-2025_v2.pdf\">.pdf<\/a><\/li>\n<\/ul>\n<p>&nbsp;<\/p>\n<ul>\n<li>V\u00fdro\u010dn\u00fd semin\u00e1r \u00daEF SAV, v. v. i., 12.12.2024, Aula \u00fastavov SAV, Watsonova 47, Ko\u0161ice <a href=\"http:\/\/websrv.saske.sk\/uef\/wp-content\/uploads\/2024\/12\/Program_na_Vyrocny_seminar_UEF_12-12-2024.pdf\">.pdf<\/a><\/li>\n<li>S\u00fa\u0165a\u017e mlad\u00fdch vedeck\u00fdch pracovn\u00edkov \u00daEF SAV, v. v. i., 11.12.2024, Aula \u00fastavov SAV, Watsonova 47, Ko\u0161ice <a href=\"http:\/\/websrv.saske.sk\/uef\/wp-content\/uploads\/2024\/12\/Program_Sutaze_mladych_vedeckych_pracovnikov_UEF-SAV_11-12-2024_FINAL.pdf\">.pdf<\/a><\/li>\n<li>Jaroslav Chum:\u00a0&#8222;V\u00fdzkum horn\u00ed atmosf\u00e9ry a ionosf\u00e9ry&#8220;, 5.12.2024, budova PROMATECH m. \u010d. 108, Watsonova 47A, Ko\u0161ice <a href=\"http:\/\/websrv.saske.sk\/uef\/wp-content\/uploads\/2024\/11\/Chum-Jaroslav-pozvanka-na-seminar-UEF-SAV_05-12-2024_with-picture.pdf\">.pdf<\/a><\/li>\n<li>Mari\u00e1n Sedl\u00e1k: &#8222;Solvofobicitou sp\u00fa\u0161\u0165an\u00e9 mezo\u0161k\u00e1lov\u00e9 \u0161trukt\u00fary v kvapaln\u00fdch zmesiach a ich potenci\u00e1l vyu\u017eitia v aplika\u010dnej sf\u00e9re. Patentovan\u00e1 met\u00f3da na skr\u00edning hydrof\u00f3bnych kontaminantov a prototyp zariadenia na aplik\u00e1ciu tejto met\u00f3dy.&#8220;, 23.5.2024, Aula \u00fastavov SAV, Watsonova 47, Ko\u0161ice <a href=\"http:\/\/websrv.saske.sk\/uef\/wp-content\/uploads\/2024\/05\/Sedlak-Marian-pozvanka-na-seminar-UEF-SAV_23-05-2024.pdf\">.pdf<\/a><\/li>\n<li>Christian Mitterer et al.:\u00a0&#8222;Development of functional thin films: magic art or solid science?&#8220;, 24.4.2024, budova PROMATECH m. \u010d. 108, Watsonova 47A, Ko\u0161ice <a href=\"http:\/\/websrv.saske.sk\/uef\/wp-content\/uploads\/2024\/04\/Mitterer-Christian-et-al-pozvanka-na-seminar-UEF-SAV_24-04-2024.pdf\">.pdf<\/a><\/li>\n<li>Djeylan Aktas: &#8222;Development of a Slovak Quantum Communication Infrastructure for the Digital European Program&#8220;, 12.3.2024, Aula \u00fastavov SAV, Watsonova 47, Ko\u0161ice <a href=\"http:\/\/websrv.saske.sk\/uef\/wp-content\/uploads\/2024\/03\/Djeylan-Aktas-pozvanka-na-seminar-UEF-SAV_12-03-2024.pdf\">.pdf<\/a><\/li>\n<li>Andrea Anto\u0161ov\u00e1:\u00a0&#8222;Amyloidn\u00e1 agreg\u00e1cia \u2013 \u0161t\u00fadium aspektov v\u00fdvoja biomateri\u00e1lov a inhib\u00edtorov&#8220;, 7.3.2024, budova PROMATECH m. \u010d. 108, Watsonova 47A, Ko\u0161ice <a href=\"http:\/\/websrv.saske.sk\/uef\/wp-content\/uploads\/2024\/03\/Antosova-Andrea-pozvanka-na-seminar-UEF-SAV_07-03-2024.pdf\">.pdf<\/a><\/li>\n<li>Martin Gmitra:\u00a0&#8222;Proxim\u00e1lne efekty vo van der Waalsovsk\u00fdch hetero\u0161trukt\u00farach&#8220;, 22.2.2024, budova PROMATECH m. \u010d. 108, Watsonova 47A, Ko\u0161ice <a href=\"http:\/\/websrv.saske.sk\/uef\/wp-content\/uploads\/2024\/02\/Gmitra-Martin-pozvanka-na-seminar-UEF-SAV_22-02-2024_s-obrazkom.pdf\">.pdf<\/a><\/li>\n<li>Jozef Uli\u010dn\u00fd: &#8222;Ve\u013emi kr\u00e1tke sveteln\u00e9 pulzy pre v\u00fdskum dynamiky elektr\u00f3novej \u0161trukt\u00fary \u2013 <em>nov\u00e9 n\u00e1stroje pre v\u00fdskum sveta elektr\u00f3nov vo vn\u00fatri at\u00f3mov a molek\u00fal&#8220;<\/em>, 8.2.2024, Aula \u00fastavov SAV, Watsonova 47, Ko\u0161ice <a href=\"http:\/\/websrv.saske.sk\/uef\/wp-content\/uploads\/2024\/02\/Ulicny-Jozef-pozvanka-na-seminar-UEF-SAV_08-02-2024_vith-picture.pdf\">.pdf<\/a><\/li>\n<\/ul>\n<p>&nbsp;<\/p>\n<ul>\n<li>V\u00fdro\u010dn\u00fd semin\u00e1r \u00daEF SAV, v. v. i., 14.12.2023, Aula \u00fastavov SAV, Watsonova 47, Ko\u0161ice <a href=\"http:\/\/websrv.saske.sk\/uef\/wp-content\/uploads\/2023\/12\/Program_na_Vyrocny_seminar_UEF_14-12-2023-1.pdf\">.pdf<\/a><\/li>\n<li>S\u00fa\u0165a\u017e mlad\u00fdch vedeck\u00fdch pracovn\u00edkov \u00daEF SAV, v. v. i., 13.12.2023, Aula \u00fastavov SAV, Watsonova 47, Ko\u0161ice <a href=\"http:\/\/websrv.saske.sk\/uef\/wp-content\/uploads\/2023\/12\/Program_Sutaze_mladych_vedeckych_pracovnikov_UEF_13-12-2023_FINAL-1.pdf\">.pdf<\/a><\/li>\n<li>Samuel Kov\u00e1\u010dik: &#8222;Kvantov\u00e1 \u0161trukt\u00fara priestoru&#8220;, 7. 12. 2023, Aula \u00fastavov SAV, Watsonova 47, Ko\u0161ice <a href=\"http:\/\/websrv.saske.sk\/uef\/wp-content\/uploads\/2023\/11\/Kovacik-Samuel-pozvanka-na-seminar-UEF-SAV_07-12-2023_plus-sprievodne-podujatia.pdf\">.pdf<\/a><\/li>\n<li>Manuel V\u00e1zquez Villalabeitia: &#8222;Cylidrical micro- and nanowires: from curvature effects on magnetization to sensing applications&#8220;, 11. 9. 2023, Aula \u00fastavov SAV, Watsonova 47, Ko\u0161ice <a href=\"http:\/\/websrv.saske.sk\/uef\/wp-content\/uploads\/2023\/11\/Pozvanka-SMAGS-na-prednasku-11.9.2023.pdf\">.pdf<\/a><\/li>\n<li>R. V. Upadhyay &amp; Kinnari Parekh: &#8222;Potential industrial applications of magnetic fluid as nanolubes&#8220;, 31. 5. 2023, budova PROMATECH m. \u010d. 108, Watsonova 47A, Ko\u0161ice <a href=\"http:\/\/websrv.saske.sk\/uef\/wp-content\/uploads\/2023\/11\/RVU-India-pozvanka-na-seminar-UEF-SAV_31-05-2023.pdf\">.pdf<\/a><\/li>\n<li>Michal Raj\u0148\u00e1k: &#8222;Nanokvapaliny s fuler\u00e9nom C60 a magnetick\u00fdmi nano\u010dasticami pre aplik\u00e1cie v transform\u00e1toroch&#8220;, 24. 5. 2023, Aula \u00fastavov SAV, Watsonova 47, Ko\u0161ice <a href=\"http:\/\/websrv.saske.sk\/uef\/wp-content\/uploads\/2023\/11\/Rajnak-Michal-pozvanka-na-seminar-UEF-SAV_24-05-2023.pdf\">.pdf<\/a><\/li>\n<li>J\u00e1n Bal\u00e1\u017e: &#8222;Misia ESA BepiColombo k Merk\u00faru&#8220;, 26. 4. 2023, Aula \u00fastavov SAV, Watsonova 47, Ko\u0161ice <a href=\"http:\/\/websrv.saske.sk\/uef\/wp-content\/uploads\/2023\/11\/Balaz-Jan-pozvanka-na-seminar-UEF-SAV_26-04-2023.pdf\">.pdf<\/a><\/li>\n<li>SAIA: &#8222;\u0160tipendi\u00e1 a granty na v\u00fdskumn\u00e9 mobility v zahrani\u010d\u00ed&#8220;, 13. 4. 2023, Aula \u00fastavov SAV, Watsonova 47, Ko\u0161ice <a href=\"http:\/\/websrv.saske.sk\/uef\/wp-content\/uploads\/2023\/11\/sav-kosice-1.pdf\">.pdf<\/a><\/li>\n<li>Oddelenie subjadrovej fyziky: &#8222;Spomienkov\u00fd semin\u00e1r na Doc. RNDr. Du\u0161ana Bruncka, CSc.&#8220;, 4. 4. 2023, budova PROMATECH m. \u010d. 108, Watsonova 47A, Ko\u0161ice <a href=\"http:\/\/websrv.saske.sk\/uef\/wp-content\/uploads\/2023\/11\/Bruncko-Dusan-pozvanka-na-seminar-UEF-SAV_04-04-2023.pdf\">.pdf<\/a><\/li>\n<li>Jozef Kov\u00e1\u010d: &#8222;Vplyv mechanick\u00e9ho nap\u00e4tia a tepeln\u00e9ho spracovania na premagnetiza\u010dn\u00e9 procesy v amorfnej zliatine FINEMET&#8220;, 15. 3. 2023, Aula \u00fastavov SAV, Watsonova 47, Ko\u0161ice <a href=\"http:\/\/websrv.saske.sk\/uef\/wp-content\/uploads\/2023\/03\/Kovac-Jozef-pozvanka-na-seminar-UEF-SAV_15-03-2023_final.pdf\">.pdf<\/a><\/li>\n<li>Jozef Stre\u010dka: &#8222;Kvantov\u00e9 previazanie z vt\u00e1\u010dej perspekt\u00edvy&#8220;, 8.2.2023, Aula \u00fastavov SAV, Watsonova 47, Ko\u0161ice <a href=\"http:\/\/websrv.saske.sk\/uef\/wp-content\/uploads\/2023\/02\/Strecka-Jozef-pozvanka-na-seminar-UEF-SAV_08-02-2023_final.pdf\">.pdf<\/a><\/li>\n<\/ul>\n<p>&nbsp;<\/p>\n<ul>\n<li>V\u00fdro\u010dn\u00fd semin\u00e1r \u00daEF SAV, v. v. i., 15.12.2022, Aula \u00fastavov SAV, Watsonova 47, Ko\u0161ice <a href=\"http:\/\/websrv.saske.sk\/uef\/wp-content\/uploads\/2022\/12\/Program_na_Vyrocny_seminar_UEF_15-12-2022.pdf\">.pdf<\/a><\/li>\n<li>S\u00fa\u0165a\u017e mlad\u00fdch vedeck\u00fdch pracovn\u00edkov \u00daEF SAV, v. v. i., 14.12.2022, Aula \u00fastavov SAV, Watsonova 47, Ko\u0161ice <a href=\"http:\/\/websrv.saske.sk\/uef\/wp-content\/uploads\/2022\/12\/Program_Sutaze_mladych_vedeckych_pracovnikov_UEF_14-12-2022.pdf\">.pdf<\/a><\/li>\n<li>Rastislav Dvornick\u00fd: &#8222;Neutrino telescopes as a tool in multi-messenger studies of Universe&#8220;, 23.11.2022, budova Promatech m. \u010d. 108, Watsonova 47A, Ko\u0161ice <a href=\"http:\/\/websrv.saske.sk\/uef\/wp-content\/uploads\/2022\/11\/Dvornicky-Rastislav_pozvanka_na_seminar_UEF-SAV_23-11-2022.pdf\">.pdf<\/a><\/li>\n<li>Richard Pin\u010d\u00e1k: &#8222;Nov\u00fd topologick\u00fd pr\u00edstup \u201evyn\u00e1raj\u00facich sa priestorov\u201c v kozmol\u00f3gii&#8220;, 13.10.2022, budova Promatech m. \u010d. 108, Watsonova 47A, Ko\u0161ice <a href=\"http:\/\/websrv.saske.sk\/uef\/wp-content\/uploads\/2022\/10\/Pincak-Richard_pozvanka_na_seminar_UEF_13-10-2022.pdf\">.pdf<\/a><\/li>\n<li>Doktorandsk\u00fd semin\u00e1r \u00daEF SAV, 23.6.2022, Aula \u00fastavov SAV, Watsonova 47, Ko\u0161ice <a href=\"http:\/\/websrv.saske.sk\/uef\/wp-content\/uploads\/2022\/06\/PhD_seminar_IEP_23-06-2022.pdf\">.pdf<\/a><\/li>\n<li>Martin Gmitra: &#8222;Perspectives of proximity effects in layered van der Waals hetereostructures&#8220;, semin\u00e1r \u00daEF SAV, v. v. i.,19.5.2022, prezen\u010dne <a href=\"http:\/\/websrv.saske.sk\/uef\/wp-content\/uploads\/2022\/05\/Gmitra_pozvanka_na_seminar_UEF_19-05-2022.pdf\">.pdf<\/a> &#8211; cancelled<\/li>\n<li>Iryna Antal: &#8222;Magnetick\u00e9 nano\u010dastice na detekciu n\u00e1dorov\u00fdch buniek&#8220;, semin\u00e1r \u00daEF SAV, v. v. i., 21.4.2022, on-line <a href=\"http:\/\/websrv.saske.sk\/uef\/wp-content\/uploads\/2022\/04\/Antal-Iryna_pozvanka_na_seminar_UEF_21-04-2022_v2.pdf\">.pdf<\/a><\/li>\n<li>Nat\u00e1lia Toma\u0161ovi\u010dov\u00e1: &#8222;Feronematika \u2013 nematick\u00e9 kvapaln\u00e9 kry\u0161t\u00e1ly dopovan\u00e9 magnetick\u00fdmi nano\u010dasticami&#8220;, semin\u00e1r \u00daEF SAV, v. v. i., 17.3.2022, budova Promatech m. \u010d. 108, Watsonova 47A, Ko\u0161ice <a href=\"http:\/\/websrv.saske.sk\/uef\/wp-content\/uploads\/2022\/03\/Tomasovicova_pozvanka_na_seminar_UEF_17-03-2022.pdf\">.pdf<\/a><\/li>\n<\/ul>\n<p>&nbsp;<\/p>\n<ul>\n<li>V\u00fdro\u010dn\u00fd semin\u00e1r \u00daEF SAV, 8.12.2021, on-line <a href=\"http:\/\/websrv.saske.sk\/uef\/wp-content\/uploads\/2021\/12\/Program_na_Vyrocny_seminar_UEF_8-12-2021.pdf\">.pdf<\/a><\/li>\n<li>S\u00fa\u0165a\u017e mlad\u00fdch vedeck\u00fdch pracovn\u00edkov \u00daEF SAV do 35 rokov, 6.12.2021, on-line <a href=\"http:\/\/websrv.saske.sk\/uef\/wp-content\/uploads\/2021\/12\/Program_Sutaze_mladych_vedeckych_pracovnikov_UEF_6-12-2021.pdf\">.pdf<\/a><\/li>\n<li>&#8222;An analytically iterative method for solving problems of cosmic ray modulation in 1D and 2D&#8220;, webin\u00e1r \u00daEF SAV, 4.11.2021 <a href=\"http:\/\/websrv.saske.sk\/uef\/wp-content\/uploads\/2021\/11\/Kolesnyk_pozv\u00e1nka_na_semin\u00e1r_\u00daEF_04-11-2021.pdf\">.pdf<\/a><\/li>\n<li>&#8222;\u0160t\u00fadium mechanizmov amyloidnej agreg\u00e1cie prote\u00ednov a dizajn inhib\u00edtorov&#8220;, webin\u00e1r \u00daEF SAV, 30.9.2021 <a href=\"http:\/\/websrv.saske.sk\/uef\/wp-content\/uploads\/2021\/09\/Bedn\u00e1rikov\u00e1_pozv\u00e1nka_na_semin\u00e1r_\u00daEF_30-09-2021.pdf\">.pdf<\/a><\/li>\n<li>Doktorandsk\u00fd webin\u00e1r \u00daEF SAV, 16.6.2021 <a href=\"http:\/\/websrv.saske.sk\/uef\/wp-content\/uploads\/2021\/06\/Doktorandsk\u00fd_webin\u00e1r_\u00daEF_16-06-2021.pdf\">.pdf<\/a><\/li>\n<li>&#8222;Anal\u00fdza obrazu pri meran\u00ed viskozity v mikrofluidn\u00fdch syst\u00e9moch a pri hodnoten\u00ed \u00fa\u010dinnosti transportu lie\u010div&#8220;, webin\u00e1r \u00daEF SAV, 20.5.2021 <a href=\"http:\/\/websrv.saske.sk\/uef\/wp-content\/uploads\/2021\/05\/Tomori_pozv\u00e1nka_na_semin\u00e1r_\u00daEF_20-05-2021.pdf\">.pdf<\/a><\/li>\n<li>&#8222;Supravodivos\u0165 v silne neusporiadan\u00fdch syst\u00e9moch v bl\u00edzkosti prechodu supravodi\u010d-izolant&#8220;, webin\u00e1r \u00daEF SAV, 15.4.2021 <a href=\"http:\/\/websrv.saske.sk\/uef\/wp-content\/uploads\/2021\/04\/Szab\u00f3_pozv\u00e1nka_na_semin\u00e1r_\u00daEF_15-04-2021.pdf\">.pdf<\/a><\/li>\n<li>V\u00fdro\u010dn\u00fd semin\u00e1r \u00daEF SAV, 10.12.2020, on-line <a href=\"http:\/\/websrv.saske.sk\/uef\/wp-content\/uploads\/2020\/12\/Program_V\u00fdro\u010dn\u00fd_semin\u00e1r_\u00daEF_10-12-2020.pdf\">.pdf<\/a><\/li>\n<li>S\u00fa\u0165a\u017e mlad\u00fdch vedeck\u00fdch pracovn\u00edkov \u00daEF SAV do 35 rokov, 9.12.2020, on-line <a href=\"http:\/\/websrv.saske.sk\/uef\/wp-content\/uploads\/2020\/12\/Program_S\u00fa\u0165a\u017e_mlad\u00fdch_vedeck\u00fdch_pracovn\u00edkov_\u00daEF_9-12-2020.pdf\">.pdf<\/a><\/li>\n<li>&#8222;Triaxi\u00e1lne at\u00f3mov\u00e9 jadr\u00e1&#8220;, semin\u00e1r \u00daEF SAV, 1.10.2020, Aula \u00fastavov Watsonova 47, Ko\u0161ice <a href=\"http:\/\/websrv.saske.sk\/uef\/wp-content\/uploads\/2020\/09\/Venhart_pozv\u00e1nka_na_semin\u00e1r_\u00daEF_01-10-2020.pdf\">.pdf<\/a><\/li>\n<li>&#8222;Vn\u00fatorn\u00fd \u0161arm v prot\u00f3ne&#8220;, semin\u00e1r \u00daEF SAV, 24.9.2020, Aula \u00fastavov Watsonova 47, Ko\u0161ice <a href=\"http:\/\/websrv.saske.sk\/uef\/wp-content\/uploads\/2020\/09\/Smie\u0161ko_pozv\u00e1nka_na_semin\u00e1r_\u00daEF_24-09-2020.pdf\">.pdf<\/a><\/li>\n<li>Doktorandsk\u00fd semin\u00e1r \u00daEF SAV, 18.6.2020, Aula \u00fastavov Watsonova 47, Ko\u0161ice <a href=\"http:\/\/websrv.saske.sk\/uef\/wp-content\/uploads\/2020\/06\/Doktorandsk\u00fd_semin\u00e1r_\u00daEF_18-06-2020.pdf\">.pdf<\/a><\/li>\n<li>V\u00fdro\u010dn\u00fd semin\u00e1r \u00daEF SAV, 12.12.2019, Aula \u00fastavov Watsonova 47, Ko\u0161ice <a href=\"http:\/\/websrv.saske.sk\/uef\/wp-content\/uploads\/2019\/12\/Pozv\u00e1nka_V\u00fdro\u010dn\u00fd_semin\u00e1r_\u00daEF_12-12-2019.pdf\">.pdf<\/a><\/li>\n<li>S\u00fa\u0165a\u017e mlad\u00fdch vedeck\u00fdch pracovn\u00edkov \u00daEF SAV do 35 rokov, 11.12.2019, Aula \u00fastavov Watsonova 47, Ko\u0161ice <a href=\"http:\/\/websrv.saske.sk\/uef\/wp-content\/uploads\/2019\/12\/Pozv\u00e1nka_S\u00fa\u0165a\u017e_mlad\u00fdch_vedeck\u00fdch_pracovn\u00edkov_\u00daEF_11-12-2019.pdf\">.pdf<\/a><\/li>\n<li>Celo-\u00fastavn\u00fd semin\u00e1r o V\u00fdsledkoch roka 2018 \u010das\u0165 II., 24.10.2019, Aula \u00fastavov Watsonova 47, Ko\u0161ice <a href=\"http:\/\/websrv.saske.sk\/uef\/wp-content\/uploads\/2019\/09\/Celo\u00fastavn\u00fd-semin\u00e1r_24-10-2019.pdf\">.pdf<\/a><\/li>\n<li>Semin\u00e1re z fyziky kondenzovan\u00fdch l\u00e1tok PF UPJ\u0160, zimn\u00fd semester 2019\/2020, Aula Park Angelinum 9, Ko\u0161ice <a href=\"http:\/\/websrv.saske.sk\/uef\/wp-content\/uploads\/2019\/09\/2019_Seminar-_FKL_ZS.doc\">.doc<\/a><\/li>\n<li>Celo-\u00fastavn\u00fd semin\u00e1r o V\u00fdsledkoch roka 2018 \u010das\u0165 I., 12.6.2019, Aula \u00fastavov Watsonova 47, Ko\u0161ice <a href=\"http:\/\/websrv.saske.sk\/uef\/wp-content\/uploads\/2019\/09\/Celo\u00fastavn\u00fd-semin\u00e1r_12-6-2019.pdf\">.pdf<\/a><\/li>\n<\/ul>\n","protected":false},"excerpt":{"rendered":"<p>Jana Kubackov\u00e1: &#8222;Mikromanipul\u00e1cia pru\u017en\u00fdch mikro\u0161trukt\u00far pomocou optickej pinzety&#8220;, 9.4.2026, budova PROMATECH m. \u010d. 108, Watsonova 47A, Ko\u0161ice .pdf Mari\u00e1n Sedl\u00e1k:\u00a0&#8222;Vyrie\u0161enie z\u00e1hady extraordin\u00e1rneho chovania polyelektrolytov po&#8230;<\/p>\n","protected":false},"author":1,"featured_media":0,"parent":15,"menu_order":30,"comment_status":"closed","ping_status":"closed","template":"","meta":{"footnotes":""},"_links":{"self":[{"href":"https:\/\/websrv.saske.sk\/uef\/wp-json\/wp\/v2\/pages\/2821"}],"collection":[{"href":"https:\/\/websrv.saske.sk\/uef\/wp-json\/wp\/v2\/pages"}],"about":[{"href":"https:\/\/websrv.saske.sk\/uef\/wp-json\/wp\/v2\/types\/page"}],"author":[{"embeddable":true,"href":"https:\/\/websrv.saske.sk\/uef\/wp-json\/wp\/v2\/users\/1"}],"replies":[{"embeddable":true,"href":"https:\/\/websrv.saske.sk\/uef\/wp-json\/wp\/v2\/comments?post=2821"}],"version-history":[{"count":64,"href":"https:\/\/websrv.saske.sk\/uef\/wp-json\/wp\/v2\/pages\/2821\/revisions"}],"predecessor-version":[{"id":9890,"href":"https:\/\/websrv.saske.sk\/uef\/wp-json\/wp\/v2\/pages\/2821\/revisions\/9890"}],"up":[{"embeddable":true,"href":"https:\/\/websrv.saske.sk\/uef\/wp-json\/wp\/v2\/pages\/15"}],"wp:attachment":[{"href":"https:\/\/websrv.saske.sk\/uef\/wp-json\/wp\/v2\/media?parent=2821"}],"curies":[{"name":"wp","href":"https:\/\/api.w.org\/{rel}","templated":true}]}}