{"id":253,"date":"2018-09-12T09:45:02","date_gmt":"2018-09-12T07:45:02","guid":{"rendered":"http:\/\/websrv.saske.sk\/uef\/?page_id=253"},"modified":"2025-10-15T10:04:39","modified_gmt":"2025-10-15T08:04:39","slug":"vedenie","status":"publish","type":"page","link":"https:\/\/websrv.saske.sk\/uef\/o-nas\/organizacna-struktura\/vedenie\/","title":{"rendered":"Vedenie"},"content":{"rendered":"<ul>\n<li>riadite\u013eka: \u00a0 <a href=\"https:\/\/www.sav.sk\/index.php?lang=sk&amp;doc=user-org-user&amp;user_no=5425\">doc. RNDr. Zuzana Ga\u017eov\u00e1, CSc.<\/a><\/li>\n<li>z\u00e1stupca riadite\u013ea: \u00a0 <a href=\"https:\/\/www.sav.sk\/index.php?lang=sk&amp;doc=user-org-user&amp;user_no=4021\">RNDr. Alena Jur\u00edkov\u00e1, CSc.<\/a><\/li>\n<li>vedeck\u00fd tajomn\u00edk: \u00a0 <a href=\"https:\/\/www.sav.sk\/index.php?lang=sk&amp;doc=user-org-user&amp;user_no=4057\">doc. RNDr. Slavom\u00edr Gab\u00e1ni, PhD.<\/a><\/li>\n<li>sekretari\u00e1t:<\/li>\n<\/ul>\n<p><a href=\"https:\/\/www.sav.sk\/index.php?lang=sk&amp;doc=user-org-user&amp;user_no=7175\">Ing. Val\u00e9ria Ko\u010danov\u00e1<\/a><\/p>\n<p><a href=\"https:\/\/www.sav.sk\/index.php?lang=sk&amp;doc=user-org-user&amp;user_no=8786\">Ing. Judita Pribi\u0161ov\u00e1<\/a><\/p>\n<p><a href=\"https:\/\/www.sav.sk\/index.php?lang=sk&amp;doc=user-org-user&amp;user_no=11713\">Ing. Miroslava Furinov\u00e1<\/a><\/p>\n<p><a href=\"https:\/\/www.sav.sk\/?lang=sk&amp;doc=user-org-user&amp;user_no=13088\">Ing. Martina \u0160ef\u010d\u00edkov\u00e1, PhD.<\/a><\/p>\n<p><a href=\"https:\/\/www.sav.sk\/index.php?lang=sk&amp;doc=user-org-user&amp;user_no=2812\">Viera \u0160trbinov\u00e1<\/a><\/p>\n<p>&nbsp;<\/p>\n<p><strong>Public information officer<\/strong>: Pavol Bob\u00edk<\/p>\n<p>e-mail: public_information _officer@saske.sk<\/p>\n<p>&nbsp;<\/p>\n","protected":false},"excerpt":{"rendered":"<p>riadite\u013eka: \u00a0 doc. RNDr. Zuzana Ga\u017eov\u00e1, CSc. z\u00e1stupca riadite\u013ea: \u00a0 RNDr. Alena Jur\u00edkov\u00e1, CSc. vedeck\u00fd tajomn\u00edk: \u00a0 doc. RNDr. Slavom\u00edr Gab\u00e1ni, PhD. sekretari\u00e1t: Ing. Val\u00e9ria&#8230;<\/p>\n","protected":false},"author":1,"featured_media":0,"parent":72,"menu_order":1,"comment_status":"closed","ping_status":"closed","template":"","meta":{"footnotes":""},"_links":{"self":[{"href":"https:\/\/websrv.saske.sk\/uef\/wp-json\/wp\/v2\/pages\/253"}],"collection":[{"href":"https:\/\/websrv.saske.sk\/uef\/wp-json\/wp\/v2\/pages"}],"about":[{"href":"https:\/\/websrv.saske.sk\/uef\/wp-json\/wp\/v2\/types\/page"}],"author":[{"embeddable":true,"href":"https:\/\/websrv.saske.sk\/uef\/wp-json\/wp\/v2\/users\/1"}],"replies":[{"embeddable":true,"href":"https:\/\/websrv.saske.sk\/uef\/wp-json\/wp\/v2\/comments?post=253"}],"version-history":[{"count":16,"href":"https:\/\/websrv.saske.sk\/uef\/wp-json\/wp\/v2\/pages\/253\/revisions"}],"predecessor-version":[{"id":9528,"href":"https:\/\/websrv.saske.sk\/uef\/wp-json\/wp\/v2\/pages\/253\/revisions\/9528"}],"up":[{"embeddable":true,"href":"https:\/\/websrv.saske.sk\/uef\/wp-json\/wp\/v2\/pages\/72"}],"wp:attachment":[{"href":"https:\/\/websrv.saske.sk\/uef\/wp-json\/wp\/v2\/media?parent=253"}],"curies":[{"name":"wp","href":"https:\/\/api.w.org\/{rel}","templated":true}]}}