{"id":2176,"date":"2019-03-18T08:42:00","date_gmt":"2019-03-18T07:42:00","guid":{"rendered":"http:\/\/websrv.saske.sk\/uef\/?page_id=2176"},"modified":"2019-03-18T11:08:48","modified_gmt":"2019-03-18T10:08:48","slug":"2016-2","status":"publish","type":"page","link":"https:\/\/websrv.saske.sk\/uef\/oddelenia-a-laboratoria\/oddelenie-teoretickej-fyziky\/publikacie-2\/2016-2\/","title":{"rendered":"2016"},"content":{"rendered":"<h2>Publik\u00e1cie oddelenia za rok 2016<\/h2>\n<ol>\n<li>CONCALVES. VP. &#8211; KRELINA M. &#8211; NEMCHIK, J. &#8211; PASECHNIK, R. Drell-Yan process in pA collisions: The path integral treatment of coherence effects. In <strong>Physical Review D, vol. 94, 114009 (2016)<\/strong>.\u00a0 <span style=\"color: #f00\"><strong>[IF(2015) = 4.506]<\/strong><\/span><\/li>\n<li>BASSO, E. &#8211; GONCALVES, VP. &#8211; KRELINA, M. &#8211; NEMCHIK, J.\u00a0&#8211; PASECHNIK,R. Nuclear effects in Drell-Yan pair production in high-energy pA collisions. In <strong>Physical Review D, vol. 93, 094027 (2016). <span style=\"color: #f00\">[IF(2015) = 4.506]<\/span><\/strong><\/li>\n<li><span style=\"color: #000\">BASSO, E. &#8211; GONCALVES, VP. &#8211; NEMCHIK, J.\u00a0&#8211; PASECHNIK,R. &#8211; SUMBERA, M.\u00a0Drell-Yan phenomenology in the color dipole picture revisited. In <strong>Physical Review D, vol. 93,\u00a0034023 (2016)<\/strong>.\u00a0 <\/span><span style=\"color: #f00\"><strong>[IF(2015) = 4.506]<\/strong><\/span><\/li>\n<li>BUNDZEL, M. &#8211; KASANISK\u00dd, T. &#8211;\u00a0PIN\u010c\u00c1K, R.\u00a0Using string invariants for prediction searching for optimal parameters. In <strong>Physica A, vol. 444, p.680-688 (2016).\u00a0 <span style=\"color: #f00\">[IF(2015) = 1.785]<\/span><\/strong><\/li>\n<li>KANJAMAPORNKUL, K. &#8211; PINCAK, R. &#8211; BARTOS, E. The study of Thai stock market across the 2008 financial crisis. In <strong>Physica A, vol. 462, p.117-133 (2016).\u00a0 <span style=\"color: #f00\">[IF(2015) = 1.785]<\/span><\/strong><\/li>\n<li>KANJAMAPORNKUL, K. &#8211; PINCAK, R. Kolmogorov space in time series data. In <strong>Mathematical Methods in the Applied Sciences, p.1-21 (2016).\u00a0 <span style=\"color: #f00\">[IF(2015) = 1.07]<\/span><\/strong><\/li>\n<li>SEPEHRI, A. &#8211; PINCAK, R. Modeling the Electron Transport in Nanostructures by Using the Concept of BIons in M-theory. In <strong>International Journal\u00a0 of Theoretical Physics, DOI 10.1007\/s10773-016-3080-1.\u00a0 <span style=\"color: #f00\">[IF(2015) = 1.041]<\/span><\/strong><\/li>\n<li><span style=\"color: #000\">SEPEHRI, A. &#8211; PINCAK, R. &#8211; ALI, A.F. Emergence of F(R) gravity-analogue due to defects in graphene. In <strong>European Physical Journal B, vol. 89, 250 (2016).\u00a0 <\/strong><\/span><span style=\"color: #f00\"><strong>[IF(2015) = 1.223]<\/strong><\/span><\/li>\n<li>TOMASOVICOVA, N. &#8211; &#8230;- PINCAK, R. &#8211; KOPCANSKY, P. Biasing a ferronematic &#8211; a new way to detect weak magnetic field. In <strong>Soft Matter, vol. 12, p.5780-5786 (2016).\u00a0 <span style=\"color: #f00\">[IF(2015) = 3.798]<\/span><\/strong><\/li>\n<li>SMOTLACHA, J. &#8211; PINCAK, R. Electronic Properties of Carbon Nanostructures. Chapter in\u00a0 <strong>book: &#8222;Recent Advances in Graphene Research&#8220;, Ed. by Pramoda Nayak, ISBN 978-953-51-2639-3, Intech (2016).<\/strong><\/li>\n<li>\u010cEN\u010cARIKOV\u00c1, H.- STRE\u010cKA,J. &#8211; LYRA, M. L.Reentrant phase transitions of a coupled spin-electron model on doubly decorated planar lattices with two or three consecutive critical points.In <strong>Journal of Magnetism and Magnetic Materials,\u00a0vol. 401, p. 1106-1122 (2016).\u00a0<span style=\"color: #f00\"> [IF(2015) = 2.357]<\/span><\/strong><\/li>\n<li>JUR\u010cI\u0160INOV\u00c1, E.\u00a0&#8211;\u00a0JUR\u010cI\u0160IN, M.\u00a0Single-point ground states and residual entropies in the antiferromagnetic Ising model with multisite interaction on the tetrahedral chain: exact results. In <strong>Journal of Statistical Mechanics, num. 1,\u00a0013101 (2016).\u00a0<\/strong> <span style=\"color: #f00\"><strong>[IF(2015) = 2.091]<\/strong><\/span><\/li>\n<li>JUR\u010cI\u0160INOV\u00c1, E.\u00a0&#8211;\u00a0JUR\u010cI\u0160IN, M.\u00a0Exact results for the spin-1 Ising model on pure &#8222;square&#8220; Husimi lattices: Critical temperatures and spontaneous magnetization. In <strong>Physica A, vol.444, p. 641-653 (2016).\u00a0 <span style=\"color: #f00\">[IF(2015) = 1.785]<\/span><\/strong><\/li>\n<li>JUR\u010cI\u0160INOV\u00c1, E.\u00a0&#8211;\u00a0JUR\u010cI\u0160IN, M. &#8211; REMECK\u00dd, R. Turbulent Prandtl number in A Model od passive vector admixture. In <strong>Physical Review E, vol. 93, 033106 (2016).\u00a0<span style=\"color: #f00\"> [IF(2015) = 2.253]<\/span><\/strong><\/li>\n<li>JURCISINOVA, E. &#8211; JURCISIN, M. Spin-1 Ising model on tetrahedron recursive lattices: Exact results. In<strong> Physica A, vol. 461, p.554-568 (2016).\u00a0<\/strong> <span style=\"color: #f00\"><strong>[IF(2015) = 1.785]<\/strong><\/span><\/li>\n<li>JURCISINOVA, E. &#8211; JURCISIN, M. Geometric frustration effects in the spin-1 antiferromagnetic Ising model on the kagome-like recursive lattice: Exact results. In <strong>Journal of Statistical\u00a0 Mechanics, num. 9, 093207 (2016).<span style=\"color: #f00\"> [IF(2015) = 2.091]<\/span><\/strong><\/li>\n<li><span style=\"color: #000\">JURCISINOVA, E. &#8211; JURCISIN, M. Diffusion in anisotropic fully developed turbulence: Turbulent Prandtl number. In<strong> Physical Review E, vol.94, 043102 (2016).<\/strong> <\/span><span style=\"color: #f00\"><strong>[IF(2015) = 2.253]<\/strong><\/span><\/li>\n<li>ANTONOV, NV. &#8211;\u00a0HNATI\u010c, M.\u00a0&#8211; KAPUSTIN, AS. &#8211; LU\u010cIVJANSKY, T. &#8211; MI\u017dI\u0160IN, L.\u00a0Directed percolation process in the presence of velocity fluctuations: Effect of compressibility and finite correlation time.In\u00a0<strong>Physical Review E, vol. 93,\u00a0012151\u00a0(2016).\u00a0<span style=\"color: #f00\"> [IF(2015) = 2.253]<\/span><\/strong><\/li>\n<li>DAN\u010cO, M.\u00a0&#8211;\u00a0HNATI\u010c, M.\u00a0&#8211; KOMAROVA,\u00a0MV. &#8211; LU\u010cIVJANSKY, T. &#8211; NALIMOV, MY.\u00a0Superfluid phase transition with activated velocity fluctuations: Renormalization group approach.\u00a0In<strong>\u00a0Physical Review E, vol. 93,\u00a0012109\u00a0(2016). <span style=\"color: #f00\">[IF(2015 = 2.253]<\/span><\/strong><\/li>\n<li>HNATIC, M. &#8211; ZALOM, P.<span style=\"color: #333333\"> Helical turbulent Prandtl number in the<\/span> <span style=\"color: #333333\">model of passive vector advection. In\u00a0 <strong>Physical Review E, vol. 94,\u00a0053113 (2016). <span style=\"color: #f00\">[IF(2015 = 2.253]<\/span><\/strong><\/span><\/li>\n<li>HNATIC, M. &#8211; HONKONEN, J. &#8211; LUCIVJANSKY, T.<span style=\"color: #000000\"> Advanced field \u2013 theoretical methods in stochastic dynamics and theory of developed<\/span><span style=\"color: #000000\"> turbulence, In <strong>Acta Physica Slovaca, vol. 66, No.2, 69 \u2013 264 (2016)<\/strong> [195 pp &#8211; review article] <\/span><span style=\"color: #f00\"><strong>[IF(2015) = 0.500]<\/strong><\/span><\/li>\n<li>KUPKOVA, M. &#8211; HRUBOVCAKOVA, M. &#8211; KUPKA, M. The Effect of Corrosion in Hank`s Solution on the Bending Stiffness of Bars from Sintered Iron-Manganese Alloys. In <strong>Materials Science Forum 844, p.46-49 (2016).<\/strong><span style=\"color: #f00\"> <strong>[IF(2015) = 0.330]<\/strong><\/span><\/li>\n<li><span style=\"color: #000\">FARKASOVSKY, P. Enhancement of d-wave pairing correlations by charge and spin ordering in the spin-one-half Falicov-Kimball model with Hund and Hubbard coupling. In\u00a0 <strong>EuroPhysics Letters 115, 37006 (2016).<\/strong> <\/span><span style=\"color: #f00\"><strong>[IF(2015) = 1.963]<\/strong><\/span><\/li>\n<li>FARKASOVSKY, P. , Influence of Spin Ordering on Superconducting Correlations in the Spin-One-Half Falicov-Kimball Model with Hund and Hubbard Coupling, In <strong>Journal of Superconductivity and\u00a0 Novel\u00a0 Magnetism, vol. 29, 3309 (2016).<\/strong>\u00a0 <span style=\"color: #f00\"><strong>[IF(2015) = 1.1]<\/strong><\/span><\/li>\n<li>PIN\u010c\u00c1K, R. &#8211; SMOTLACHA,J.\u00a0Green Function Approach to the Calculation of the Local Density of States in the Graphitic Nanocone. Conference on Mathematical Modeling and Computational Physics (MMCP) Location: Acad Congress Ctr, Stara Lesna, SLOVAKIA Date: JUL 13-17, 2015. In\u00a0<strong>EPJ Web of Conferences, vol. 108,\u00a002043 (2016).<\/strong><\/li>\n<li>ADZEMYAN, LT &#8211; DAN\u010cO, M. &#8211; HNATI\u010c, M. &#8211; IVANOVA, EV. &#8211; KOMPANIETS, MV.\u00a0Multi-Loop Calculations of Anomalous Exponents in the Models of Critical Dynamics.Conference on Mathematical Modeling and Computational Physics (MMCP) Location: Acad Congress Ctr, Stara Lesna, SLOVAKIA Date: JUL 13-17, 2015. In\u00a0<strong>EPJ Web of Conferences, vol. 108,\u00a002004 (2016).<\/strong><\/li>\n<li>ADZEMYAN, LT. &#8211; HNATI\u010c, M. &#8211; KOMPANIETS, MV. &#8211; LU\u010cIVJANSKY, T. &#8211; MI\u017dI\u0160IN, L.\u00a0Numerical Calculation of Scaling Exponents of Percolation Process in the Framework of Renormalization Group Approach.\u00a0Conference on Mathematical Modeling and Computational Physics (MMCP) Location: Acad Congress Ctr, Stara Lesna, SLOVAKIA Date: JUL 13-17, 2015. In\u00a0<strong>EPJ Web of Conferences, vol. 108,\u00a002005 (2016).<\/strong><\/li>\n<li>BU\u0160A, J. &#8211;\u00a0HNATI\u010c, M. &#8211; HONKONEN, J. &#8211;\u00a0LU\u010cIVJANSKY, T. \u00a0Numerical Solution of a Nonlinear Integro-Differential Equation.\u00a0Conference on Mathematical Modeling and Computational Physics (MMCP) Location: Acad Congress Ctr, Stara Lesna, SLOVAKIA Date: JUL 13-17, 2015. In\u00a0<strong>EPJ Web of Conferences, vol. 108,\u00a002017 (2016).<\/strong><\/li>\n<li>HNATI\u010c, M. &#8211;\u00a0KHMARA, VM. &#8211; LAZUR, VY. &#8211; REITY, OK. Quasiclassical Study of the Quantum Mechanical Two-Coulomb-Centre Problem. Conference on Mathematical Modeling and Computational Physics (MMCP) Location: Acad Congress Ctr, Stara Lesna, SLOVAKIA Date: JUL 13-17, 2015. In\u00a0<strong>EPJ Web of Conferences, vol. 108,\u00a002028 (2016).<\/strong><\/li>\n<li>HNATI\u010c, M. &#8211; EFERINA,\u00a0EG. &#8211; KOLOKOVA, AV &#8211; KULYABOV, DS. &#8211; SEVASTYANOV, LA. \u00a0Operator Approach to the Master Equation for the One-Step Process\u00a0Conference on Mathematical Modeling and Computational Physics (MMCP) Location: Acad Congress Ctr, Stara Lesna, SLOVAKIA Date: JUL 13-17, 2015. In<strong>\u00a0EPJ Web of Conferences, vol. 108,\u00a002027 (2016).<\/strong><\/li>\n<li>KRELINA, M. &#8211; BASSO, E. &#8211; GONCALVES, VP. &#8211; NEMCHIK, J. &#8211; PASECHNIK,R. Nuclear effects in Drell-Yan production at the LHC In <strong>EPJ Web of Conferences, vol. 120, 03007 (2016).<\/strong><\/li>\n<li>KRELINA, M. &#8211; BASSO, E. &#8211; GONCALVES, VP. &#8211; NEMCHIK, J. &#8211; PASECHNIK,R. Systematic study of real photon and Drell-Yan pair production in p+A (d+A) interactions. In<strong> EPJ Web of Conferences, vol. 120, 03006 (2016).<\/strong><\/li>\n<\/ol>\n","protected":false},"excerpt":{"rendered":"<p>Publik\u00e1cie oddelenia za rok 2016 CONCALVES. VP. &#8211; KRELINA M. &#8211; NEMCHIK, J. &#8211; PASECHNIK, R. Drell-Yan process in pA collisions: The path integral treatment&#8230;<\/p>\n","protected":false},"author":10,"featured_media":0,"parent":883,"menu_order":50,"comment_status":"closed","ping_status":"closed","template":"","meta":{"footnotes":""},"_links":{"self":[{"href":"https:\/\/websrv.saske.sk\/uef\/wp-json\/wp\/v2\/pages\/2176"}],"collection":[{"href":"https:\/\/websrv.saske.sk\/uef\/wp-json\/wp\/v2\/pages"}],"about":[{"href":"https:\/\/websrv.saske.sk\/uef\/wp-json\/wp\/v2\/types\/page"}],"author":[{"embeddable":true,"href":"https:\/\/websrv.saske.sk\/uef\/wp-json\/wp\/v2\/users\/10"}],"replies":[{"embeddable":true,"href":"https:\/\/websrv.saske.sk\/uef\/wp-json\/wp\/v2\/comments?post=2176"}],"version-history":[{"count":4,"href":"https:\/\/websrv.saske.sk\/uef\/wp-json\/wp\/v2\/pages\/2176\/revisions"}],"predecessor-version":[{"id":2187,"href":"https:\/\/websrv.saske.sk\/uef\/wp-json\/wp\/v2\/pages\/2176\/revisions\/2187"}],"up":[{"embeddable":true,"href":"https:\/\/websrv.saske.sk\/uef\/wp-json\/wp\/v2\/pages\/883"}],"wp:attachment":[{"href":"https:\/\/websrv.saske.sk\/uef\/wp-json\/wp\/v2\/media?parent=2176"}],"curies":[{"name":"wp","href":"https:\/\/api.w.org\/{rel}","templated":true}]}}