{"id":2121,"date":"2019-03-15T10:19:22","date_gmt":"2019-03-15T09:19:22","guid":{"rendered":"http:\/\/websrv.saske.sk\/uef\/?page_id=2121"},"modified":"2019-03-15T12:32:38","modified_gmt":"2019-03-15T11:32:38","slug":"2017-2","status":"publish","type":"page","link":"https:\/\/websrv.saske.sk\/uef\/oddelenia-a-laboratoria\/oddelenie-teoretickej-fyziky\/publikacie-2\/2017-2\/","title":{"rendered":"2017"},"content":{"rendered":"<h2>Publik\u00e1cie oddelenia za rok 2017<\/h2>\n<ol>\n<li><strong>H. \u010cEN\u010cARIKOV\u00c1 <\/strong>(70%) and J. STRE\u010cKA, Rise and Fall of Reentrant Phase Transitions in a Coupled Spin-Electron Model on a Doubly Decorated Honeycomb Lattice, <a href=\"http:\/\/przyrbwn.icm.edu.pl\/APP\/ABSTR\/131\/a131-4-134.html\"><strong>Acta Physica Polonica A 131 (2017) 1021<\/strong><\/a>\u00a0<strong>[<\/strong><strong>IF<\/strong><strong>\/MedIF(2016)=<\/strong>\u00a0<strong>0.469<\/strong><strong>\/1.28=0.366<\/strong>] (3 pages).<\/li>\n<li><strong>P. FARKA\u0160OVSK\u00dd<\/strong> (100%), Formation and condensation of excitonic bound states in the\u00a0generalized Falicov-Kimball model, <strong><a href=\"https:\/\/journals.aps.org\/prb\/abstract\/10.1103\/PhysRevB.95.045101\">Physical Review B 95 (2017) 041406<\/a><\/strong>\u00a0<strong>[IF\/MedIF(2016)=3.836<\/strong><strong>\/2.059=1.863] <\/strong>(6 pages).<\/li>\n<li><strong>P. FARKA\u0160OVSK\u00dd<\/strong>\u00a0(100%), Combined effects of local and nonlocal hybridization on formation and condensation of excitons in the extended Falicov-Kimball model,\u00a0<a href=\"http:\/\/www.sciencedirect.com\/science\/article\/pii\/S0038109817300807\"><strong>Solid State Communications 255 (2017) 24<\/strong><\/a>\u00a0<strong>[IF\/MedIF(2016)=1.554<\/strong><strong>\/2.059=0.755] <\/strong>(5 pages).<\/li>\n<li><strong>P. FARKA\u0160OVSK\u00dd<\/strong>\u00a0(100%), Influence of Spin Ordering on Superconducting Correlations\u00a0in the Spin-One-Half Falicov-Kimball Model with Hund and Hubbard Coupling,\u00a0<a href=\"https:\/\/link.springer.com\/article\/10.1007\/s10948-016-3889-0\"><strong>Journal of Superconductivity and Novel Magnetism 30 (2017) 581<\/strong><\/a>\u00a0<strong>[IF\/MedIF(2016)=1.18<\/strong><strong>\/2.059=0.573] <\/strong>(6 pages).<\/li>\n<li>M. OREND\u00c1\u010c, S. GAB\u00c1NI, G.PRIST\u00c1\u0160, E. GA\u017dO, P. DIKO, <strong>P. FARKA\u0160OVSK\u00dd<\/strong> (10%), A. LEVCHENKO, N. SHITSEVALOVA, K. FLACHBART, Isosbestic points in doped SmB6 as features of universality and property tuning, <strong><a href=\"https:\/\/journals.aps.org\/prb\/abstract\/10.1103\/PhysRevB.96.115101\">Physical Review B 96 (2017) 115101<\/a><\/strong>\u00a0<strong>[IF\/MedIF(2016)=3.836\/2.059=1.863] <\/strong>(11 pages).<\/li>\n<li>N. V. ANTONOV,<strong> M. HNATICH<\/strong> (35%), A. S. KAPUSTIN, T. LU\u010cIVJANSK\u00dd, and L. MI\u017dI\u0160IN,\u00a0Directed-bond percolation subjected to synthetic compressible velocity fluctuations: Renormalization group approach, <a href=\"https:\/\/link.springer.com\/article\/10.1134\/S0040577917030023\"><strong>Theoretical and Mathematical Physics 190 (2017) 323<\/strong><\/a>\u00a0<strong>[<\/strong><strong>IF<\/strong><strong>\/MedIF(2016)=<\/strong><strong>0.984\/1.28=0.769<\/strong>]\u00a0(12 pages).<\/li>\n<li><strong>M. HNATICH<\/strong> (30%), V. M. KHMARA, V. YU. LAZUR, and O. K. REITY, The WKB method for the quantum mechanical two-Coulomb-center problem,<a href=\"https:\/\/link.springer.com\/article\/10.1134\/S0040577917030047\">\u00a0<\/a><strong><a href=\"https:\/\/link.springer.com\/article\/10.1134\/S0040577917030023\">Theoretical and Mathematical Physics 190 (2017) 3<\/a><a href=\"https:\/\/link.springer.com\/article\/10.1134\/S0040577917030047\">45<\/a><\/strong>\u00a0\u00a0<strong>[<\/strong><strong>IF<\/strong><strong>\/MedIF(2016)=<\/strong><strong>0.984<\/strong><strong>\/1.28=<\/strong><strong>0.769<\/strong>]\u00a0(14 pages).<\/li>\n<li><strong>M. DAN\u010cO , M. HNATI\u010c\u00a0<\/strong>(30%), M. V. KOMAROVA, T. LU\u010cIVJANSK\u00dd, and M.YU. NALIMOV, Renormalization Group Calculation of Dynamic Exponent in the Models E and F with Hydrodynamic Fluctuations,<a href=\"http:\/\/przyrbwn.icm.edu.pl\/APP\/PDF\/131\/a131z4p013.pdf\"><strong> Acta Physica Polonica A 131 (2017) 651<\/strong><\/a>\u00a0<strong>[<\/strong><strong>IF<\/strong><strong>\/MedIF(2016)=<\/strong>\u00a0<strong>0.469<\/strong><strong>\/1.28=0.366<\/strong>] (3 pages).<\/li>\n<li><strong>E. JUR\u010cI\u0160INOV\u00c1\u00a0<\/strong>(50%) and\u00a0<strong>\u00a0M. JUR\u010cI\u0160IN<\/strong>\u00a0(50%), Adiabatic cooling processes in frustrated magnetic systems with pyrochlore structure, <a href=\"https:\/\/journals.aps.org\/pre\/abstract\/10.1103\/PhysRevE.96.052128\"><strong>Physical Review E 96 (2017) 052128<\/strong><\/a>\u00a0<strong>[IF\/MedIF(2016) =2.366\/1.349=1.754] \u00a0<\/strong>(10 pages).<\/li>\n<li><strong>E. JUR\u010cI\u0160INOV\u00c1 <\/strong>(50%) and <strong>\u00a0M. JUR\u010cI\u0160IN<\/strong> (50%), Evidence for equivalence of diffusion processes of passive scalar and magnetic fields in anisotropic Navier-Stokes turbulence, \u00a0<a href=\"https:\/\/journals.aps.org\/pre\/abstract\/10.1103\/PhysRevE.95.053112\"><strong>Physical Review E 95 (2017)\u00a0053112<\/strong><\/a><strong>\u00a0<\/strong><strong>[IF\/MedIF(2016) =2.366\/1.349=1.754] \u00a0<\/strong>(6 pages).<\/li>\n<li><strong>E. JUR\u010cI\u0160INOV\u00c1\u00a0<\/strong>(33.33%),\u00a0<strong>\u00a0M. JUR\u010cI\u0160IN<\/strong>\u00a0(33.33%), and <strong>M. MENKYNA\u00a0<\/strong>(33.33%), Simultaneous influence of helicity and compressibility on anomalous scaling of the magnetic field in the Kazantsev-Kraichnan model, <strong><a href=\"http:\/\/journals.aps.org\/pre\/abstract\/10.1103\/PhysRevE.95.053210\">Physical Review E 95 (2017)\u00a0053210<\/a><\/strong><strong>\u00a0<\/strong><strong>[IF\/MedIF(2016) =2.366\/1.349=1.754]\u00a0<\/strong>(28 pages).<\/li>\n<li><strong>E. JUR\u010cI\u0160INOV\u00c1\u00a0<\/strong>(50%) and\u00a0<strong>\u00a0M. JUR\u010cI\u0160IN<\/strong>\u00a0(50%), Evidence for ferromagnetic frustration in a classical spin-1\/2 system with multisite interaction in external magentic field: Exact results, <strong><a href=\"http:\/\/www.sciencedirect.com\/science\/article\/pii\/S0378437117306143\">Physica A 486 (2017) 296<\/a><\/strong><strong>\u00a0<\/strong><strong>[IF\/MedIF(2016) =2.243\/1.28=1.752] \u00a0<\/strong>(22 pages).<\/li>\n<li>M. \u010cLOVE\u010cKO, M. GRAJCAR, <strong>M. KUPKA <\/strong>(14%), P. NEILINGER, M.REH\u00c1K, P. SKYBA, and F.VAVREK, High Q-value Quartz Tuning Fork in Vacuum as a Potential Thermometer in Millikelvin Temperature Range, <strong><a href=\"https:\/\/link.springer.com\/article\/10.1007\/s10909-016-1696-4\">Journal of Low Temperature Physics 187 (2017) 573<\/a>\u00a0<\/strong><strong>[IF\/MedIF(2016)=1.3\/1.696 =0.767] \u00a0<\/strong>(7 pages).<\/li>\n<li>M. KUPKOV\u00c1, <strong>M.KUPKA<\/strong> (33%), and M. HRUBOV\u010c\u00c1KOV\u00c1, Comparison of Elastic and Corrosion Behaviour of Sintered Iron Before and After Its Long Time Immersion in Hank`s Solution<strong>,<\/strong> <a href=\"http:\/\/www.electrochemsci.org\/papers\/vol12\/120403120.pdf\"><strong>International Journal of Electrochemical Science 12 (2017) 3120<\/strong><\/a>\u00a0<strong>[IF\/MedIF(2016) =1.469\/2.235=0.657] \u00a0 \u00a0 \u00a0\u00a0<\/strong>(13 pages).<\/li>\n<li>\u00a0 V. P. GONCALVES, B. KOPELIOVICH,<strong> J.NEMCHIK<\/strong> (33.33%), R. PASECHNIK, and I. POTASHNIKOVA, Heavy flavor production in high-energy pp\u00a0collisions: color dipole description,<strong><a href=\"https:\/\/journals.aps.org\/prd\/abstract\/10.1103\/PhysRevD.96.014010\">\u00a0Physical Review D 96 (2017) 014010<\/a>\u00a0 \u00a0\u00a0<\/strong><strong>\u00a0<\/strong><strong>[IF\/MedIF(2016)=4.568\/2.039=2.24]\u00a0<\/strong>(16 pages).<\/li>\n<li>A. SEPEHRI and\u00a0<strong>\u00a0R. PIN\u010c\u00c1K\u00a0<\/strong>(50%), The birth of the universe in a new G-theory approach,<a href=\"http:\/\/www.worldscientific.com\/doi\/abs\/10.1142\/S021773231750033X\"><strong> Modern Physics Letters A<\/strong><strong>\u00a032, No. 5 (2017) 1750033<\/strong><\/a><strong>\u00a0<\/strong><strong>[IF\/MedIF(2016)=\u00a01.165\/1.349=0.864] \u00a0 \u00a0 \u00a0<\/strong>(32 pages).<\/li>\n<li>E. BARTO\u0160 and <strong>R. PIN\u010c\u00c1K\u00a0<\/strong>(50%), \u00a0Identification of market trends with string and D2-brane maps,\u00a0<strong><a href=\"http:\/\/www.sciencedirect.com\/science\/article\/pii\/S0378437117302273\">Physica A \u00a0479\u00a0(2017)\u00a057<\/a><\/strong>\u00a0\u00a0<strong>[IF\/MedIF(2016) =2.243\/1.28=1.752]\u00a0<\/strong>(14 pages).<\/li>\n<li>A. SEPEHRI,<strong>\u00a0\u00a0R. PIN\u010c\u00c1K\u00a0<\/strong>(30%), K. BAMBA, S. CAPOZIELLO, and E. N. SARIDAKIS, Current density and conductivity through modified gravity in the graphene with defects, <strong><a href=\"http:\/\/www.worldscientific.com\/doi\/abs\/10.1142\/S0218271817500948\">International Journal of Modern Physics D 26 (2017) 1750094<\/a>\u00a0<\/strong><strong>[IF\/MedIF(2016)=\u00a02.476\/2.01=1.232]\u00a0<\/strong><strong>(<\/strong>25 pages).<\/li>\n<li><strong>R. PIN\u010c\u00c1K<\/strong>\u00a0(50%), V. V. SHUNAEV, \u00a0J. SMOTLACHA, \u00a0M. M. SLEPCHENKOV, and O. E. GLUKHOVA,\u00a0\u00a0Electronic Properties of Bilayer Fullerene Onions,\u00a0<a href=\"http:\/\/www.tandfonline.com\/doi\/full\/10.1080\/1536383X.2017.1356825\"><strong>Fullerenes, Nanotubes and Carbon Nanostructurs 10 (2017) 607<\/strong><\/a><a href=\"http:\/\/www.tandfonline.com\/doi\/full\/10.1080\/1536383X.2017.1356825\"><strong>\u00a0<\/strong><\/a><strong>[IF\/MedIF(2016)=\u00a01.35\/1.86= 0.726]\u00a0<\/strong>(6 pages).<\/li>\n<li>A. SEPEHRI,\u00a0<strong>R. PIN\u010c\u00c1K<\/strong>\u00a0(30%), A. PRADHAN, and A. BEESHAM\u00a0, Emergence of anti-F(R)-gravity in Type-IV Bouncing cosmology as due to M0-brane,<a href=\"http:\/\/pleiades.online\/abstract\/gravcos\/17\/gravcos0219_abstract.pdf\"> <strong>Gravitation and Cosmology 23 issue 3 (2017)\u00a0<\/strong><\/a>\u00a0<strong>[IF\/MedIF(2016)=\u00a00.734\/2.01=0.365]\u00a0<\/strong>(29 pages).<\/li>\n<li>\u00a0K. KANJAMAPORNKUL, <strong>R. PIN\u010c\u00c1K<\/strong> (30%), S. CHUNITHIPAISAN, and E. BARTO\u0160, Support spinor machine,\u00a0<a href=\"http:\/\/www.sciencedirect.com\/science\/article\/pii\/S1051200417301732\">\u00a0<strong>Digital Signal Processing 70 (2017) 59<\/strong><\/a>\u00a0<strong>[IF\/MedIF(2016)=\u00a02.337\/1.664= 1.404]\u00a0<\/strong>(14 pages).<\/li>\n<li>S. CAPOZZIELLO,<strong>\u00a0R. PIN\u010c\u00c1K<\/strong>\u00a0(40%), and K. KANJAMAPORNKUL,<a href=\"https:\/\/www.degruyter.com\/view\/j\/zna.2017.72.issue-12\/zna-2017-0274\/zna-2017-0274.xml\"> <strong>Anomaly on Superspace of Time Series Data, Zeitschrift f\u00fcr Naturforschung A vol. 72, issue 12 (2017) 1077-1091<\/strong><\/a><strong>\u00a0[IF\/MedIF(2016)= 1.432\/1.28=1.119]<\/strong>\u00a0 \u00a0(15 pages).<\/li>\n<li>S. CAPOZZIELLO, E. N. SARIDAKIS, K. \u00a0BAMBA, A. SEPEHRI, \u00a0 F. RAHAMAN, A. F. ALI,\u00a0<strong>R. PIN\u010c\u00c1K<\/strong><br \/>\n(15%), and A. PRADHAN, Cosmic space and Pauli exclusion principle in a system of M0-branes,\u00a0<strong><a href=\"http:\/\/www.worldscientific.com\/doi\/abs\/10.1142\/S0219887817500955\">International Journal of Geometric Methods in Modern Physics vol. 14, issue 06 (2017) 1750095<\/a><\/strong>\u00a0<strong>[IF\/MedIF(2016)=\u00a01.068\/1.349= 0.792]\u00a0<\/strong>(32 pages).<\/li>\n<li>J. SMOTLACHA and \u00a0<strong>R. PIN\u010c\u00c1K\u00a0<\/strong>(50%),\u00a0 Boundary conditions and Green function approach of the spin\u2013orbit interaction in the graphiticnanocone,<a href=\"http:\/\/www.worldscientific.com\/doi\/abs\/10.1142\/S021988781750116X\">\u00a0<\/a><strong><a href=\"http:\/\/www.worldscientific.com\/doi\/abs\/10.1142\/S021988781750116X\">International Journal of Geometric Methods in Modern Physics vol. 14, issue 09 (2017) 1750116<\/a><\/strong>\u00a0<strong>[IF\/MedIF(2016)=\u00a01.068\/1.349= 0.792]<\/strong>\u00a0(20 pages).<\/li>\n<li>A. SEPEHRI, A. PRADHAN,\u00a0<strong>R. PIN\u010c\u00c1K\u00a0<\/strong>(20%), F. RAHAMAN, and A. BEESHAM,\u00a0 Birth of the GUP and its effect on the entropy of the universe in Lie-N-algebra,<a href=\"http:\/\/www.worldscientific.com\/doi\/abs\/10.1142\/S0219887817501304\">\u00a0<strong>International Journal of Geometric Methods in Modern Physics vol. 14, issue 09 (2017)<\/strong>\u00a0<\/a><strong><a href=\"http:\/\/www.worldscientific.com\/doi\/abs\/10.1142\/S0219887817501304\">1750130<\/a><\/strong><strong>\u00a0[IF\/MedIF(2016)=\u00a01.068\/1.349= 0.792]\u00a0\u00a0<\/strong>\u00a0(15 pages).<\/li>\n<li>A. SEPEHRI,\u00a0<strong>R. PIN\u010c\u00c1K\u00a0<\/strong>(33.33%), G. J. OLMO, M-theory, graphene-branes and superconducting wormholes,\u00a0<a href=\"http:\/\/www.worldscientific.com\/doi\/pdf\/10.1142\/S0219887817501675\"><strong>International Journal of Geometric Methods in Modern Physics vol. 14, issue 11\u00a0 (2017)<\/strong>\u00a0<strong>17501<\/strong><b>67<\/b><\/a>\u00a0<strong>\u00a0[IF\/MedIF(2016)=\u00a01.068\/1.349= 0.792]\u00a0<\/strong>(32 pages).<\/li>\n<li>S. CAPOZZIELLO, V. De FALCO, and <strong>R. PIN\u010c\u00c1K<\/strong> (33.33%), Torsion in Bianchi IX cosmology,\u00a0<a href=\"http:\/\/www.worldscientific.com\/doi\/pdf\/10.1142\/S0219887817501869\">\u00a0<strong>International Journal of Geometric Methods in Modern Physics vol.14, issue 12 (2017)<\/strong>\u00a0<strong>1750186<\/strong><\/a>\u00a0<strong>\u00a0[IF\/MedIF(2016)=\u00a01.068\/1.349= 0.792]<\/strong>\u00a0(15 pages).<\/li>\n<li>\u00a0E. BARTO\u0160 and\u00a0<strong>R. PIN\u010c\u00c1K<\/strong>,\u00a0 Study of Prediction Models for Time Series,<strong> <a href=\"http:\/\/www.physics.sk\/aps\/pub.php?y=2017&amp;pub=aps-17-01\">Acta Physica Slovaca 67 (2017) 1<\/a> [IF\/MedIF(2016)= 1.455\/1.28=1.137]<\/strong>\u00a0(83 pages).<\/li>\n<li>YU. FEDOROV and\u00a0<strong>M. STEHLIK <\/strong>(50%), The Modulation of Galactic Cosmic Ray Intensity in the Outer Heliosphere,\u00a0<strong><a href=\"https:\/\/link.springer.com\/article\/10.1007\/s11207-017-1141-0\">Solar Physics 292 (2017) 119<\/a>\u00a0[IF\/MedIF(2016)=\u00a02.682\/2.01= 1.334] <\/strong>(18 pages)<strong>.<\/strong><\/li>\n<\/ol>\n<h4><\/h4>\n<h4><\/h4>\n<p><img loading=\"lazy\" decoding=\"async\" class=\"aligncenter wp-image-2155\" src=\"http:\/\/websrv.saske.sk\/uef\/wp-content\/uploads\/2019\/03\/vysledky_otf_2017_new2-300x260.jpg\" alt=\"\" width=\"607\" height=\"526\" srcset=\"https:\/\/websrv.saske.sk\/uef\/wp-content\/uploads\/2019\/03\/vysledky_otf_2017_new2-300x260.jpg 300w, https:\/\/websrv.saske.sk\/uef\/wp-content\/uploads\/2019\/03\/vysledky_otf_2017_new2-768x665.jpg 768w, https:\/\/websrv.saske.sk\/uef\/wp-content\/uploads\/2019\/03\/vysledky_otf_2017_new2-1024x887.jpg 1024w\" sizes=\"(max-width: 607px) 100vw, 607px\" \/><\/p>\n<h4><\/h4>\n<p>&nbsp;<\/p>\n<h3><strong>Neimpaktovan\u00e9 publik\u00e1cie:<\/strong><\/h3>\n<ol>\n<li>N. V. ANTONOV, <strong>M. HNATICH<\/strong>, A. S. ANTONOV, A. S. KAPUSTIN, T. LU\u010cIVJANKS\u00dd, L. MI\u017dI\u0160IN,\u00a0Active-to-Absorbing Phase Transition Subjected to the Velocity Fluctuations in the Frozen Limit Case,<a href=\"https:\/\/link.springer.com\/article\/10.1134\/S154747711706005X\">\u00a0<strong>Physics of Particles and Nuclei Letters Vol. 14, No. 6 (2017)<\/strong><\/a>\u00a0(9 pages).<\/li>\n<li>M. KRELINA, V. P. GONCALVES,\u00a0<strong>\u00a0J. NEMCHIK<\/strong>\u00a0(33.33%), and R. PASECHNIK,\u00a0Study of Drell-Yan pair production on nuclear targets,<strong>\u00a0<a href=\"http:\/\/iopscience.iop.org\/article\/10.1088\/1742-6596\/832\/1\/012017\">J. Phys. Conf. Ser. 832 (2017) 012017<\/a>\u00a0<\/strong><strong>\u00a0<\/strong>(4 pages).<\/li>\n<li>M. KRELINA, J.CEPILA, and\u00a0<strong>\u00a0J. NEMCHIK<\/strong>\u00a0(33.33%),\u00a0Challenges of direct photon production at forward rapidities and large pT,<strong>\u00a0<a href=\"http:\/\/iopscience.iop.org\/article\/10.1088\/1742-6596\/805\/1\/012003\/meta\">J. Phys. Conf. Ser. 805 (2017) 012003\u00a0<\/a><\/strong>(9 pages).<\/li>\n<li>B.Z. KOPELIOVICH, <strong>J. NEMCHIK <\/strong>(50%), I.K. POTASNIKOVA, and I. SCHMIDT, Novel scenario for production of heavy flavored mesons in heavy ion collisions,<strong>\u00a0<a href=\"https:\/\/www.epj-conferences.org\/articles\/epjconf\/abs\/2017\/33\/epjconf_icnfp2017_01018\/epjconf_icnfp2017_01018.html\">EPJ Web of Conferences 164 (2017) 01018<\/a>\u00a0<\/strong>(10 pages)<strong>.<\/strong><\/li>\n<\/ol>\n","protected":false},"excerpt":{"rendered":"<p>Publik\u00e1cie oddelenia za rok 2017 H. \u010cEN\u010cARIKOV\u00c1 (70%) and J. STRE\u010cKA, Rise and Fall of Reentrant Phase Transitions in a Coupled Spin-Electron Model on a&#8230;<\/p>\n","protected":false},"author":10,"featured_media":0,"parent":883,"menu_order":50,"comment_status":"closed","ping_status":"closed","template":"","meta":{"footnotes":""},"_links":{"self":[{"href":"https:\/\/websrv.saske.sk\/uef\/wp-json\/wp\/v2\/pages\/2121"}],"collection":[{"href":"https:\/\/websrv.saske.sk\/uef\/wp-json\/wp\/v2\/pages"}],"about":[{"href":"https:\/\/websrv.saske.sk\/uef\/wp-json\/wp\/v2\/types\/page"}],"author":[{"embeddable":true,"href":"https:\/\/websrv.saske.sk\/uef\/wp-json\/wp\/v2\/users\/10"}],"replies":[{"embeddable":true,"href":"https:\/\/websrv.saske.sk\/uef\/wp-json\/wp\/v2\/comments?post=2121"}],"version-history":[{"count":23,"href":"https:\/\/websrv.saske.sk\/uef\/wp-json\/wp\/v2\/pages\/2121\/revisions"}],"predecessor-version":[{"id":2145,"href":"https:\/\/websrv.saske.sk\/uef\/wp-json\/wp\/v2\/pages\/2121\/revisions\/2145"}],"up":[{"embeddable":true,"href":"https:\/\/websrv.saske.sk\/uef\/wp-json\/wp\/v2\/pages\/883"}],"wp:attachment":[{"href":"https:\/\/websrv.saske.sk\/uef\/wp-json\/wp\/v2\/media?parent=2121"}],"curies":[{"name":"wp","href":"https:\/\/api.w.org\/{rel}","templated":true}]}}