{"id":200,"date":"2018-09-12T09:21:29","date_gmt":"2018-09-12T07:21:29","guid":{"rendered":"http:\/\/websrv.saske.sk\/uef\/?page_id=200"},"modified":"2024-01-24T12:19:00","modified_gmt":"2024-01-24T11:19:00","slug":"zriadovacia-zakladacia-listina","status":"publish","type":"page","link":"https:\/\/websrv.saske.sk\/uef\/o-nas\/dokumenty-ustavu\/zriadovacia-zakladacia-listina\/","title":{"rendered":"Zakladacia listina"},"content":{"rendered":"<h3 style=\"text-align: center;\">ROZHODNUTIE<\/h3>\n<p style=\"text-align: center;\">Predsedn\u00edctva Slovenskej akad\u00e9mie vied o vydan\u00ed<\/p>\n<h3 style=\"text-align: center;\">Zakladacej listiny <a href=\"http:\/\/websrv.saske.sk\/uef\/wp-content\/uploads\/2024\/01\/Zakladacia-listina-UEFSAVvvi.pdf\">(.pdf)<\/a><\/h3>\n<h4 style=\"text-align: center;\">\u00dastavu experiment\u00e1lnej fyziky SAV, v.v.i.<\/h4>\n<p style=\"text-align: center;\">v znen\u00ed dodatku \u010d.1 Predsedn\u00edctva SAV zo d\u0148a 16.11.2023<\/p>\n<p>&nbsp;<\/p>\n","protected":false},"excerpt":{"rendered":"<p>ROZHODNUTIE Predsedn\u00edctva Slovenskej akad\u00e9mie vied o vydan\u00ed Zakladacej listiny (.pdf) \u00dastavu experiment\u00e1lnej fyziky SAV, v.v.i. v znen\u00ed dodatku \u010d.1 Predsedn\u00edctva SAV zo d\u0148a 16.11.2023 &nbsp;<\/p>\n","protected":false},"author":1,"featured_media":0,"parent":180,"menu_order":0,"comment_status":"closed","ping_status":"closed","template":"","meta":{"footnotes":""},"_links":{"self":[{"href":"https:\/\/websrv.saske.sk\/uef\/wp-json\/wp\/v2\/pages\/200"}],"collection":[{"href":"https:\/\/websrv.saske.sk\/uef\/wp-json\/wp\/v2\/pages"}],"about":[{"href":"https:\/\/websrv.saske.sk\/uef\/wp-json\/wp\/v2\/types\/page"}],"author":[{"embeddable":true,"href":"https:\/\/websrv.saske.sk\/uef\/wp-json\/wp\/v2\/users\/1"}],"replies":[{"embeddable":true,"href":"https:\/\/websrv.saske.sk\/uef\/wp-json\/wp\/v2\/comments?post=200"}],"version-history":[{"count":17,"href":"https:\/\/websrv.saske.sk\/uef\/wp-json\/wp\/v2\/pages\/200\/revisions"}],"predecessor-version":[{"id":8085,"href":"https:\/\/websrv.saske.sk\/uef\/wp-json\/wp\/v2\/pages\/200\/revisions\/8085"}],"up":[{"embeddable":true,"href":"https:\/\/websrv.saske.sk\/uef\/wp-json\/wp\/v2\/pages\/180"}],"wp:attachment":[{"href":"https:\/\/websrv.saske.sk\/uef\/wp-json\/wp\/v2\/media?parent=200"}],"curies":[{"name":"wp","href":"https:\/\/api.w.org\/{rel}","templated":true}]}}