{"id":142,"date":"2018-09-12T09:11:14","date_gmt":"2018-09-12T07:11:14","guid":{"rendered":"http:\/\/websrv.saske.sk\/uef\/?page_id=142"},"modified":"2024-11-13T10:38:26","modified_gmt":"2024-11-13T09:38:26","slug":"vyucba","status":"publish","type":"page","link":"https:\/\/websrv.saske.sk\/uef\/vzdelavanie\/vyucba\/","title":{"rendered":"V\u00fdu\u010dba"},"content":{"rendered":"<p>&nbsp;<\/p>\n<ul>\n<li><strong><em>F\u00e1zov\u00e9 prechody a kritick\u00e9 jav<\/em>y<\/strong> (Pre\u0161ovsk\u00e1 univerzita v Pre\u0161ove, Katedra fyziky, matematiky a techniky)<\/li>\n<\/ul>\n<p style=\"padding-left: 30px;\">RNDr. Hana \u010cen\u010darikov\u00e1, PhD<\/p>\n<ul>\n<li><strong><em>Transportn\u00e9 vlastnosti kondenzovan\u00fdch l\u00e1tok<\/em><\/strong> (Univerzita Pavla Jozefa \u0160af\u00e1rika v Ko\u0161iciach, \u00dastav fyzik\u00e1lnych vied)<\/li>\n<\/ul>\n<p style=\"padding-left: 30px;\">RNDr. Hana \u010cen\u010darikov\u00e1, PhD<\/p>\n<ul>\n<li><strong><em>Experiment\u00e1lne met\u00f3dy v materi\u00e1lov\u00fdch ved\u00e1ch<\/em><\/strong> (FEI, Technick\u00e1 univerzita v Ko\u0161iciach)<\/li>\n<\/ul>\n<p style=\"padding-left: 30px;\">Ing. Pavel Diko, DrSc.<\/p>\n<ul>\n<li><strong><em>Fyzik\u00e1lne princ\u00edpy lek\u00e1rskej techniky<\/em><\/strong> (Univerzita Pavla Jozefa \u0160af\u00e1rika v Ko\u0161iciach, \u00dastav fyzik\u00e1lnych vied)<\/li>\n<\/ul>\n<p style=\"padding-left: 30px;\">Doc. RNDr. Karol Flachbart, DrSc.<\/p>\n<ul>\n<li><strong><em>Makroskopick\u00e9 kvantov\u00e9 syst\u00e9my II<\/em><\/strong> (Univerzita Pavla Jozefa \u0160af\u00e1rika v Ko\u0161iciach, \u00dastav fyzik\u00e1lnych vied)<\/li>\n<\/ul>\n<p style=\"padding-left: 30px;\">Doc. RNDr. Karol Flachbart, DrSc.<\/p>\n<ul>\n<li><strong><em>Fyzika vysok\u00fdch tlakov<\/em> <\/strong>(Univerzita Pavla Jozefa \u0160af\u00e1rika v Ko\u0161iciach, Katedra kondenzovan\u00fdch l\u00e1tok, \u00dastav fyzik\u00e1lnych vied)<\/li>\n<\/ul>\n<p style=\"padding-left: 30px;\">Doc. RNDr. Slavom\u00edr Gab\u00e1ni, PhD.<\/p>\n<ul>\n<li><strong><em>Kozmol\u00f3gia<\/em><\/strong> (Univerzita Pavla Jozefa \u0160af\u00e1rika v Ko\u0161iciach, Katedra teoretickej fyziky a astrofyziky\/\u00dastav fyzik\u00e1lnych vied)<\/li>\n<\/ul>\n<p style=\"padding-left: 30px;\">RNDr. Mari\u00e1n Jur\u010di\u0161in, PhD.<\/p>\n<ul>\n<li><strong><em>Matematick\u00e1 fyzika<\/em> <\/strong>(Univerzita Pavla Jozefa \u0160af\u00e1rika v Ko\u0161iciach, Katedra teoretickej fyziky a astrofyziky\/\u00dastav fyzik\u00e1lnych vied)<\/li>\n<\/ul>\n<p style=\"padding-left: 30px;\">RNDr. Mari\u00e1n Jur\u010di\u0161in, PhD.<\/p>\n<ul>\n<li><strong><em>V\u0161eobecn\u00e1 te\u00f3ria relativity<\/em> <\/strong>(Univerzita Pavla Jozefa \u0160af\u00e1rika v Ko\u0161iciach, Katedra teoretickej fyziky a astrofyziky\/\u00dastav fyzik\u00e1lnych vied)<\/li>\n<\/ul>\n<p style=\"padding-left: 30px;\">RNDr. Mari\u00e1n Jur\u010di\u0161in, PhD.<\/p>\n<ul>\n<li><em><strong> Experiment\u00e1lne met\u00f3dy v materi\u00e1lov\u00fdch ved\u00e1ch<\/strong><\/em> (FEI, Technick\u00e1 univerzita v Ko\u0161iciach)<\/li>\n<\/ul>\n<p style=\"padding-left: 30px;\">RNDr. Viktor Kave\u010dansk\u00fd, CSc.<\/p>\n<ul>\n<li><strong><em>Aplikovan\u00e1 QCD pri vysok\u00fdch energi\u00e1ch<\/em> <\/strong>(\u010cesk\u00e9 vysok\u00e9 u\u010den\u00ed technick\u00e9 v Praze, \u010cesk\u00e1 republika, Katedra fyziky)<\/li>\n<\/ul>\n<p style=\"padding-left: 30px;\">RNDr. J\u00e1n Nem\u010d\u00edk, CSc.<\/p>\n<ul>\n<li><strong><em>Experiment\u00e1lne met\u00f3dy<\/em><\/strong> (Technick\u00e1 univerzita v Ko\u0161iciach, FEI)<\/li>\n<\/ul>\n<p style=\"padding-left: 30px;\">Mgr. Pavol Szab\u00f3, CSc.<\/p>\n<ul>\n<li><strong><em>Magnetick\u00e9 materi\u00e1ly s v\u00fdzna\u010dn\u00fdmi vlastnos\u0165ami<\/em><\/strong> (Pr\u00edrodovedeck\u00e1 fakulta UPJ\u0160, \u00dastav Fyzik\u00e1lnych vied)<\/li>\n<\/ul>\n<p style=\"padding-left: 30px;\">RNDr. Ivan \u0160korv\u00e1nek, CSc.<\/p>\n<ul>\n<li><strong><em>Experiment\u00e1lne met\u00f3dy v\u00a0materi\u00e1lov\u00fdch ved\u00e1ch<\/em><\/strong> (Technick\u00e1 univerzita v Ko\u0161iciach, FEI)<\/li>\n<\/ul>\n<p style=\"padding-left: 30px;\">RNDr. Nat\u00e1lia Toma\u0161ovi\u010dov\u00e1, CSc.<\/p>\n<ul>\n<li><strong><em>Spektroskopick\u00e9 met\u00f3dy<\/em> <\/strong>(Univerzita Pavla Jozefa \u0160af\u00e1rika v Ko\u0161iciach, Prirodovedeck\u00e1 fakulta)<\/li>\n<\/ul>\n<p style=\"padding-left: 30px;\">RNDr. Nat\u00e1lia Toma\u0161ovi\u010dov\u00e1, CSc.<\/p>\n<ul>\n<li><strong><em>Anal\u00fdza obrazu<\/em> <\/strong>(Pr\u00edrodovedeck\u00e1 fakulta UPJ\u0160, \u00dastav informatiky)<\/li>\n<\/ul>\n<p style=\"padding-left: 30px;\">Doc. Ing. Zolt\u00e1n Tomori, CSc.<\/p>\n<h4><strong><em><u>Semestr\u00e1lne cvi\u010denia:<\/u><\/em><\/strong><\/h4>\n<ul>\n<li><em>F\u00e1zov\u00e9 prechody a kritick\u00e9 javy<\/em> (Pre\u0161ovsk\u00e1 univerzita v Pre\u0161ove, Fakulta fyziky, matematiky a techniky)<\/li>\n<\/ul>\n<p style=\"padding-left: 30px;\">RNDr. Hana \u010cen\u010darikov\u00e1, PhD<\/p>\n<ul>\n<li><em>Transportn\u00e9 vlastnosti kondenzovan\u00fdch l\u00e1tok<\/em> (Univerzita Pavla Jozefa \u0160af\u00e1rika v Ko\u0161iciach, \u00dastav fyzik\u00e1lnych vied)<\/li>\n<\/ul>\n<p style=\"padding-left: 30px;\">RNDr. Hana \u010cen\u010darikov\u00e1, PhD<\/p>\n<ul>\n<li><em>Experiment\u00e1lne met\u00f3dy<\/em> (Technick\u00e1 univerzita v Ko\u0161iciach, Katedra fyziky FEI TU Ko\u0161ice)<\/li>\n<\/ul>\n<p style=\"padding-left: 30px;\">Doc. RNDr. Slavom\u00edr Gab\u00e1ni, PhD.<\/p>\n<ul>\n<li><em>Matematick\u00e1 fyzika<\/em> (Univerzita Pavla Jozefa \u0160af\u00e1rika v Ko\u0161iciach, Katedra teoretickej fyziky a astrofyziky\/\u00dastav fyzik\u00e1lnych vied)<\/li>\n<\/ul>\n<p style=\"padding-left: 30px;\">RNDr. Mari\u00e1n Jur\u010di\u0161in, PhD.<\/p>\n<ul>\n<li><em>Programovanie a spracovanie dat v jadrovej fyzike II<\/em> (Univerzita Pavla Jozefa \u0160af\u00e1rika v Ko\u0161iciach,\u00a0 Katedra jadrovej fyziky a subjadrovej fyziky)<\/li>\n<\/ul>\n<p style=\"padding-left: 30px;\">RNDr. Mari\u00e1n Puti\u0161, PhD.<\/p>\n<h4><em><strong><u>Individu\u00e1lne predn\u00e1\u0161ky:<\/u><\/strong><\/em><\/h4>\n<ul>\n<li><em>Met\u00f3dy detekcie a experimenty na ve\u013ek\u00fdch ur\u00fdch\u013eova\u010doch<\/em> (Univerzita Pavla Jozefa \u0160af\u00e1rika v Ko\u0161iciach, Katedra jadrovej fyziky a subjadrovej fyziky\/\u00dastav fyzik\u00e1lnych vied)<\/li>\n<\/ul>\n<p style=\"padding-left: 30px;\">RNDr. Ivan Kr\u00e1lik, CSc.<\/p>\n<ul>\n<li><em>Te\u00f3ria a fenomenol\u00f3gia element\u00e1rnych \u010dast\u00edc<\/em> (Univerzita Pavla Jozefa \u0160af\u00e1rika v Ko\u0161iciach, Pr\u00edrodovedeck\u00e1 fakulta)<\/li>\n<\/ul>\n<p style=\"padding-left: 30px;\">RNDr. Ivan Kr\u00e1lik, CSc.<\/p>\n<p>&nbsp;<\/p>\n<p>&nbsp;<\/p>\n","protected":false},"excerpt":{"rendered":"<p>&nbsp; F\u00e1zov\u00e9 prechody a kritick\u00e9 javy (Pre\u0161ovsk\u00e1 univerzita v Pre\u0161ove, Katedra fyziky, matematiky a techniky) RNDr. Hana \u010cen\u010darikov\u00e1, PhD Transportn\u00e9 vlastnosti kondenzovan\u00fdch l\u00e1tok (Univerzita Pavla&#8230;<\/p>\n","protected":false},"author":1,"featured_media":0,"parent":13,"menu_order":10,"comment_status":"closed","ping_status":"closed","template":"","meta":{"footnotes":""},"_links":{"self":[{"href":"https:\/\/websrv.saske.sk\/uef\/wp-json\/wp\/v2\/pages\/142"}],"collection":[{"href":"https:\/\/websrv.saske.sk\/uef\/wp-json\/wp\/v2\/pages"}],"about":[{"href":"https:\/\/websrv.saske.sk\/uef\/wp-json\/wp\/v2\/types\/page"}],"author":[{"embeddable":true,"href":"https:\/\/websrv.saske.sk\/uef\/wp-json\/wp\/v2\/users\/1"}],"replies":[{"embeddable":true,"href":"https:\/\/websrv.saske.sk\/uef\/wp-json\/wp\/v2\/comments?post=142"}],"version-history":[{"count":8,"href":"https:\/\/websrv.saske.sk\/uef\/wp-json\/wp\/v2\/pages\/142\/revisions"}],"predecessor-version":[{"id":8602,"href":"https:\/\/websrv.saske.sk\/uef\/wp-json\/wp\/v2\/pages\/142\/revisions\/8602"}],"up":[{"embeddable":true,"href":"https:\/\/websrv.saske.sk\/uef\/wp-json\/wp\/v2\/pages\/13"}],"wp:attachment":[{"href":"https:\/\/websrv.saske.sk\/uef\/wp-json\/wp\/v2\/media?parent=142"}],"curies":[{"name":"wp","href":"https:\/\/api.w.org\/{rel}","templated":true}]}}