{"id":89,"date":"2019-02-13T07:16:56","date_gmt":"2019-02-13T06:16:56","guid":{"rendered":"http:\/\/websrv.saske.sk\/imr\/?page_id=89"},"modified":"2024-11-07T11:21:56","modified_gmt":"2024-11-07T10:21:56","slug":"kalendar-akcii","status":"publish","type":"page","link":"https:\/\/websrv.saske.sk\/imr\/udalosti\/kalendar-akcii\/","title":{"rendered":"Kalend\u00e1r akci\u00ed"},"content":{"rendered":"<h1 style=\"text-align: center;\"><strong>O Z N A M <\/strong><strong>o\u00a0konan\u00ed obhajoby doktorskej dizerta\u010dnej pr\u00e1ce<\/strong><\/h1>\n<h2 style=\"text-align: center;\"><a href=\"https:\/\/websrv.saske.sk\/imr\/wp-content\/uploads\/2024\/11\/na_vyvesku_oznamenie_obhajobaDDP_Zelenakova.pdf\">Obhajoba DDP doc. RNDr. Adriany Zele\u0148\u00e1kovej, PhD.(pdf)<\/a><\/h2>\n<p>&nbsp;<\/p>\n<p><span style=\"color: #ff0000;\"><strong>Konferencia &#8211; <\/strong><strong>F<\/strong>unk\u010dn\u00e9\u00a0<strong>K<\/strong>ompozitn\u00e9\u00a0<strong>M<\/strong>ateri\u00e1ly 2024<\/span><\/p>\n<p>D\u0148a 24.okt\u00f3bra 2024 sa na na\u0161om \u00dastave materi\u00e1lov\u00e9ho v\u00fdskumu, v. v. i. SAV organizuje VII. ro\u010dn\u00edk konferencie <strong>F<\/strong>unk\u010dn\u00e9\u00a0<strong>K<\/strong>ompozitn\u00e9\u00a0<strong>M<\/strong>ateri\u00e1ly 2024. Hlavn\u00fdm cie\u013eom tejto u\u017e tradi\u010dnej konferencie je poskytnutie priestoru pre prezent\u00e1ciu aktu\u00e1lnych v\u00fdsledkov z oblasti v\u00fdskumu a v\u00fdvoja \u0161irok\u00e9ho spektra funk\u010dn\u00fdch pr\u00e1\u0161kov\u00fdch materi\u00e1lov spracovan\u00fdch fyzik\u00e1lnymi, chemick\u00fdmi a mechanick\u00fdmi met\u00f3dami modifik\u00e1cie. Mechanick\u00e9 a mechano-chemick\u00e9 met\u00f3dy aplikovan\u00e9 na synt\u00e9zu, povlakovanie, homogeniz\u00e1ciu a funkcionaliz\u00e1ciu pr\u00e1\u0161kov\u00fdch \u010dast\u00edc bud\u00fa diskutovan\u00e9 v naj\u0161ir\u0161om kontexte materi\u00e1lov\u00fdch vied a in\u017einierstva.<\/p>\n<p>\u0160pecifick\u00fdm cie\u013eom je vytvori\u0165 platformu pre multidisciplin\u00e1rnu diskusiu na t\u00e9mu modelovania, met\u00f3d pr\u00edpravy a charakteriz\u00e1cie \u0161trukt\u00fary a vlastnost\u00ed funk\u010dn\u00fdch materi\u00e1lov a kompozitov so \u0161pecifick\u00fdmi fyzik\u00e1lnymi, chemick\u00fdmi a biologick\u00fdmi vlastnos\u0165ami. Konferencia sa uskuto\u010dn\u00ed v budove PROMATECH na 6. poschod\u00ed.<\/p>\n<p>&nbsp;<\/p>\n<p><strong><span style=\"color: #ff0000;\">IWAMSN 2024 &#8211; THE 11th INTERNATIONAL WORKSHOP<\/span><\/strong><br \/>\n<strong><span style=\"color: #ff0000;\">ON ADVANCED MATERIALS SCIENCE AND NANOTECHNOLOGY<\/span><\/strong><\/p>\n<p>Pomerne ve\u013ek\u00e1 skupina vedcov zo Slovenska sa koncom septembra z\u00fa\u010dastnila na medzin\u00e1rodnej konferencii IWAMSN 2024 v Da Nang vo Vietname. Na konferencii sa stretlo 496 \u00fa\u010dastn\u00edkov z 20 kraj\u00edn sveta a na\u0161i kolegovia z \u00daMV SAV, v. v. i. v r\u00e1mci programu vyst\u00fapili s jednou k\u013e\u00fa\u010dovou a dvoma vyzvan\u00fdmi predn\u00e1\u0161kami. T\u00e1to konferencia tak v\u00fdrazne prispela k rozvoju vedeck\u00fdch poznatkov a podpore medzin\u00e1rodnej spolupr\u00e1ce v oblasti materi\u00e1lovej vedy a nanotechnol\u00f3gi\u00ed.<\/p>\n<p>Str\u00e1nka: https:\/\/www.iwamsn.ac.vn<br \/>\nFoto: R. Bures, D. D. Phuong<\/p>\n<div id=\"wpwrap\" aria-hidden=\"true\"><\/div>\n<div class=\"media-frame-content\">\n<div class=\"attachment-details save-ready\">\n<div class=\"attachment-media-view landscape\">\n<div class=\"thumbnail thumbnail-image\">\n<p><img decoding=\"async\" class=\"details-image\" draggable=\"false\" src=\"https:\/\/websrv.saske.sk\/imr\/wp-content\/uploads\/2024\/10\/IWAMSN1-rotated.jpg\" alt=\"\" \/><\/p>\n<div class=\"attachment-actions\">\n<div id=\"wpwrap\" aria-hidden=\"true\"><\/div>\n<div id=\"wpadminbar\" class=\"nojq\">\n<div id=\"wp-toolbar\" class=\"quicklinks\" role=\"navigation\" aria-label=\"Panel n\u00e1strojov\"><\/div>\n<\/div>\n<div class=\"media-frame-content\">\n<div class=\"attachment-details save-ready\">\n<div class=\"attachment-media-view landscape\">\n<div class=\"thumbnail thumbnail-image\"><img decoding=\"async\" class=\"details-image\" draggable=\"false\" src=\"https:\/\/websrv.saske.sk\/imr\/wp-content\/uploads\/2024\/10\/IWAMSN2.jpg\" alt=\"\" \/><\/div>\n<\/div>\n<\/div>\n<\/div>\n<div class=\"actions\"><\/div>\n<div>\n<div class=\"media-modal-backdrop\"><\/div>\n<\/div>\n<\/div>\n<\/div>\n<\/div>\n<\/div>\n<\/div>\n<div class=\"details\"><\/div>\n<p>&nbsp;<\/p>\n","protected":false},"excerpt":{"rendered":"<p>O Z N A M o\u00a0konan\u00ed obhajoby doktorskej dizerta\u010dnej pr\u00e1ce Obhajoba DDP doc. RNDr. Adriany Zele\u0148\u00e1kovej, PhD.(pdf) &nbsp; Konferencia &#8211; Funk\u010dn\u00e9\u00a0Kompozitn\u00e9\u00a0Materi\u00e1ly 2024 D\u0148a 24.okt\u00f3bra 2024&#8230;<\/p>\n","protected":false},"author":1,"featured_media":0,"parent":85,"menu_order":10,"comment_status":"closed","ping_status":"closed","template":"","meta":{"footnotes":""},"class_list":["post-89","page","type-page","status-publish","hentry"],"_links":{"self":[{"href":"https:\/\/websrv.saske.sk\/imr\/wp-json\/wp\/v2\/pages\/89","targetHints":{"allow":["GET"]}}],"collection":[{"href":"https:\/\/websrv.saske.sk\/imr\/wp-json\/wp\/v2\/pages"}],"about":[{"href":"https:\/\/websrv.saske.sk\/imr\/wp-json\/wp\/v2\/types\/page"}],"author":[{"embeddable":true,"href":"https:\/\/websrv.saske.sk\/imr\/wp-json\/wp\/v2\/users\/1"}],"replies":[{"embeddable":true,"href":"https:\/\/websrv.saske.sk\/imr\/wp-json\/wp\/v2\/comments?post=89"}],"version-history":[{"count":9,"href":"https:\/\/websrv.saske.sk\/imr\/wp-json\/wp\/v2\/pages\/89\/revisions"}],"predecessor-version":[{"id":2125,"href":"https:\/\/websrv.saske.sk\/imr\/wp-json\/wp\/v2\/pages\/89\/revisions\/2125"}],"up":[{"embeddable":true,"href":"https:\/\/websrv.saske.sk\/imr\/wp-json\/wp\/v2\/pages\/85"}],"wp:attachment":[{"href":"https:\/\/websrv.saske.sk\/imr\/wp-json\/wp\/v2\/media?parent=89"}],"curies":[{"name":"wp","href":"https:\/\/api.w.org\/{rel}","templated":true}]}}