{"id":624,"date":"2019-03-13T15:00:46","date_gmt":"2019-03-13T14:00:46","guid":{"rendered":"http:\/\/websrv.saske.sk\/imr\/?page_id=624"},"modified":"2022-02-10T11:28:12","modified_gmt":"2022-02-10T10:28:12","slug":"organizacna-struktura","status":"publish","type":"page","link":"https:\/\/websrv.saske.sk\/imr\/o-nas\/struktura\/organizacna-struktura\/","title":{"rendered":"Organiza\u010dn\u00e1 \u0161trukt\u00fara"},"content":{"rendered":"<p><img loading=\"lazy\" decoding=\"async\" class=\"alignnone wp-image-122 size-full\" src=\"https:\/\/websrv.saske.sk\/imr\/wp-content\/uploads\/2022\/02\/sk_struktura-1.png\" alt=\"\" usemap=\"#org_str\" width=\"796\" height=\"516\" \/><\/p>\n<map name=\"org_str\">\n<area coords=\"360,10,540,40\" shape=\"RECT\" href=\"\/imr\/pracovnici\/zakladne-info\/?user_no=1423&amp;publication_author_id=0002355\" \/>\n<area coords=\"250,60,440,90\" shape=\"RECT\" href=\"\/imr\/pracovnici\/zakladne-info\/?user_no=1436&amp;publication_author_id=0145012\" \/>\n<area coords=\"455,60,680,90\" shape=\"RECT\" href=\"\/imr\/pracovnici\/zakladne-info\/?user_no=7462&amp;publication_author_id=0145009\" \/>\n<area coords=\"130,120,295,150\" shape=\"RECT\" href=\"\/imr\/o-nas\/struktura\/vedecka-rada\/\" \/>\n<area coords=\"560,120,740,150\" shape=\"RECT\" href=\"\/imr\/o-nas\/struktura\/spravna-rada\/\" \/>\n<area coords=\"10,210,190,370\" shape=\"RECT\" href=\"\/imr\/vedecke-divizie\/divizia-kovovych-systemov\/vyskumne-oblasti\/\" \/>\n<area coords=\"200,210,370,370\" shape=\"RECT\" href=\"\/imr\/vedecke-divizie\/divizia-keramickych-a-nekovovych-systemov\/vyskumne-oblasti\/\" \/>\n<area coords=\"390,210,565,370\" shape=\"RECT\" href=\"\/imr\/vedecke-divizie\/divizia-funkcnych-a-hybridnych-systemov\/vyskumne-oblasti\/\" \/>\n<area coords=\"605,220,770,270\" shape=\"RECT\" href=\"\/imr\/o-nas\/struktura\/usek-technickej-podpory\/\" \/>\n<area coords=\"605,280,770,355\" shape=\"RECT\" href=\"\/imr\/o-nas\/struktura\/usek-administrativnej-podpory\/\" \/>\n<area coords=\"605,360,770,440\" shape=\"RECT\" href=\"http:\/\/www.saske.sk\/THS\/\" target=\"_blank\" \/>\n<area coords=\"605,450,770,510\" shape=\"RECT\" href=\"\/imr\/o-nas\/struktura\/medzinarodny-poradny-zbor\/\" \/><\/map>\n","protected":false},"excerpt":{"rendered":"","protected":false},"author":1,"featured_media":0,"parent":60,"menu_order":0,"comment_status":"closed","ping_status":"closed","template":"","meta":{"footnotes":""},"class_list":["post-624","page","type-page","status-publish","hentry"],"_links":{"self":[{"href":"https:\/\/websrv.saske.sk\/imr\/wp-json\/wp\/v2\/pages\/624","targetHints":{"allow":["GET"]}}],"collection":[{"href":"https:\/\/websrv.saske.sk\/imr\/wp-json\/wp\/v2\/pages"}],"about":[{"href":"https:\/\/websrv.saske.sk\/imr\/wp-json\/wp\/v2\/types\/page"}],"author":[{"embeddable":true,"href":"https:\/\/websrv.saske.sk\/imr\/wp-json\/wp\/v2\/users\/1"}],"replies":[{"embeddable":true,"href":"https:\/\/websrv.saske.sk\/imr\/wp-json\/wp\/v2\/comments?post=624"}],"version-history":[{"count":7,"href":"https:\/\/websrv.saske.sk\/imr\/wp-json\/wp\/v2\/pages\/624\/revisions"}],"predecessor-version":[{"id":1726,"href":"https:\/\/websrv.saske.sk\/imr\/wp-json\/wp\/v2\/pages\/624\/revisions\/1726"}],"up":[{"embeddable":true,"href":"https:\/\/websrv.saske.sk\/imr\/wp-json\/wp\/v2\/pages\/60"}],"wp:attachment":[{"href":"https:\/\/websrv.saske.sk\/imr\/wp-json\/wp\/v2\/media?parent=624"}],"curies":[{"name":"wp","href":"https:\/\/api.w.org\/{rel}","templated":true}]}}