{"id":604,"date":"2019-03-13T14:40:16","date_gmt":"2019-03-13T13:40:16","guid":{"rendered":"http:\/\/websrv.saske.sk\/imr\/?page_id=604"},"modified":"2025-07-03T10:05:38","modified_gmt":"2025-07-03T08:05:38","slug":"vedecka-rada","status":"publish","type":"page","link":"https:\/\/websrv.saske.sk\/imr\/o-nas\/struktura\/vedecka-rada\/","title":{"rendered":"Vedeck\u00e1 rada \u00daMV SAV, v.v.i."},"content":{"rendered":"<p><span style=\"color: #ff6600;\"><strong>Intern\u00e9 \u010dlenky a \u010dlenovia VR \u00daMV SAV, v.v.i.<\/strong><\/span><\/p>\n<ul>\n<li>Ing. Alexandra Koval\u010d\u00edkov\u00e1, PhD. &#8211; predsedn\u00ed\u010dka<\/li>\n<li>RNDr. Magdal\u00e9na Stre\u010dkov\u00e1, PhD. &#8211; podpredsedn\u00ed\u010dka<\/li>\n<li>Mgr. Ivan Petryshynets, PhD. &#8211; tajomn\u00edk<\/li>\n<li>RNDr. Tibor Sop\u010d\u00e1k, PhD. &#8211; \u010dlen<\/li>\n<li>RNDr. Viera Homolov\u00e1, PhD. &#8211; \u010dlenka<\/li>\n<li>Ing. Erika M\u00fadra, PhD. &#8211; \u010dlenka<\/li>\n<\/ul>\n<p><span style=\"color: #ff6600;\"><strong>Extern\u00e9 \u010dlenky a\u00a0\u010dlenovia VR \u00daMV SAV, v.v.i.<\/strong><\/span><\/p>\n<ul>\n<li>Prof. Ing. M\u00e1ria Hagarov\u00e1, PhD. \u2013 \u010dlenka , Fakulta materi\u00e1lov, metalurgie a recykl\u00e1cie Technickej \u00a0\u00a0Univerzity v Ko\u0161iciach<\/li>\n<li>Prof. RNDr. Peter Koll\u00e1r, DrSc. \u2013 \u010dlen, Univerzita Pavla Jozefa \u0160af\u00e1rika v Ko\u0161iciach Pr\u00edrodovedeck\u00e1 fakulta<\/li>\n<li>Ing. J\u00e1n Ba\u010da &#8211;\u00a0 \u010dlen, U. S. Steel \u00a0Ko\u0161ice<\/li>\n<\/ul>\n","protected":false},"excerpt":{"rendered":"<p>Intern\u00e9 \u010dlenky a \u010dlenovia VR \u00daMV SAV, v.v.i. Ing. Alexandra Koval\u010d\u00edkov\u00e1, PhD. &#8211; predsedn\u00ed\u010dka RNDr. Magdal\u00e9na Stre\u010dkov\u00e1, PhD. &#8211; podpredsedn\u00ed\u010dka Mgr. Ivan Petryshynets, PhD. &#8211;&#8230;<\/p>\n","protected":false},"author":1,"featured_media":0,"parent":60,"menu_order":5,"comment_status":"closed","ping_status":"closed","template":"","meta":{"footnotes":""},"class_list":["post-604","page","type-page","status-publish","hentry"],"_links":{"self":[{"href":"https:\/\/websrv.saske.sk\/imr\/wp-json\/wp\/v2\/pages\/604","targetHints":{"allow":["GET"]}}],"collection":[{"href":"https:\/\/websrv.saske.sk\/imr\/wp-json\/wp\/v2\/pages"}],"about":[{"href":"https:\/\/websrv.saske.sk\/imr\/wp-json\/wp\/v2\/types\/page"}],"author":[{"embeddable":true,"href":"https:\/\/websrv.saske.sk\/imr\/wp-json\/wp\/v2\/users\/1"}],"replies":[{"embeddable":true,"href":"https:\/\/websrv.saske.sk\/imr\/wp-json\/wp\/v2\/comments?post=604"}],"version-history":[{"count":14,"href":"https:\/\/websrv.saske.sk\/imr\/wp-json\/wp\/v2\/pages\/604\/revisions"}],"predecessor-version":[{"id":2206,"href":"https:\/\/websrv.saske.sk\/imr\/wp-json\/wp\/v2\/pages\/604\/revisions\/2206"}],"up":[{"embeddable":true,"href":"https:\/\/websrv.saske.sk\/imr\/wp-json\/wp\/v2\/pages\/60"}],"wp:attachment":[{"href":"https:\/\/websrv.saske.sk\/imr\/wp-json\/wp\/v2\/media?parent=604"}],"curies":[{"name":"wp","href":"https:\/\/api.w.org\/{rel}","templated":true}]}}