{"id":58,"date":"2019-02-13T07:09:56","date_gmt":"2019-02-13T06:09:56","guid":{"rendered":"http:\/\/websrv.saske.sk\/imr\/?page_id=58"},"modified":"2026-03-03T14:29:49","modified_gmt":"2026-03-03T13:29:49","slug":"kto-sme","status":"publish","type":"page","link":"https:\/\/websrv.saske.sk\/imr\/o-nas\/kto-sme\/","title":{"rendered":"Kto sme"},"content":{"rendered":"<p>Dne\u0161n\u00fd \u00dastav materi\u00e1lov\u00e9ho v\u00fdskumu SAV vznikol ako\u00a0Laborat\u00f3rium strojn\u00edckej a hutn\u00edckej technol\u00f3gie SAV pri Technickej univerzite v Ko\u0161iciach, ktor\u00e9 bolo zalo\u017een\u00e9 roku 1955. V roku 1970 sa stal samostatn\u00fdm \u00fastavom Slovenskej akad\u00e9mie vied ako \u00dastav experiment\u00e1lnej metalurgie. P\u00f4vodne sa na \u00fastave rie\u0161ili \u00falohy v\u00fdskumu a v\u00fdvoja v oblasti pr\u00e1\u0161kovej metalurgie a valcovan\u00fdch n\u00edzkolegovan\u00fdch ocel\u00ed.\u00a0Postupne sa za\u010dal orientova\u0165 na v\u00fdskum a v\u00fdvoj modern\u00fdch progres\u00edvnych materi\u00e1lov.\u00a0Odrazom tohto v\u00fdvoja bola aj zmena n\u00e1zvu \u00fastavu v roku 1992 na \u00dastav materi\u00e1lov\u00e9ho v\u00fdskumu Slovenskej akad\u00e9mie vied\u00a0(\u00daMV SAV).\u00a0V roku 2015 \u00fastav, ako jeden z hlavn\u00fdch partnerov konzorcia pre vybudovanie vedeck\u00e9ho centra PROMATECH, z\u00edskal \u010fal\u0161ie priestory a modern\u00e9 vedecko-v\u00fdskumn\u00e9 vybavenie v novej budove Pavil\u00f3nu materi\u00e1lov\u00fdch vied.<\/p>\n<p>Hlavn\u00e9 v\u00fdskumn\u00e9 aktivity \u00fastavu zah\u0155\u0148aj\u00fa oblasti ako s\u00fa modern\u00e9 ocele, pokro\u010dil\u00e9 met\u00f3dy a\u00a0materi\u00e1ly pr\u00e1\u0161kovej metalurgie, modern\u00e9 kon\u0161truk\u010dn\u00e9 a\u00a0funk\u010dn\u00e9 keramiky, nano\u0161trukt\u00farne materi\u00e1ly, hybridn\u00e9 kovo-keramick\u00e9 a\u00a0kovo-polym\u00e9rne materi\u00e1ly, ako aj\u00a0modern\u00e9 biomateri\u00e1ly.<\/p>\n<p>V s\u00fa\u010dasnosti je \u00daMV SAV\u00a0jedn\u00fdm z ved\u00facich vedeck\u00fdch \u00fastavov na Slovensku s dobrou medzin\u00e1rodnou spolupr\u00e1cou. Je zapojen\u00fd do mno\u017estva n\u00e1rodn\u00fdch a\u00a0medzin\u00e1rodn\u00fdch projektov, aj v\u010faka ktor\u00fdm je ve\u013emi dobre pr\u00edstrojovo vybaven\u00fd.<\/p>\n<p>\u00daMV SAV je v\u00fdznamnou in\u0161tit\u00faciou vedeckej v\u00fdchovy, kde tesne spolupracuje s\u00a0cel\u00fdm radom slovensk\u00fdch univerz\u00edt (TUKE, UPJ\u0160, STU, at\u010f.) na v\u0161etk\u00fdch \u00farovniach, od spolo\u010dnej v\u00fdu\u010dby predmetov cez vedenie bakal\u00e1rskych a\u00a0diplomov\u00fdch pr\u00e1c a\u017e k\u00a0doktorandsk\u00e9mu \u0161t\u00fadiu.<\/p>\n<p>\u00daMV SAV m\u00e1 ve\u013emi akt\u00edvnu a\u00a0plodn\u00fa spolupr\u00e1cu s\u00a0vedeck\u00fdmi, akademick\u00fdmi aj priemyseln\u00fdmi partnermi doma i\u00a0v\u00a0zahrani\u010d\u00ed, a\u00a0je pevne etablovan\u00fd vo svetovej komunite materi\u00e1lov\u00fdch vied ako renomovan\u00e1 a prest\u00ed\u017ena in\u0161tit\u00facia.<\/p>\n<p>Na poli z\u00edskavania, sprac\u00favania a \u0161\u00edrenia inform\u00e1ci\u00ed z oblasti vedy a techniky a poznatkov z vlastn\u00e9ho v\u00fdskumu a\u00a0v\u00fdvoja organiz\u00e1cie, \u00fastav vyd\u00e1va \u010dasopis POWDER METALLURGY PROGRESS: Journal of Science and Technology of Particle Materials (ISSN 1339-4533), ktor\u00fd je od r. 2018 indexovan\u00fd aj v datab\u00e1ze SCOPUS.<\/p>\n<p>&nbsp;<\/p>\n<p><img loading=\"lazy\" decoding=\"async\" class=\"aligncenter wp-image-2033 size-full\" src=\"https:\/\/websrv.saske.sk\/imr\/wp-content\/uploads\/2024\/05\/Divizie-plagat-SK-scaled.jpg\" alt=\"\" width=\"1088\" height=\"2560\" srcset=\"https:\/\/websrv.saske.sk\/imr\/wp-content\/uploads\/2024\/05\/Divizie-plagat-SK-scaled.jpg 1088w, https:\/\/websrv.saske.sk\/imr\/wp-content\/uploads\/2024\/05\/Divizie-plagat-SK-127x300.jpg 127w, https:\/\/websrv.saske.sk\/imr\/wp-content\/uploads\/2024\/05\/Divizie-plagat-SK-435x1024.jpg 435w, https:\/\/websrv.saske.sk\/imr\/wp-content\/uploads\/2024\/05\/Divizie-plagat-SK-768x1807.jpg 768w, https:\/\/websrv.saske.sk\/imr\/wp-content\/uploads\/2024\/05\/Divizie-plagat-SK-653x1536.jpg 653w, https:\/\/websrv.saske.sk\/imr\/wp-content\/uploads\/2024\/05\/Divizie-plagat-SK-870x2048.jpg 870w\" sizes=\"auto, (max-width: 1088px) 100vw, 1088px\" \/><\/p>\n<p><img loading=\"lazy\" decoding=\"async\" class=\"aligncenter wp-image-2031 size-full\" src=\"https:\/\/websrv.saske.sk\/imr\/wp-content\/uploads\/2024\/05\/Kto-sme-plagat-SK-scaled.jpg\" alt=\"\" width=\"1790\" height=\"2560\" srcset=\"https:\/\/websrv.saske.sk\/imr\/wp-content\/uploads\/2024\/05\/Kto-sme-plagat-SK-scaled.jpg 1790w, https:\/\/websrv.saske.sk\/imr\/wp-content\/uploads\/2024\/05\/Kto-sme-plagat-SK-210x300.jpg 210w, https:\/\/websrv.saske.sk\/imr\/wp-content\/uploads\/2024\/05\/Kto-sme-plagat-SK-716x1024.jpg 716w, https:\/\/websrv.saske.sk\/imr\/wp-content\/uploads\/2024\/05\/Kto-sme-plagat-SK-768x1098.jpg 768w, https:\/\/websrv.saske.sk\/imr\/wp-content\/uploads\/2024\/05\/Kto-sme-plagat-SK-1074x1536.jpg 1074w, https:\/\/websrv.saske.sk\/imr\/wp-content\/uploads\/2024\/05\/Kto-sme-plagat-SK-1432x2048.jpg 1432w\" sizes=\"auto, (max-width: 1790px) 100vw, 1790px\" \/><\/p>\n<p>&nbsp;<\/p>\n","protected":false},"excerpt":{"rendered":"<p>Dne\u0161n\u00fd \u00dastav materi\u00e1lov\u00e9ho v\u00fdskumu SAV vznikol ako\u00a0Laborat\u00f3rium strojn\u00edckej a hutn\u00edckej technol\u00f3gie SAV pri Technickej univerzite v Ko\u0161iciach, ktor\u00e9 bolo zalo\u017een\u00e9 roku 1955. V roku 1970&#8230;<\/p>\n","protected":false},"author":1,"featured_media":0,"parent":39,"menu_order":0,"comment_status":"closed","ping_status":"closed","template":"","meta":{"footnotes":""},"class_list":["post-58","page","type-page","status-publish","hentry"],"_links":{"self":[{"href":"https:\/\/websrv.saske.sk\/imr\/wp-json\/wp\/v2\/pages\/58","targetHints":{"allow":["GET"]}}],"collection":[{"href":"https:\/\/websrv.saske.sk\/imr\/wp-json\/wp\/v2\/pages"}],"about":[{"href":"https:\/\/websrv.saske.sk\/imr\/wp-json\/wp\/v2\/types\/page"}],"author":[{"embeddable":true,"href":"https:\/\/websrv.saske.sk\/imr\/wp-json\/wp\/v2\/users\/1"}],"replies":[{"embeddable":true,"href":"https:\/\/websrv.saske.sk\/imr\/wp-json\/wp\/v2\/comments?post=58"}],"version-history":[{"count":13,"href":"https:\/\/websrv.saske.sk\/imr\/wp-json\/wp\/v2\/pages\/58\/revisions"}],"predecessor-version":[{"id":2334,"href":"https:\/\/websrv.saske.sk\/imr\/wp-json\/wp\/v2\/pages\/58\/revisions\/2334"}],"up":[{"embeddable":true,"href":"https:\/\/websrv.saske.sk\/imr\/wp-json\/wp\/v2\/pages\/39"}],"wp:attachment":[{"href":"https:\/\/websrv.saske.sk\/imr\/wp-json\/wp\/v2\/media?parent=58"}],"curies":[{"name":"wp","href":"https:\/\/api.w.org\/{rel}","templated":true}]}}