{"id":2236,"date":"2025-08-13T08:56:39","date_gmt":"2025-08-13T06:56:39","guid":{"rendered":"https:\/\/websrv.saske.sk\/imr\/?page_id=2236"},"modified":"2025-09-01T11:47:22","modified_gmt":"2025-09-01T09:47:22","slug":"transformacne-a-inovacne-konzorcia","status":"publish","type":"page","link":"https:\/\/websrv.saske.sk\/imr\/transformacne-a-inovacne-konzorcia\/","title":{"rendered":"Transforma\u010dn\u00e9 a inova\u010dn\u00e9 konzorci\u00e1"},"content":{"rendered":"<p><img loading=\"lazy\" decoding=\"async\" class=\"size-full wp-image-2228 aligncenter\" src=\"https:\/\/websrv.saske.sk\/imr\/wp-content\/uploads\/2025\/08\/dekarbo-TRL.jpg\" alt=\"\" width=\"1386\" height=\"183\" srcset=\"https:\/\/websrv.saske.sk\/imr\/wp-content\/uploads\/2025\/08\/dekarbo-TRL.jpg 1386w, https:\/\/websrv.saske.sk\/imr\/wp-content\/uploads\/2025\/08\/dekarbo-TRL-300x40.jpg 300w, https:\/\/websrv.saske.sk\/imr\/wp-content\/uploads\/2025\/08\/dekarbo-TRL-1024x135.jpg 1024w, https:\/\/websrv.saske.sk\/imr\/wp-content\/uploads\/2025\/08\/dekarbo-TRL-768x101.jpg 768w\" sizes=\"auto, (max-width: 1386px) 100vw, 1386px\" \/><\/p>\n<p><strong>Komponent:<\/strong> Komponent 9: Efekt\u00edvne riadenie a posilnenie financovania v\u00fdskumu, v\u00fdvoja a inov\u00e1ci\u00ed<\/p>\n<p><strong>Reforma\/invest\u00edcia:<\/strong> 2. Podpora spolupr\u00e1ce firiem, akademick\u00e9ho sektora a organiz\u00e1ci\u00ed v\u00fdskumu a v\u00fdvoja<\/p>\n<p>&nbsp;<\/p>\n<p><strong>K\u00f3d projektu: 09I02-03-V01-00022<\/strong><\/p>\n<p><strong>n\u00e1zov projektu: <\/strong>V\u00fdvoj a\u00a0dizajn udr\u017eate\u013en\u00fdch kompozitn\u00fdch materi\u00e1lov pre hybridn\u00fd syst\u00e9m skladovania energie zalo\u017een\u00fd na Li-ion a redox-prietokov\u00fdch bat\u00e9ri\u00e1ch \/ <strong>SUNFLOWERS<\/strong><\/p>\n<p><a href=\"https:\/\/sunflowers.science.upjs.sk\/\" target=\"_blank\" rel=\"noopener\"><img loading=\"lazy\" decoding=\"async\" class=\"aligncenter wp-image-2235\" src=\"https:\/\/websrv.saske.sk\/imr\/wp-content\/uploads\/2025\/08\/sunflowers.jpg\" alt=\"\" width=\"100\" height=\"100\" \/><\/a><\/p>\n<p><strong>Term\u00edn realiz\u00e1cie projektu: <\/strong>04\/2025 \u2013 09\/2027<\/p>\n<p><strong>\u00a0<\/strong><\/p>\n<p><strong>N\u00e1zov a\u00a0s\u00eddlo prij\u00edmate\u013ea: <\/strong>Univerzita Pavla Jozefa \u0160af\u00e1rika v\u00a0Ko\u0161iciach, \u0160rob\u00e1rova 1014\/2, 041 80 Ko\u0161ice \u2013 mestsk\u00e1 \u010das\u0165 Star\u00e9 Mesto<\/p>\n<p><strong>Partner 1:<\/strong> \u00dastav materi\u00e1lov\u00e9ho v\u00fdskumu Slovenskej akad\u00e9mie vied, verejn\u00e1 v\u00fdskumn\u00e1 in\u0161tit\u00facia, Watsonova 1935\/47, 040 01 Ko\u0161ice \u2013 mestsk\u00e1 \u010das\u0165 Sever<\/p>\n<p><strong>Partner 2: <\/strong>\u00dastav geotechniky Slovenskej akad\u00e9mie vied, verejn\u00e1 v\u00fdskumn\u00e1 in\u0161tit\u00facia, Watsonova 45, 040 01 Ko\u0161ice \u2013 mestsk\u00e1 \u010das\u0165 Sever<\/p>\n<p><strong>Partner 3: <\/strong>Univerzita Aalborg, Fredrik Bajers Vej 7K, 9220 Aalborg East, D\u00e1nsko<\/p>\n<p><strong>Partner 4: <\/strong>N\u00e1rodn\u00fd chemick\u00fd in\u0161tit\u00fat, Hajdrihova ulica 19, 1000 Ljubljana, Slovinsko<\/p>\n<p><strong>Partner 5: <\/strong>\u00dastav fyzik\u00e1lnej ch\u00e9mie J. Heyrovsk\u00e9ho AV \u010cR, verejn\u00e1 v\u00fdskumn\u00e1 in\u0161tit\u00facia, Dolej\u0161kova 2155\/3, 182 00 Praha 8, \u010cR<\/p>\n<p><strong>Partner 6: <\/strong>INO-HUB Energy j.s.a, Tom\u00e1\u0161ikova 30, 821 01 Bratislava,<\/p>\n<p><strong>Partner 7: <\/strong>Fecupral s.r.o, s.r.o., \u013d. \u0160t\u00fara 17, 082 21 Ve\u013ek\u00fd \u0160ari\u0161<\/p>\n<p><strong>Partner 8: <\/strong>Slovensk\u00e1 bat\u00e9riov\u00e1 aliancia z\u00e1ujmov\u00e9 zdru\u017eenie, Tom\u00e1\u0161ikova 1498\/30, 82101 Bratislava<\/p>\n<p><strong>\u00a0<\/strong><\/p>\n<p><strong>Miesto realiz\u00e1cie projektu Partner 1:<\/strong> Watsonova 47, 04001 Ko\u0161ice<\/p>\n<p><strong>\u00a0<\/strong><\/p>\n<p><strong>Indikat\u00edvna v\u00fd\u0161ka prostriedkov mechanizmu ur\u010den\u00fdch na z\u00e1mer: <\/strong><\/p>\n<p>Spolu : 12 176 639,30\u00a0 EUR\u00a0 \/ z toho Partner 1: 3 904 629,88 EUR<\/p>\n<p>&nbsp;<\/p>\n<p><strong>Anot\u00e1cia projektu: <\/strong>Najv\u00e4\u010d\u0161ou v\u00fdzvou dne\u0161n\u00e9ho sveta s\u00fa klimatick\u00e9 zmeny. Eur\u00f3pska komisia navrhla Eur\u00f3pskej \u00fanii (E\u00da) zna\u010dn\u00fd po\u010det opatren\u00ed na dosiahnutie cie\u013ea uhl\u00edkovej neutrality do roku 2050. Pokro\u010dil\u00e9 bat\u00e9rie zohr\u00e1vaj\u00fa ve\u013ek\u00fa \u00falohu pri prechode smerom k uhl\u00edkovej neutralite, dostupnej, bezpe\u010dnej energii, udr\u017eate\u013enej a inteligentnej mobilite a udr\u017eate\u013en\u00e9mu hospod\u00e1rstvu. Okrem toho bat\u00e9rie musia by\u0165 odoln\u00e9 a zalo\u017een\u00e9 na materi\u00e1loch z etick\u00fdch zdrojov, so zn\u00ed\u017een\u00fdm negat\u00edvnym dopadom na \u017eivotn\u00e9 prostredie a na konci svojej \u017eivotnosti musia by\u0165 recyklovan\u00e9, alebo znovu pou\u017eit\u00e9, \u010d\u00edm sa do ekonomiky vr\u00e1tia cenn\u00e9 materi\u00e1ly. Konzorcium <strong>Sunflowers <\/strong>bolo vytvoren\u00e9 s\u00a0cie\u013eom vyrie\u0161i\u0165 tento probl\u00e9m v\u00fdvojom nov\u00fdch kompozitn\u00fdch materi\u00e1lov pre bat\u00e9rie Li-S\u00a0 a prietokov\u00e9 a vytvoren\u00edm hybridn\u00e9ho syst\u00e9mu na ukladanie energie. Vzdel\u00e1vanie a osveta v oblasti skladovania energie je navy\u0161e d\u00f4le\u017eit\u00e1 aj v \u010dase, ke\u010f priemysel uplat\u0148uje princ\u00edpy elektrifik\u00e1cie, dekarboniz\u00e1cie \u010di decentraliz\u00e1cie.<\/p>\n","protected":false},"excerpt":{"rendered":"<p>Komponent: Komponent 9: Efekt\u00edvne riadenie a posilnenie financovania v\u00fdskumu, v\u00fdvoja a inov\u00e1ci\u00ed Reforma\/invest\u00edcia: 2. Podpora spolupr\u00e1ce firiem, akademick\u00e9ho sektora a organiz\u00e1ci\u00ed v\u00fdskumu a v\u00fdvoja &nbsp;&#8230;<\/p>\n","protected":false},"author":1,"featured_media":0,"parent":0,"menu_order":0,"comment_status":"closed","ping_status":"closed","template":"","meta":{"footnotes":""},"class_list":["post-2236","page","type-page","status-publish","hentry"],"_links":{"self":[{"href":"https:\/\/websrv.saske.sk\/imr\/wp-json\/wp\/v2\/pages\/2236","targetHints":{"allow":["GET"]}}],"collection":[{"href":"https:\/\/websrv.saske.sk\/imr\/wp-json\/wp\/v2\/pages"}],"about":[{"href":"https:\/\/websrv.saske.sk\/imr\/wp-json\/wp\/v2\/types\/page"}],"author":[{"embeddable":true,"href":"https:\/\/websrv.saske.sk\/imr\/wp-json\/wp\/v2\/users\/1"}],"replies":[{"embeddable":true,"href":"https:\/\/websrv.saske.sk\/imr\/wp-json\/wp\/v2\/comments?post=2236"}],"version-history":[{"count":3,"href":"https:\/\/websrv.saske.sk\/imr\/wp-json\/wp\/v2\/pages\/2236\/revisions"}],"predecessor-version":[{"id":2241,"href":"https:\/\/websrv.saske.sk\/imr\/wp-json\/wp\/v2\/pages\/2236\/revisions\/2241"}],"wp:attachment":[{"href":"https:\/\/websrv.saske.sk\/imr\/wp-json\/wp\/v2\/media?parent=2236"}],"curies":[{"name":"wp","href":"https:\/\/api.w.org\/{rel}","templated":true}]}}