{"id":2099,"date":"2024-10-11T10:35:24","date_gmt":"2024-10-11T08:35:24","guid":{"rendered":"https:\/\/websrv.saske.sk\/imr\/?page_id=2099"},"modified":"2025-01-30T11:02:58","modified_gmt":"2025-01-30T10:02:58","slug":"preklenovacie-erc-granty","status":"publish","type":"page","link":"https:\/\/websrv.saske.sk\/imr\/strukturalne-fondy\/preklenovacie-erc-granty\/","title":{"rendered":"Preklenovacie ERC granty"},"content":{"rendered":"<p><img loading=\"lazy\" decoding=\"async\" class=\"aligncenter wp-image-2154 size-full\" src=\"https:\/\/websrv.saske.sk\/imr\/wp-content\/uploads\/2025\/01\/ERC.jpg\" alt=\"\" width=\"1386\" height=\"183\" srcset=\"https:\/\/websrv.saske.sk\/imr\/wp-content\/uploads\/2025\/01\/ERC.jpg 1386w, https:\/\/websrv.saske.sk\/imr\/wp-content\/uploads\/2025\/01\/ERC-300x40.jpg 300w, https:\/\/websrv.saske.sk\/imr\/wp-content\/uploads\/2025\/01\/ERC-1024x135.jpg 1024w, https:\/\/websrv.saske.sk\/imr\/wp-content\/uploads\/2025\/01\/ERC-768x101.jpg 768w\" sizes=\"auto, (max-width: 1386px) 100vw, 1386px\" \/><\/p>\n<p>&nbsp;<\/p>\n<p><strong>Komponent:<\/strong> Komponent 9: Efekt\u00edvne riadenie a posilnenie financovania v\u00fdskumu, v\u00fdvoja a inov\u00e1ci\u00ed<\/p>\n<p><strong>Reforma\/invest\u00edcia:<\/strong> Reforma 1: Podpora medzin\u00e1rodnej spolupr\u00e1ce a zap\u00e1jania sa do projektov Horizont Eur\u00f3pa a EIT<\/p>\n<p>&nbsp;<\/p>\n<p><strong>N\u00e1zov a\u00a0s\u00eddlo prij\u00edmate\u013ea: <\/strong>\u00dastav materi\u00e1lov\u00e9ho v\u00fdskumu Slovenskej akad\u00e9mie vied, verejn\u00e1 v\u00fdskumn\u00e1 in\u0161tit\u00facia, Watsonova 47, 040 01 Ko\u0161ice<\/p>\n<p>&nbsp;<\/p>\n<p><strong>Miesto realiz\u00e1cie projektu:<\/strong> Watsonova 47, 04001 Ko\u0161ice<\/p>\n<p>&nbsp;<\/p>\n<p><strong>Hlavn\u00fdm cie\u013eom projektu <\/strong>je podpori\u0165 kvalitn\u00fd projektov\u00fd z\u00e1mer, ktor\u00fd nez\u00edskal financovanie v ERC, ale maj\u00fa potenci\u00e1l uspie\u0165 pri op\u00e4tovnom podan\u00ed a motivova\u0165 v\u00fdskumn\u00edkov\/v\u00fdskumn\u00ed\u010dky pri pod\u00e1van\u00ed \u017eiadost\u00ed do ERC.<\/p>\n<p>&nbsp;<\/p>\n<p><strong>K\u00f3d projektu: 09I01-03-V05-00009<\/strong><\/p>\n<p><strong>n\u00e1zov projektu: <\/strong>Extr\u00e9mne tvrd\u00e9 a odoln\u00e9 vysokoentropick\u00e9 keramick\u00e9 materi\u00e1ly pre ultra vysok\u00e9 teploty<\/p>\n<p><strong>nosite\u013e v\u00fdskumu<\/strong>: prof. RNDr. J\u00e1n Dusza, DrSc.<\/p>\n<p><strong>Indikat\u00edvna v\u00fd\u0161ka prostriedkov mechanizmu ur\u010den\u00fdch na z\u00e1mer: <\/strong>99 999,90 \u20ac<\/p>\n<p><strong>Term\u00edn realiz\u00e1cie projektu: <\/strong>10\/2024 \u2013 03\/2026<\/p>\n","protected":false},"excerpt":{"rendered":"<p>&nbsp; Komponent: Komponent 9: Efekt\u00edvne riadenie a posilnenie financovania v\u00fdskumu, v\u00fdvoja a inov\u00e1ci\u00ed Reforma\/invest\u00edcia: Reforma 1: Podpora medzin\u00e1rodnej spolupr\u00e1ce a zap\u00e1jania sa do projektov Horizont&#8230;<\/p>\n","protected":false},"author":1,"featured_media":0,"parent":1667,"menu_order":0,"comment_status":"closed","ping_status":"closed","template":"","meta":{"footnotes":""},"class_list":["post-2099","page","type-page","status-publish","hentry"],"_links":{"self":[{"href":"https:\/\/websrv.saske.sk\/imr\/wp-json\/wp\/v2\/pages\/2099","targetHints":{"allow":["GET"]}}],"collection":[{"href":"https:\/\/websrv.saske.sk\/imr\/wp-json\/wp\/v2\/pages"}],"about":[{"href":"https:\/\/websrv.saske.sk\/imr\/wp-json\/wp\/v2\/types\/page"}],"author":[{"embeddable":true,"href":"https:\/\/websrv.saske.sk\/imr\/wp-json\/wp\/v2\/users\/1"}],"replies":[{"embeddable":true,"href":"https:\/\/websrv.saske.sk\/imr\/wp-json\/wp\/v2\/comments?post=2099"}],"version-history":[{"count":4,"href":"https:\/\/websrv.saske.sk\/imr\/wp-json\/wp\/v2\/pages\/2099\/revisions"}],"predecessor-version":[{"id":2165,"href":"https:\/\/websrv.saske.sk\/imr\/wp-json\/wp\/v2\/pages\/2099\/revisions\/2165"}],"up":[{"embeddable":true,"href":"https:\/\/websrv.saske.sk\/imr\/wp-json\/wp\/v2\/pages\/1667"}],"wp:attachment":[{"href":"https:\/\/websrv.saske.sk\/imr\/wp-json\/wp\/v2\/media?parent=2099"}],"curies":[{"name":"wp","href":"https:\/\/api.w.org\/{rel}","templated":true}]}}