{"id":1865,"date":"2023-01-17T10:02:52","date_gmt":"2023-01-17T09:02:52","guid":{"rendered":"https:\/\/websrv.saske.sk\/imr\/?page_id=1865"},"modified":"2025-01-30T10:58:13","modified_gmt":"2025-01-30T09:58:13","slug":"stipendia-pre-excelentnych-vyskumnikov-ohrozenych-vojnovym-konfliktom-na-ukrajine","status":"publish","type":"page","link":"https:\/\/websrv.saske.sk\/imr\/strukturalne-fondy\/stipendia-pre-excelentnych-vyskumnikov-ohrozenych-vojnovym-konfliktom-na-ukrajine\/","title":{"rendered":"\u0160tipendi\u00e1 pre excelentn\u00fdch v\u00fdskumn\u00edkov ohrozen\u00fdch vojnov\u00fdm konfliktom na Ukrajine"},"content":{"rendered":"<h1 style=\"text-align: center;\"><span style=\"color: #ff0000;\"><strong>\u0160tipendi\u00e1 pre excelentn\u00fdch v\u00fdskumn\u00edkov ohrozen\u00fdch vojnov\u00fdm konfliktom na Ukrajine<\/strong><\/span><\/h1>\n<p>&nbsp;<\/p>\n<p><img loading=\"lazy\" decoding=\"async\" class=\"aligncenter wp-image-2159 size-full\" src=\"https:\/\/websrv.saske.sk\/imr\/wp-content\/uploads\/2025\/01\/UKR.jpg\" alt=\"\" width=\"1386\" height=\"226\" srcset=\"https:\/\/websrv.saske.sk\/imr\/wp-content\/uploads\/2025\/01\/UKR.jpg 1386w, https:\/\/websrv.saske.sk\/imr\/wp-content\/uploads\/2025\/01\/UKR-300x49.jpg 300w, https:\/\/websrv.saske.sk\/imr\/wp-content\/uploads\/2025\/01\/UKR-1024x167.jpg 1024w, https:\/\/websrv.saske.sk\/imr\/wp-content\/uploads\/2025\/01\/UKR-768x125.jpg 768w\" sizes=\"auto, (max-width: 1386px) 100vw, 1386px\" \/><\/p>\n<h3><strong>K\u00f3d projektu: <\/strong>09I03-03-V01-00061<\/h3>\n<p><strong>Indikat\u00edvna v\u00fd\u0161ka prostriedkov mechanizmu ur\u010den\u00fdch na z\u00e1mer:<\/strong> 347\u00a0040 EUR<\/p>\n<p><strong>Term\u00edn realiz\u00e1cie projektu:<\/strong> 10\/2022-09\/2025<\/p>\n<p>&nbsp;<\/p>\n<h3><strong>K\u00f3d projektu: <\/strong>09I03-03-V01-00099<\/h3>\n<p><strong>Indikat\u00edvna v\u00fd\u0161ka prostriedkov mechanizmu ur\u010den\u00fdch na z\u00e1mer:<\/strong> 141 840 EUR<\/p>\n<p><strong>Term\u00edn realiz\u00e1cie projektu:<\/strong> 01\/2023-12\/2025<\/p>\n<p>&nbsp;<\/p>\n<h3><strong>K\u00f3d projektu: <\/strong>09I03-03-V01-00110<\/h3>\n<p><strong>Indikat\u00edvna v\u00fd\u0161ka prostriedkov mechanizmu ur\u010den\u00fdch na z\u00e1mer:<\/strong> 141 840 EUR<\/p>\n<p><strong>Term\u00edn realiz\u00e1cie projektu:<\/strong> 03\/2023-02\/2026<\/p>\n<p>&nbsp;<\/p>\n<p><strong>Komponent:<\/strong> Komponent 9: Efekt\u00edvne riadenie a posilnenie financovania v\u00fdskumu, v\u00fdvoja a inov\u00e1ci\u00ed<\/p>\n<p><strong>Reforma\/invest\u00edcia:<\/strong> Reforma 3: Excelentn\u00e1 veda<\/p>\n<p>&nbsp;<\/p>\n<p><strong>N\u00e1zov a\u00a0s\u00eddlo prij\u00edmate\u013ea: <\/strong>\u00dastav materi\u00e1lov\u00e9ho v\u00fdskumu Slovenskej akad\u00e9mie vied, verejn\u00e1 v\u00fdskumn\u00e1 in\u0161tit\u00facia, Watsonova 47, 040 01 Ko\u0161ice<\/p>\n<p>&nbsp;<\/p>\n<p><strong>Miesto realiz\u00e1cie projektu:<\/strong> Watsonova 47, 04001 Ko\u0161ice<\/p>\n<p>&nbsp;<\/p>\n<p><strong>Hlavn\u00fdm cie\u013eom projektov <\/strong>je podpori\u0165 v\u00fdskumn\u00fdch pracovn\u00edkov, ktor\u00fdch kari\u00e9ra je ohrozen\u00e1 v s\u00favislosti s konfliktom na Ukrajine, pri relok\u00e1cii ich v\u00fdskumnej \u010dinnosti na Slovensko na \u00dastave materi\u00e1lov\u00e9ho v\u00fdskumu Slovenskej akad\u00e9mie vied, verejn\u00e1 v\u00fdskumn\u00e1 in\u0161tit\u00facia. A\u00a0to tak, aby z\u00a0\u00faspe\u0161n\u00e9ho zapracovania v\u00fdskumn\u00edkov u\u00a0prij\u00edmate\u013ea benefitovali obe strany a podporil sa rozvoj v\u00fdskumn\u00e9ho potenci\u00e1lu u\u00a0jednotlivca aj in\u0161tit\u00facie.<\/p>\n","protected":false},"excerpt":{"rendered":"<p>\u0160tipendi\u00e1 pre excelentn\u00fdch v\u00fdskumn\u00edkov ohrozen\u00fdch vojnov\u00fdm konfliktom na Ukrajine &nbsp; K\u00f3d projektu: 09I03-03-V01-00061 Indikat\u00edvna v\u00fd\u0161ka prostriedkov mechanizmu ur\u010den\u00fdch na z\u00e1mer: 347\u00a0040 EUR Term\u00edn realiz\u00e1cie projektu:&#8230;<\/p>\n","protected":false},"author":1,"featured_media":0,"parent":1667,"menu_order":0,"comment_status":"closed","ping_status":"closed","template":"","meta":{"footnotes":""},"class_list":["post-1865","page","type-page","status-publish","hentry"],"_links":{"self":[{"href":"https:\/\/websrv.saske.sk\/imr\/wp-json\/wp\/v2\/pages\/1865","targetHints":{"allow":["GET"]}}],"collection":[{"href":"https:\/\/websrv.saske.sk\/imr\/wp-json\/wp\/v2\/pages"}],"about":[{"href":"https:\/\/websrv.saske.sk\/imr\/wp-json\/wp\/v2\/types\/page"}],"author":[{"embeddable":true,"href":"https:\/\/websrv.saske.sk\/imr\/wp-json\/wp\/v2\/users\/1"}],"replies":[{"embeddable":true,"href":"https:\/\/websrv.saske.sk\/imr\/wp-json\/wp\/v2\/comments?post=1865"}],"version-history":[{"count":16,"href":"https:\/\/websrv.saske.sk\/imr\/wp-json\/wp\/v2\/pages\/1865\/revisions"}],"predecessor-version":[{"id":2160,"href":"https:\/\/websrv.saske.sk\/imr\/wp-json\/wp\/v2\/pages\/1865\/revisions\/2160"}],"up":[{"embeddable":true,"href":"https:\/\/websrv.saske.sk\/imr\/wp-json\/wp\/v2\/pages\/1667"}],"wp:attachment":[{"href":"https:\/\/websrv.saske.sk\/imr\/wp-json\/wp\/v2\/media?parent=1865"}],"curies":[{"name":"wp","href":"https:\/\/api.w.org\/{rel}","templated":true}]}}