{"id":1641,"date":"2022-01-15T13:09:51","date_gmt":"2022-01-15T12:09:51","guid":{"rendered":"https:\/\/websrv.saske.sk\/imr\/?page_id=1641"},"modified":"2022-01-15T18:54:41","modified_gmt":"2022-01-15T17:54:41","slug":"rozvoj-a-podpora-vyskumno-vyvojovych-aktivit-centra-pre-testovanie-kvality-a-diagnostiku-materialov-v-oblastiach-specializacie-ris3-sk","status":"publish","type":"page","link":"https:\/\/websrv.saske.sk\/imr\/strukturalne-fondy\/rozvoj-a-podpora-vyskumno-vyvojovych-aktivit-centra-pre-testovanie-kvality-a-diagnostiku-materialov-v-oblastiach-specializacie-ris3-sk\/","title":{"rendered":"Rozvoj a podpora v\u00fdskumno \u2013 v\u00fdvojov\u00fdch aktiv\u00edt Centra pre testovanie kvality a diagnostiku materi\u00e1lov v oblastiach \u0161pecializ\u00e1cie RIS3 SK"},"content":{"rendered":"<h2 style=\"text-align: center;\"><\/h2>\n<p><a href=\"https:\/\/websrv.saske.sk\/imr\/wp-content\/uploads\/2022\/01\/1logo-OPII_EFRR.jpg\" rel=\"lightbox[1641]\"><img loading=\"lazy\" decoding=\"async\" class=\"aligncenter wp-image-1659 size-full\" src=\"https:\/\/websrv.saske.sk\/imr\/wp-content\/uploads\/2022\/01\/1logo-OPII_EFRR.jpg\" alt=\"\" width=\"2214\" height=\"603\" srcset=\"https:\/\/websrv.saske.sk\/imr\/wp-content\/uploads\/2022\/01\/1logo-OPII_EFRR.jpg 2214w, https:\/\/websrv.saske.sk\/imr\/wp-content\/uploads\/2022\/01\/1logo-OPII_EFRR-300x82.jpg 300w, https:\/\/websrv.saske.sk\/imr\/wp-content\/uploads\/2022\/01\/1logo-OPII_EFRR-1024x279.jpg 1024w, https:\/\/websrv.saske.sk\/imr\/wp-content\/uploads\/2022\/01\/1logo-OPII_EFRR-768x209.jpg 768w, https:\/\/websrv.saske.sk\/imr\/wp-content\/uploads\/2022\/01\/1logo-OPII_EFRR-1536x418.jpg 1536w, https:\/\/websrv.saske.sk\/imr\/wp-content\/uploads\/2022\/01\/1logo-OPII_EFRR-2048x558.jpg 2048w\" sizes=\"auto, (max-width: 2214px) 100vw, 2214px\" \/><\/a><\/p>\n<p><strong>Akronym:<\/strong> CEDITEK II<\/p>\n<p><strong>k\u00f3d ITMS2014+:<\/strong> 313011W442<\/p>\n<p><strong>N\u00e1zov a s\u00eddlo prij\u00edmate\u013ea:<\/strong> Tren\u010dianska univerzita Alexandra Dub\u010deka v Tren\u010d\u00edne, 911 50\u00a0 Tren\u010d\u00edn, \u0160tudentsk\u00e1 2<\/p>\n<p><strong>V spolupr\u00e1ci s\u00a0partnermi:<\/strong> Kon\u0161trukta Defence. a.s., Dubnica nad V\u00e1hom, MIKON spol. s r.o., Prusk\u00e9, \u00dastav anorganickej ch\u00e9mie Slovenskej akad\u00e9mie vied, \u00a0\u00dastav materi\u00e1lov\u00e9ho v\u00fdskumu Slovenskej akad\u00e9mie vied<\/p>\n<p><strong>N\u00e1zov projektu:<\/strong> Rozvoj a podpora v\u00fdskumno \u2013 v\u00fdvojov\u00fdch aktiv\u00edt Centra pre testovanie kvality a diagnostiku materi\u00e1lov v oblastiach \u0161pecializ\u00e1cie RIS3 SK<\/p>\n<p>&nbsp;<\/p>\n<p><strong>V\u00fd\u0161ka poskytnut\u00e9ho NFP:<\/strong> 5 913 495,13 \u20ac<\/p>\n<p><strong>Opera\u010dn\u00fd program:<\/strong> Integrovan\u00e1 infra\u0161trukt\u00fara<\/p>\n<p><strong>Term\u00edn realiz\u00e1cie projektu:<\/strong> 01\/2019 \u2013 06\/2023<\/p>\n<p><strong>Miesto realiz\u00e1cie projektu:<\/strong><\/p>\n<ul>\n<li>SR\/ Ko\u0161ick\u00fd kraj\/ Ko\u0161ice \u2013 mestsk\u00e1 \u010das\u0165 Sever<\/li>\n<li>SR\/ Tren\u010diansky kraj\/ Dubnica nad V\u00e1hom<\/li>\n<li>SR\/ Tren\u010diansky kraj\/ Prusk\u00e9<\/li>\n<li>SR\/ Tren\u010diansky kraj\/ P\u00fachov<\/li>\n<li>SR\/ Tren\u010diansky kraj\/ Tren\u010d\u00edn<\/li>\n<\/ul>\n<p><strong>Opis projektu:<\/strong><\/p>\n<p>Hlavn\u00fdm cie\u013eom projektu je rozvoj a podpora u\u017e existuj\u00faceho <strong>Centra pre diagnostiku a testovanie kvality materi\u00e1lov. <\/strong>A aj napriek tomu, \u017ee predstavuje budovanie monotematick\u00e9ho centra excelentnosti v oblasti \u0161pi\u010dkov\u00e9ho materi\u00e1lov\u00e9ho v\u00fdskumu, prispieva k zv\u00fd\u0161eniu miery spolupr\u00e1ce v\u00fdskumno-v\u00fdvojov\u00fdch in\u0161tit\u00faci\u00ed\u00a0 a podnikate\u013esk\u00e9ho prostredia v Tren\u010dianskom a Ko\u0161ickom kraji.<\/p>\n<p>Predkladan\u00fd projekt svoj\u00edm vecn\u00fdm a obsahov\u00fdm zameran\u00edm v oblasti v\u00fdskumn\u00fdch a inova\u010dn\u00fdch aktiv\u00edt reaguje na dom\u00e9nu inteligentnej \u0161pecializ\u00e1cie\u00a0 Priemysel pre 21. Storo\u010die definovanej v Strat\u00e9gii v\u00fdskumu a inov\u00e1ci\u00ed pre inteligentn\u00fa \u0161pecializ\u00e1ciu SR.<\/p>\n<p>\u00dastav materi\u00e1lov\u00e9ho v\u00fdskumu SAV, V. V. I. sa v r\u00e1mci realiz\u00e1cie projektu podie\u013ea na nez\u00e1vislom v\u00fdskume v aktivite 2: <strong>Funk\u010dn\u00e9 a povrchovo funkcionalizovan\u00e9 materi\u00e1ly s vysokou pridanou hodnotou<\/strong>. V\u00a0spolupr\u00e1ci s Tren\u010dianskou univerzitou Alexandra Dub\u010deka v\u00a0Tren\u010d\u00edne a \u00dastavom anorganickej ch\u00e9mie SAV s\u00fa jeho v\u00fdskumn\u00e9 \u00falohy zameran\u00e9 na detailn\u00fa charakteriz\u00e1ciu pripraven\u00fdch materi\u00e1lov met\u00f3dami transmisnej elektr\u00f3novej mikroskopie, ako aj charakteriz\u00e1ciu mechanick\u00fdch vlastnost\u00ed novo vyvinut\u00fdch sklen\u00fdch, keramick\u00fdch a sklokeramick\u00fdch materi\u00e1lov a povlakov.<\/p>\n<p><strong>Projekt je spolufinancovan\u00fd Eur\u00f3pskou \u00faniou.<\/strong><\/p>\n<p>Inform\u00e1cie o Opera\u010dnom programe Integrovan\u00e1 infra\u0161trukt\u00fara 2014 \u2013 2020 n\u00e1jdete na <a href=\"http:\/\/www.opii.gov.sk\" target=\"_blank\" rel=\"noopener\">www.opii.gov.sk<\/a><\/p>\n","protected":false},"excerpt":{"rendered":"<p>Akronym: CEDITEK II k\u00f3d ITMS2014+: 313011W442 N\u00e1zov a s\u00eddlo prij\u00edmate\u013ea: Tren\u010dianska univerzita Alexandra Dub\u010deka v Tren\u010d\u00edne, 911 50\u00a0 Tren\u010d\u00edn, \u0160tudentsk\u00e1 2 V spolupr\u00e1ci s\u00a0partnermi: Kon\u0161trukta&#8230;<\/p>\n","protected":false},"author":1,"featured_media":0,"parent":1667,"menu_order":0,"comment_status":"closed","ping_status":"closed","template":"","meta":{"footnotes":""},"class_list":["post-1641","page","type-page","status-publish","hentry"],"_links":{"self":[{"href":"https:\/\/websrv.saske.sk\/imr\/wp-json\/wp\/v2\/pages\/1641","targetHints":{"allow":["GET"]}}],"collection":[{"href":"https:\/\/websrv.saske.sk\/imr\/wp-json\/wp\/v2\/pages"}],"about":[{"href":"https:\/\/websrv.saske.sk\/imr\/wp-json\/wp\/v2\/types\/page"}],"author":[{"embeddable":true,"href":"https:\/\/websrv.saske.sk\/imr\/wp-json\/wp\/v2\/users\/1"}],"replies":[{"embeddable":true,"href":"https:\/\/websrv.saske.sk\/imr\/wp-json\/wp\/v2\/comments?post=1641"}],"version-history":[{"count":14,"href":"https:\/\/websrv.saske.sk\/imr\/wp-json\/wp\/v2\/pages\/1641\/revisions"}],"predecessor-version":[{"id":1677,"href":"https:\/\/websrv.saske.sk\/imr\/wp-json\/wp\/v2\/pages\/1641\/revisions\/1677"}],"up":[{"embeddable":true,"href":"https:\/\/websrv.saske.sk\/imr\/wp-json\/wp\/v2\/pages\/1667"}],"wp:attachment":[{"href":"https:\/\/websrv.saske.sk\/imr\/wp-json\/wp\/v2\/media?parent=1641"}],"curies":[{"name":"wp","href":"https:\/\/api.w.org\/{rel}","templated":true}]}}