{"id":137,"date":"2019-02-13T08:11:34","date_gmt":"2019-02-13T07:11:34","guid":{"rendered":"http:\/\/websrv.saske.sk\/imr\/?page_id=137"},"modified":"2019-03-18T10:18:32","modified_gmt":"2019-03-18T09:18:32","slug":"ocenenia","status":"publish","type":"page","link":"https:\/\/websrv.saske.sk\/imr\/vedecke-divizie\/divizia-kovovych-systemov\/ocenenia\/","title":{"rendered":"Ocenenia"},"content":{"rendered":"<p style=\"line-height: 150%\"><span style=\"font-family: 'Arial','sans-serif'\">Ocenenie Kanadskej metalurgickej spolo\u010dnosti &#8222;The Metallurgy and Materials Society of CIM&#8220; za najlep\u0161iu vedeck\u00fa pr\u00e1cu v kateg\u00f3rii nov\u00e9ho v\u00fdskumu \u013eahk\u00fdch kovov<a name=\"_GoBack\"><\/a><\/span><\/p>\n<p><img loading=\"lazy\" decoding=\"async\" class=\"aligncenter wp-image-754 size-full\" src=\"https:\/\/websrv.saske.sk\/imr\/wp-content\/uploads\/2019\/03\/Ocenenie_Saksl.jpg\" alt=\"\" width=\"3100\" height=\"2416\" srcset=\"https:\/\/websrv.saske.sk\/imr\/wp-content\/uploads\/2019\/03\/Ocenenie_Saksl.jpg 3100w, https:\/\/websrv.saske.sk\/imr\/wp-content\/uploads\/2019\/03\/Ocenenie_Saksl-300x234.jpg 300w, https:\/\/websrv.saske.sk\/imr\/wp-content\/uploads\/2019\/03\/Ocenenie_Saksl-768x599.jpg 768w, https:\/\/websrv.saske.sk\/imr\/wp-content\/uploads\/2019\/03\/Ocenenie_Saksl-1024x798.jpg 1024w\" sizes=\"auto, (max-width: 3100px) 100vw, 3100px\" \/><\/p>\n","protected":false},"excerpt":{"rendered":"<p>Ocenenie Kanadskej metalurgickej spolo\u010dnosti &#8222;The Metallurgy and Materials Society of CIM&#8220; za najlep\u0161iu vedeck\u00fa pr\u00e1cu v kateg\u00f3rii nov\u00e9ho v\u00fdskumu \u013eahk\u00fdch kovov<\/p>\n","protected":false},"author":1,"featured_media":0,"parent":106,"menu_order":50,"comment_status":"closed","ping_status":"closed","template":"","meta":{"footnotes":""},"class_list":["post-137","page","type-page","status-publish","hentry"],"_links":{"self":[{"href":"https:\/\/websrv.saske.sk\/imr\/wp-json\/wp\/v2\/pages\/137","targetHints":{"allow":["GET"]}}],"collection":[{"href":"https:\/\/websrv.saske.sk\/imr\/wp-json\/wp\/v2\/pages"}],"about":[{"href":"https:\/\/websrv.saske.sk\/imr\/wp-json\/wp\/v2\/types\/page"}],"author":[{"embeddable":true,"href":"https:\/\/websrv.saske.sk\/imr\/wp-json\/wp\/v2\/users\/1"}],"replies":[{"embeddable":true,"href":"https:\/\/websrv.saske.sk\/imr\/wp-json\/wp\/v2\/comments?post=137"}],"version-history":[{"count":3,"href":"https:\/\/websrv.saske.sk\/imr\/wp-json\/wp\/v2\/pages\/137\/revisions"}],"predecessor-version":[{"id":756,"href":"https:\/\/websrv.saske.sk\/imr\/wp-json\/wp\/v2\/pages\/137\/revisions\/756"}],"up":[{"embeddable":true,"href":"https:\/\/websrv.saske.sk\/imr\/wp-json\/wp\/v2\/pages\/106"}],"wp:attachment":[{"href":"https:\/\/websrv.saske.sk\/imr\/wp-json\/wp\/v2\/media?parent=137"}],"curies":[{"name":"wp","href":"https:\/\/api.w.org\/{rel}","templated":true}]}}