{"id":241,"date":"2025-02-20T10:55:40","date_gmt":"2025-02-20T09:55:40","guid":{"rendered":"https:\/\/websrv.saske.sk\/cltp\/?page_id=241"},"modified":"2026-02-12T10:53:47","modified_gmt":"2026-02-12T09:53:47","slug":"seminars","status":"publish","type":"page","link":"https:\/\/websrv.saske.sk\/cltp\/seminars\/","title":{"rendered":"Seminars"},"content":{"rendered":"\t\t<div data-elementor-type=\"wp-page\" data-elementor-id=\"241\" class=\"elementor elementor-241\">\n\t\t\t\t<div class=\"elementor-element elementor-element-44692ac e-flex e-con-boxed e-con e-parent\" data-id=\"44692ac\" data-element_type=\"container\" data-settings=\"{&quot;background_background&quot;:&quot;classic&quot;}\">\n\t\t\t\t\t<div class=\"e-con-inner\">\n\t\t\t\t<div class=\"elementor-element elementor-element-a9a9139 elementor-widget elementor-widget-spacer\" data-id=\"a9a9139\" data-element_type=\"widget\" data-widget_type=\"spacer.default\">\n\t\t\t\t<div class=\"elementor-widget-container\">\n\t\t\t\t\t\t\t<div class=\"elementor-spacer\">\n\t\t\t<div class=\"elementor-spacer-inner\"><\/div>\n\t\t<\/div>\n\t\t\t\t\t\t<\/div>\n\t\t\t\t<\/div>\n\t\t\t\t\t<\/div>\n\t\t\t\t<\/div>\n\t\t\t\t<section class=\"elementor-section elementor-top-section elementor-element elementor-element-7a65a61f elementor-section-stretched elementor-section-boxed elementor-section-height-default elementor-section-height-default\" data-id=\"7a65a61f\" data-element_type=\"section\" data-settings=\"{&quot;background_background&quot;:&quot;gradient&quot;,&quot;stretch_section&quot;:&quot;section-stretched&quot;}\">\n\t\t\t\t\t\t\t<div class=\"elementor-background-overlay\"><\/div>\n\t\t\t\t\t\t\t<div class=\"elementor-container elementor-column-gap-default\">\n\t\t\t\t\t<div class=\"elementor-column elementor-col-100 elementor-top-column elementor-element elementor-element-4b407882\" data-id=\"4b407882\" data-element_type=\"column\">\n\t\t\t<div class=\"elementor-widget-wrap elementor-element-populated\">\n\t\t\t\t\t\t<div class=\"elementor-element elementor-element-7a4a31d4 elementor-invisible elementor-widget elementor-widget-heading\" data-id=\"7a4a31d4\" data-element_type=\"widget\" data-settings=\"{&quot;_animation&quot;:&quot;fadeIn&quot;}\" data-widget_type=\"heading.default\">\n\t\t\t\t<div class=\"elementor-widget-container\">\n\t\t\t\t\t<h1 class=\"elementor-heading-title elementor-size-default\">SEMIN\u00c1R\nZ FYZIKY KONDENZOVAN\u00ddCH L\u00c1TOK\n(letn\u00fd semester, akademick\u00fd rok 2025\/2026)<\/h1>\t\t\t\t<\/div>\n\t\t\t\t<\/div>\n\t\t\t\t\t<\/div>\n\t\t<\/div>\n\t\t\t\t\t<\/div>\n\t\t<\/section>\n\t\t<div class=\"elementor-element elementor-element-9c02b64 e-flex e-con-boxed e-con e-parent\" data-id=\"9c02b64\" data-element_type=\"container\">\n\t\t\t\t\t<div class=\"e-con-inner\">\n\t\t<div class=\"elementor-element elementor-element-4f5add7 e-con-full e-flex e-con e-child\" data-id=\"4f5add7\" data-element_type=\"container\">\n\t\t\t\t<div class=\"elementor-element elementor-element-85a9baf elementor-widget elementor-widget-text-editor\" data-id=\"85a9baf\" data-element_type=\"widget\" data-widget_type=\"text-editor.default\">\n\t\t\t\t<div class=\"elementor-widget-container\">\n\t\t\t\t\t\t\t\t\t&nbsp;\n<strong>\nSEMIN\u00c1R \nZ  FYZIKY  KONDENZOVAN\u00ddCH  L\u00c1TOK<\/strong>\n(letn\u00fd semester, akademick\u00fd rok 2025\/2026)\n<br>\n<br><strong>\n19. 2. \n<br>\t\nMSc. Hryhorii Titikov<\/strong>, PF UPJ\u0160 Ko\u0161ice \n<br>\n\u201eUnconventional Spin Dynamics of Artificial Magnetic Systems\u201c\n<br><br>\n<strong>5. 3. \t\n<br>\nMgr. Branislav Stropkai<\/strong>, PF UPJ\u0160 Ko\u0161ice\n<br>\n\u201ePr\u00edprava a \u0161t\u00fadium fyzik\u00e1lnych vlastnost\u00ed magnetick\u00fdch materi\u00e1lov s redukovanou dimenziou&#8221;\n<br><br>\n<strong>19. 3. \t\n<br>\nRNDr. Miroslav Hennel<\/strong>, PF UPJ\u0160 Ko\u0161ice \n<br>\n\u201e\u0160t\u00fadium \u0161trukt\u00farnej transform\u00e1cie vybran\u00fdch Heuslerov\u00fdch zliatin z poh\u013eadu r\u00f4znych technick\u00fdch aplik\u00e1ci\u00ed\u201c\n<br><br>\n<strong>9. 4. \t\n<br>\nBc. Peter Dubeck\u00fd<\/strong>, PF UPJ\u0160 Ko\u0161ice\n<br>\n\u201eModelovanie procesu absorpcie RTG zv\u00e4zkov v pr\u00edpade transmisnej geometrie difrak\u010dn\u00e9ho experimentu\u201c\n<br><br>\n<strong>Bc. Simona Findr\u00edkov\u00e1<\/strong>, PF UPJ\u0160 Ko\u0161ice\n<br>\n\u201eVplyv chemick\u00e9ho zlo\u017eenia na kritick\u00e9 pole\u201c\n<br><br>\n<strong>16. 4. \t\n<br>\nBc. Daryna Bezsmolna<\/strong>, PF UPJ\u0160 Ko\u0161ice\n<br>\n\u201eNovel Hybrid 2D Magnets Based on Layered Double Hydroxides\u201c\n<br><br>\n<strong>Bc. Dominika Hrehov\u00e1<\/strong>, PF UPJ\u0160 Ko\u0161ice\n<br>\n\u201eRTG tomografia ocele pripravenej technikou 3D tla\u010de&#8221;\n<br><br>\n<strong>Bc. Martin Tokar\u010d\u00edk<\/strong>, PF UPJ\u0160 Ko\u0161ice \n<br>\n\u201e\u0160t\u00fadium termodynamick\u00fdch a relaxa\u010dn\u00fdch vlastnost\u00ed magneticky dopovan\u00fdch skiel\u201c\n<br><br>\n<strong>7.5. \n<br> \t\nDr. Tam\u00e1s Csan\u00e1di<\/strong>, UMV SAV Ko\u0161ice\n<br>\n\u201eCrystal Plasticity and Strengthening of High-entropy Carbide Grains from the Atomic Level to the Micro-scale\u201c\n<br><br>\n<strong>14. 5. \t\n<br>\nRNDr. Ravneet Kaur<\/strong>, PF UPJ\u0160 Ko\u0161ice \n<br>\n\u201eStudy of the Atomic Structure of Materials with a High Degree of Disorder\u201c\n<br>\n<br>\nSemin\u00e1re sa konaj\u00fa v\u017edy v uveden\u00fdch term\u00ednoch\nv Aule prof. J. Daniel-Szab\u00f3a (Park Angelinum, SA1A1\/P1)\nna PF UPJ\u0160, Park Angelinum 9, o <strong>13.30.<\/strong> hod.\n\n<strong>prof. Ing. Martin Orend\u00e1\u010d, DrSc.<\/strong>\nVed\u00faci semin\u00e1ra\t\t\t\t\t\t\t\t<\/div>\n\t\t\t\t<\/div>\n\t\t\t\t<\/div>\n\t\t\t\t\t<\/div>\n\t\t\t\t<\/div>\n\t\t\t\t<\/div>\n\t\t","protected":false},"excerpt":{"rendered":"<p>SEMIN\u00c1R Z FYZIKY KONDENZOVAN\u00ddCH L\u00c1TOK (letn\u00fd semester, akademick\u00fd rok 2025\/2026) &nbsp; SEMIN\u00c1R Z FYZIKY KONDENZOVAN\u00ddCH L\u00c1TOK (letn\u00fd semester, akademick\u00fd rok [&hellip;]<\/p>\n","protected":false},"author":3,"featured_media":0,"parent":0,"menu_order":0,"comment_status":"closed","ping_status":"closed","template":"","meta":{"site-sidebar-layout":"no-sidebar","site-content-layout":"","ast-site-content-layout":"full-width-container","site-content-style":"default","site-sidebar-style":"default","ast-global-header-display":"","ast-banner-title-visibility":"","ast-main-header-display":"","ast-hfb-above-header-display":"","ast-hfb-below-header-display":"","ast-hfb-mobile-header-display":"","site-post-title":"disabled","ast-breadcrumbs-content":"","ast-featured-img":"disabled","footer-sml-layout":"","theme-transparent-header-meta":"","adv-header-id-meta":"","stick-header-meta":"","header-above-stick-meta":"","header-main-stick-meta":"","header-below-stick-meta":"","astra-migrate-meta-layouts":"default","ast-page-background-enabled":"default","ast-page-background-meta":{"desktop":{"background-color":"var(--ast-global-color-4)","background-image":"","background-repeat":"repeat","background-position":"center center","background-size":"auto","background-attachment":"scroll","background-type":"","background-media":"","overlay-type":"","overlay-color":"","overlay-opacity":"","overlay-gradient":""},"tablet":{"background-color":"","background-image":"","background-repeat":"repeat","background-position":"center center","background-size":"auto","background-attachment":"scroll","background-type":"","background-media":"","overlay-type":"","overlay-color":"","overlay-opacity":"","overlay-gradient":""},"mobile":{"background-color":"","background-image":"","background-repeat":"repeat","background-position":"center center","background-size":"auto","background-attachment":"scroll","background-type":"","background-media":"","overlay-type":"","overlay-color":"","overlay-opacity":"","overlay-gradient":""}},"ast-content-background-meta":{"desktop":{"background-color":"var(--ast-global-color-5)","background-image":"","background-repeat":"repeat","background-position":"center center","background-size":"auto","background-attachment":"scroll","background-type":"","background-media":"","overlay-type":"","overlay-color":"","overlay-opacity":"","overlay-gradient":""},"tablet":{"background-color":"var(--ast-global-color-5)","background-image":"","background-repeat":"repeat","background-position":"center center","background-size":"auto","background-attachment":"scroll","background-type":"","background-media":"","overlay-type":"","overlay-color":"","overlay-opacity":"","overlay-gradient":""},"mobile":{"background-color":"var(--ast-global-color-5)","background-image":"","background-repeat":"repeat","background-position":"center center","background-size":"auto","background-attachment":"scroll","background-type":"","background-media":"","overlay-type":"","overlay-color":"","overlay-opacity":"","overlay-gradient":""}},"footnotes":""},"class_list":["post-241","page","type-page","status-publish","hentry"],"_links":{"self":[{"href":"https:\/\/websrv.saske.sk\/cltp\/wp-json\/wp\/v2\/pages\/241","targetHints":{"allow":["GET"]}}],"collection":[{"href":"https:\/\/websrv.saske.sk\/cltp\/wp-json\/wp\/v2\/pages"}],"about":[{"href":"https:\/\/websrv.saske.sk\/cltp\/wp-json\/wp\/v2\/types\/page"}],"author":[{"embeddable":true,"href":"https:\/\/websrv.saske.sk\/cltp\/wp-json\/wp\/v2\/users\/3"}],"replies":[{"embeddable":true,"href":"https:\/\/websrv.saske.sk\/cltp\/wp-json\/wp\/v2\/comments?post=241"}],"version-history":[{"count":39,"href":"https:\/\/websrv.saske.sk\/cltp\/wp-json\/wp\/v2\/pages\/241\/revisions"}],"predecessor-version":[{"id":511,"href":"https:\/\/websrv.saske.sk\/cltp\/wp-json\/wp\/v2\/pages\/241\/revisions\/511"}],"wp:attachment":[{"href":"https:\/\/websrv.saske.sk\/cltp\/wp-json\/wp\/v2\/media?parent=241"}],"curies":[{"name":"wp","href":"https:\/\/api.w.org\/{rel}","templated":true}]}}